000
CXUS51 KRLX 231136
CF6BKW
PRELIMINARY LOCAL CLIMATOLOGICAL DATA (WS FORM: F-6)

                                          STATION:   BECKLEY WV
                                          MONTH:     AUGUST
                                          YEAR:      2017
                                          LATITUDE:   37 46 N
                                          LONGITUDE:  81  7 W

  TEMPERATURE IN F:       :PCPN:    SNOW:  WIND      :SUNSHINE: SKY     :PK WND
================================================================================
1   2   3   4   5  6A  6B    7    8   9   10  11  12  13   14  15   16   17  18
                                     12Z  AVG MX 2MIN
DY MAX MIN AVG DEP HDD CDD  WTR  SNW DPTH SPD SPD DIR MIN PSBL S-S WX    SPD DR
================================================================================

 1  81  58  70   0   0   5 0.00  0.0    0  2.2 12 340   M    M   2 1      15 350
 2  81  60  71   1   0   6    T  0.0    0  3.2 14 150   M    M   3        19 180
 3  81  59  70   0   0   5 0.12  0.0    0  3.9 16 160   M    M   2        25 170
 4  81  61  71   1   0   6    T  0.0    0  6.8 18 280   M    M   2        24 290
 5  71  53  62  -8   3   0    T  0.0    0  7.5 15 340   M    M   5        19 330
 6  78  50  64  -6   1   0    T  0.0    0  5.0 15 210   M    M   5        21 140
 7  74  64  69  -1   0   4 0.67  0.0    0  6.6 14 240   M    M   9 1      20 220
 8  74  56  65  -5   0   0 0.02  0.0    0  6.5 15 360   M    M   6 1      20 350
 9  78  52  65  -5   0   0 0.00  0.0    0  5.0 13 120   M    M   2        18 160
10  71  62  67  -3   0   2 0.09  0.0    0  7.3 14 160   M    M   5 1      17 140
11  78  65  72   2   0   7 0.04  0.0    0  4.8 12 250   M    M   7 1      15 160
12  82  64  73   3   0   8 0.10  0.0    0  4.5 16 340   M    M   6 1      19 340
13  79  59  69  -1   0   4 0.00  0.0    0  3.1 10 340   M    M   2        14  20
14  77  66  72   2   0   7 0.07  0.0    0  5.9 13 140   M    M   6 1      19 130
15  80  66  73   3   0   8 0.63  0.0    0  4.8 13 160   M    M   6 1      19 160
16  83  62  73   3   0   8 0.00  0.0    0  2.3  9 350   M    M   4 12     12 350
17  85  67  76   6   0  11 0.00  0.0    0  5.4 14 230   M    M   4        19 240
18  80  64  72   2   0   7 0.05  0.0    0  6.8 16 270   M    M   4 1      21 270
19  82  62  72   2   0   7 0.00  0.0    0  4.1 12 300   M    M   1 1      14 290
20  86  61  74   4   0   9 0.00  0.0    0  2.4  8 320   M    M   1        12 260
21  85  65  75   5   0  10 0.00  0.0    0  5.0 10 280   M    M   2        13 280
22  84  66  75   5   0  10 0.09  0.0    0  7.3 18 230   M    M   2 1      24 240
================================================================================
SM 1751 1342         4 124  1.88     0.0 110.4          M       86
================================================================================
AV 79.6 61.0                               5.0 FASTST   M    M   4    MAX(MPH)
                                 MISC ---->  # 18 280               # 25  170
================================================================================
NOTES:
# LAST OF SEVERAL OCCURRENCES

COLUMN 17 PEAK WIND IN M.P.H.

PRELIMINARY LOCAL CLIMATOLOGICAL DATA (WS FORM: F-6) , PAGE 2

                                          STATION:  BECKLEY WV
                                          MONTH:    AUGUST
                                          YEAR:     2017
                                          LATITUDE:   37 46 N
                                          LONGITUDE:  81  7 W

[TEMPERATURE DATA]      [PRECIPITATION DATA]       SYMBOLS USED IN COLUMN 16

AVERAGE MONTHLY: 70.3   TOTAL FOR MONTH:   1.88    1 = FOG OR MIST
DPTR FM NORMAL:   0.3   DPTR FM NORMAL:   -0.78    2 = FOG REDUCING VISIBILITY
HIGHEST:    86 ON 20    GRTST 24HR  0.67 ON  7- 7      TO 1/4 MILE OR LESS
LOWEST:     50 ON  6                               3 = THUNDER
                        SNOW, ICE PELLETS, HAIL    4 = ICE PELLETS
                        TOTAL MONTH:   0.0 INCH    5 = HAIL
                        GRTST 24HR     0.0         6 = FREEZING RAIN OR DRIZZLE
                        GRTST DEPTH:   0           7 = DUSTSTORM OR SANDSTORM:
                                                       VSBY 1/2 MILE OR LESS
                                                   8 = SMOKE OR HAZE
[NO. OF DAYS WITH]      [WEATHER - DAYS WITH]      9 = BLOWING SNOW
                                                   X = TORNADO
MAX 32 OR BELOW:   0    0.01 INCH OR MORE:  10
MAX 90 OR ABOVE:   0    0.10 INCH OR MORE:   4
MIN 32 OR BELOW:   0    0.50 INCH OR MORE:   2
MIN  0 OR BELOW:   0    1.00 INCH OR MORE:   0

[HDD (BASE 65) ]
TOTAL THIS MO.     4    CLEAR  (SCALE 0-3)  10
DPTR FM NORMAL     4    PTCLDY (SCALE 4-7)  11
TOTAL FM JUL 1     8    CLOUDY (SCALE 8-10)  1
DPTR FM NORMAL     0

[CDD (BASE 65) ]
TOTAL THIS MO.   124
DPTR FM NORMAL     1    [PRESSURE DATA]
TOTAL FM JAN 1   506    HIGHEST SLP M ON M
DPTR FM NORMAL    50    LOWEST  SLP 29.84 ON 18

[REMARKS]
