000
CXUS55 KPSR 311005
CF6BLH
PRELIMINARY LOCAL CLIMATOLOGICAL DATA (WS FORM: F-6)

                                          STATION:   BLYTHE CA
                                          MONTH:     OCTOBER
                                          YEAR:      2014
                                          LATITUDE:   33 37 N
                                          LONGITUDE: 114 43 W

  TEMPERATURE IN F:       :PCPN:    SNOW:  WIND      :SUNSHINE: SKY     :PK WND
================================================================================
1   2   3   4   5  6A  6B    7    8   9   10  11  12  13   14  15   16   17  18
                                     12Z  AVG MX 2MIN
DY MAX MIN AVG DEP HDD CDD  WTR  SNW DPTH SPD SPD DIR MIN PSBL S-S WX    SPD DR
================================================================================

 1  95  65  80   0   0  15 0.00  0.0    0  6.3 22 350   M    M   0        27 340
 2  93  68  81   1   0  16 0.00  0.0    0 12.0 21 360   M    M   0        25 340
 3  98  64  81   1   0  16 0.00  0.0    0  5.1 15 350   M    M   0        23 360
 4 101  64  83   4   0  18 0.00  0.0    0  3.0  9  30   M    M   0        12  20
 5 100  65  83   4   0  18 0.00  0.0    0  4.2 13 200   M    M   0        15 200
 6  94  64  79   1   0  14 0.00  0.0    0  3.1 12 240   M    M   0        12 240
 7  87  74  81   3   0  16    T  0.0    0  3.3 13 180   M    M   5        15 200
 8  79  68  74  -4   0   9 0.02  0.0    0  5.0 15  20   M    M   9        18  20
 9  92  67  80   3   0  15 0.01  0.0    0  5.5 17 190   M    M   1        20 200
10  93  66  80   3   0  15 0.00  0.0    0  4.5 10 250   M    M   0        13 180
11  96  68  82   6   0  17 0.00  0.0    0  2.6  9 160   M    M   0        14 140
12  99  64  82   6   0  17 0.00  0.0    0  6.0 18 360   M    M   0        22 350
13  92  64  78   2   0  13 0.00  0.0    0  8.8 18 330   M    M   0        21  80
14  93  57  75   0   0  10 0.00  0.0    0  3.7  9 190   M    M   0        12 200
15  91  61  76   1   0  11 0.00  0.0    0  5.9 16 180   M    M   0        20 160
16  89  61  75   1   0  10 0.00  0.0    0  3.8  9 350   M    M   0        10 150
17  92  69  81   7   0  16 0.00  0.0    0  4.4 16 340   M    M   0        17 340
18  93  66  80   6   0  15 0.00  0.0    0  3.9 10  60   M    M   0        14  60
19  94  64  79   6   0  14 0.00  0.0    0  3.0 10 160   M    M   0        12  80
20  92  65  79   6   0  14 0.00  0.0    0  2.7 10 160   M    M   0        12 170
21  92  67  80   8   0  15 0.00  0.0    0  4.4 12 160   M    M   0        13 170
22  94  64  79   7   0  14 0.00  0.0    0  4.2 10 310   M    M   0        10 310
23  95  64  80   8   0  15 0.00  0.0    0  3.5  8 230   M    M   0         9 260
24  95  64  80   9   0  15 0.00  0.0    0  4.4 12 160   M    M   0        13 180
25  96  66  81  10   0  16 0.00  0.0    0  4.6 12 180   M    M   1        12 170
26  88  66  77   6   0  12 0.00  0.0    0  5.9 13 230   M    M   0        16 230
27  87  62  75   5   0  10 0.00  0.0    0  6.1 10 310   M    M   0         M  M
28  89  58  74   4   0   9 0.00  0.0    0  4.2 10 350   M    M   0         M  M
29  91  55  73   4   0   8 0.00  0.0    0  2.8  7 360   M    M   0         M  M
30  91  58  75   6   0  10 0.00  0.0    0  4.0  9 360   M    M   0        11 240
================================================================================
SM 2781 1928         0 413  0.03     0.0 140.9          M       16
================================================================================
AV 92.7 64.3                               4.7 FASTST   M    M   1    MAX(MPH)
                                 MISC ---->  # 22 350               # 27  340
================================================================================
NOTES:
# LAST OF SEVERAL OCCURRENCES

COLUMN 17 PEAK WIND IN M.P.H.

PRELIMINARY LOCAL CLIMATOLOGICAL DATA (WS FORM: F-6) , PAGE 2

                                          STATION:  BLYTHE CA
                                          MONTH:    OCTOBER
                                          YEAR:     2014
                                          LATITUDE:   33 37 N
                                          LONGITUDE: 114 43 W

[TEMPERATURE DATA]      [PRECIPITATION DATA]       SYMBOLS USED IN COLUMN 16

AVERAGE MONTHLY: 78.5   TOTAL FOR MONTH:   0.03    1 = FOG OR MIST
DPTR FM NORMAL:   3.9   DPTR FM NORMAL:   -0.13    2 = FOG REDUCING VISIBILITY
HIGHEST:   101 ON  4    GRTST 24HR  0.03 ON  8- 9      TO 1/4 MILE OR LESS
LOWEST:     55 ON 29                               3 = THUNDER
                        SNOW, ICE PELLETS, HAIL    4 = ICE PELLETS
                        TOTAL MONTH:   0.0 INCH    5 = HAIL
                        GRTST 24HR     0.0         6 = FREEZING RAIN OR DRIZZLE
                        GRTST DEPTH:   0           7 = DUSTSTORM OR SANDSTORM:
                                                       VSBY 1/2 MILE OR LESS
                                                   8 = SMOKE OR HAZE
[NO. OF DAYS WITH]      [WEATHER - DAYS WITH]      9 = BLOWING SNOW
                                                   X = TORNADO
MAX 32 OR BELOW:   0    0.01 INCH OR MORE:   2
MAX 90 OR ABOVE:  24    0.10 INCH OR MORE:   0
MIN 32 OR BELOW:   0    0.50 INCH OR MORE:   0
MIN  0 OR BELOW:   0    1.00 INCH OR MORE:   0

[HDD (BASE 65) ]
TOTAL THIS MO.     0    CLEAR  (SCALE 0-3)  28
DPTR FM NORMAL    -5    PTCLDY (SCALE 4-7)   1
TOTAL FM JUL 1     0    CLOUDY (SCALE 8-10)  1
DPTR FM NORMAL    -5

[CDD (BASE 65) ]
TOTAL THIS MO.   413
DPTR FM NORMAL   118    [PRESSURE DATA]
TOTAL FM JAN 1  4318    HIGHEST SLP M ON M
DPTR FM NORMAL   113    LOWEST  SLP 29.67 ON 19

[REMARKS]
