000
CXUS53 KIND 270730
CF6BMG
PRELIMINARY LOCAL CLIMATOLOGICAL DATA (WS FORM: F-6)

                                          STATION:   BLOOMINGTON IN
                                          MONTH:     DECEMBER
                                          YEAR:      2014
                                          LATITUDE:   39  7 N
                                          LONGITUDE:  86 37 W

  TEMPERATURE IN F:       :PCPN:    SNOW:  WIND      :SUNSHINE: SKY     :PK WND
================================================================================
1   2   3   4   5  6A  6B    7    8   9   10  11  12  13   14  15   16   17  18
                                     12Z  AVG MX 2MIN
DY MAX MIN AVG DEP HDD CDD  WTR  SNW DPTH SPD SPD DIR MIN PSBL S-S WX    SPD DR
================================================================================

 1  44  30  37   0  28   0 0.15    M    M 10.4 22  10   M    M   9 16     27  10
 2  34  29  32  -4  33   0 0.00    M    M  6.8 13 220   M    M  10 1      17 230
 3  42  24  33  -3  32   0 0.01    M    M  6.0 14 260   M    M   5 16     18 260
 4  36  25  31  -5  34   0 0.14    M    M  4.8 10 110   M    M   7 1       M  M
 5  45  36  41   6  24   0 1.60    M    M  4.9 12 360   M    M  10 12     16  20
 6  45  34  40   5  25   0 0.34    M    M 13.4 22  10   M    M  10 1      28 350
 7  40  28  34   0  31   0 0.00    M    M  7.5 15 110   M    M   0        19 120
 8  43  32  38   4  27   0 0.06    M    M  7.5 15 290   M    M   5 1      23 300
 9  40  33  37   3  28   0    T    M    M  6.1 13 290   M    M  10 1      18 260
10  37  32  35   2  30   0 0.00    M    M  6.9 14 360   M    M  10        19 360
11  40  23  32  -1  33   0 0.00    M    M  4.9 12 260   M    M   5 1      15 240
12  37  22  30  -3  35   0 0.00    M    M  3.4  8 290   M    M   5 18     13 280
13  48  34  41   9  24   0 0.00    M    M  3.2  8 240   M    M  10 18     10 260
14  50  42  46  14  19   0 0.00    M    M  5.4 14 140   M    M  10 1      17 140
15  47  41  44  12  21   0    T    M    M  9.3 17 150   M    M  10 1      20 120
16  50  31  41   9  24   0 0.23    M    M 11.5 21 280   M    M  10 1      30 260
17  31  24  28  -3  37   0 0.00    M    M  7.7 15 280   M    M  10 1      22 290
18  30  23  27  -4  38   0 0.00    M    M  2.0  9 360   M    M   9 1      12  10
19  33  22  28  -3  37   0 0.00    M    M  4.1  9  80   M    M   8 1      14  60
20  34  23  29  -2  36   0 0.02    M    M  1.0  8 100   M    M   9 18     10 100
21  39  19  29  -2  36   0 0.00    M    M  3.9 10 110   M    M   0 1      13 110
22  48  29  39   9  26   0 0.05    M    M  7.3 13 130   M    M   8 18     17 130
23  54  47  51  21  14   0 0.21    M    M  5.8 17  10   M    M   9 1      20  10
24  47  37  42  12  23   0 0.56    M    M 11.0 20 290   M    M  10 1      30 310
25  44  34  39   9  26   0 0.01    M    M  8.6 16 220   M    M   6 1      22 220
26  54  30  42  12  23   0 0.00    M    M  8.8 20 210   M    M   1        26 220
================================================================================
SM 1092  784       744   0  3.38    M    172.2          M      196
================================================================================
AV 42.0 30.2                               6.6 FASTST   M    M   8    MAX(MPH)
                                 MISC ---->  # 22  10               # 30  260
================================================================================
NOTES:
# LAST OF SEVERAL OCCURRENCES

COLUMN 17 PEAK WIND IN M.P.H.

PRELIMINARY LOCAL CLIMATOLOGICAL DATA (WS FORM: F-6) , PAGE 2

                                          STATION:  BLOOMINGTON IN
                                          MONTH:    DECEMBER
                                          YEAR:     2014
                                          LATITUDE:   39  7 N
                                          LONGITUDE:  86 37 W

[TEMPERATURE DATA]      [PRECIPITATION DATA]       SYMBOLS USED IN COLUMN 16

AVERAGE MONTHLY: 36.1   TOTAL FOR MONTH:   3.38    1 = FOG OR MIST
DPTR FM NORMAL:   3.4   DPTR FM NORMAL:    0.49    2 = FOG REDUCING VISIBILITY
HIGHEST:    54 ON 26,23 GRTST 24HR  1.93 ON  5- 6      TO 1/4 MILE OR LESS
LOWEST:     19 ON 21                               3 = THUNDER
                        SNOW, ICE PELLETS, HAIL    4 = ICE PELLETS
                        TOTAL MONTH:    M          5 = HAIL
                        GRTST 24HR    M  ON   M    6 = FREEZING RAIN OR DRIZZLE
                        GRTST DEPTH:  M  ON   M    7 = DUSTSTORM OR SANDSTORM:
                                                       VSBY 1/2 MILE OR LESS
                                                   8 = SMOKE OR HAZE
[NO. OF DAYS WITH]      [WEATHER - DAYS WITH]      9 = BLOWING SNOW
                                                   X = TORNADO
MAX 32 OR BELOW:   2    0.01 INCH OR MORE:  12
MAX 90 OR ABOVE:   0    0.10 INCH OR MORE:   7
MIN 32 OR BELOW:  17    0.50 INCH OR MORE:   2
MIN  0 OR BELOW:   0    1.00 INCH OR MORE:   1

[HDD (BASE 65) ]
TOTAL THIS MO.   744    CLEAR  (SCALE 0-3)   3
DPTR FM NORMAL   -97    PTCLDY (SCALE 4-7)   7
TOTAL FM JUL 1  2020    CLOUDY (SCALE 8-10) 16
DPTR FM NORMAL   123

[CDD (BASE 65) ]
TOTAL THIS MO.     0
DPTR FM NORMAL     0    [PRESSURE DATA]
TOTAL FM JAN 1   904    HIGHEST SLP M ON M
DPTR FM NORMAL   -23    LOWEST  SLP 29.47 ON 24

[REMARKS]
