000
CXUS53 KIND 290730
CF6BMG
PRELIMINARY LOCAL CLIMATOLOGICAL DATA (WS FORM: F-6)

                                          STATION:   BLOOMINGTON IN
                                          MONTH:     APRIL
                                          YEAR:      2016
                                          LATITUDE:   39  7 N
                                          LONGITUDE:  86 37 W

  TEMPERATURE IN F:       :PCPN:    SNOW:  WIND      :SUNSHINE: SKY     :PK WND
================================================================================
1   2   3   4   5  6A  6B    7    8   9   10  11  12  13   14  15   16   17  18
                                     12Z  AVG MX 2MIN
DY MAX MIN AVG DEP HDD CDD  WTR  SNW DPTH SPD SPD DIR MIN PSBL S-S WX    SPD DR
================================================================================

 1  55  39  47  -2  18   0    T    M    M  9.4 23 270   M    M   5 8      33 280
 2  52  35  44  -5  21   0 0.00    M    M 13.9 38 270   M    M   4        56 280
 3  63  25  44  -6  21   0 0.00    M    M 11.1 28 220   M    M   0        35 220
 4  59  31  45  -5  20   0 0.00    M    M 12.7 22 350   M    M   3        31 230
 5  51  25  38 -12  27   0 0.00    M    M  8.5 16 150   M    M   0        22 150
 6  65  40  53   2  12   0 0.43    M    M 13.8 38 250   M    M   4 1      54 260
 7  47  30  39 -12  26   0 0.04    M    M 10.1 22 300   M    M   9 1      35 280
 8  47  27  37 -14  28   0 0.17    M    M  8.2 24 290   M    M   7 1      33 290
 9  44  30  37 -15  28   0 0.00    M    M  7.7 21 360   M    M   4        28 310
10  61  31  46  -6  19   0 0.32    M    M 12.4 28 200   M    M   9 13     36 210
11  57  34  46  -6  19   0 1.50    M    M  6.9 16 220   M    M   8 1      23 210
12  55  30  43 -10  22   0 0.00    M    M  4.9 15  40   M    M   0        20  40
13  64  33  49  -4  16   0 0.00    M    M  7.8 17 100   M    M   0        24 100
14  71  36  54   1  11   0 0.00    M    M  5.9 15  90   M    M   0        20 100
15  78  41  60   6   5   0 0.00    M    M  3.4 12 120   M    M   0        16 150
16  79  45  62   8   3   0 0.00    M    M  3.0 12 140   M    M   0        17 260
17  82  44  63   9   2   0 0.00    M    M  2.7 13 160   M    M   0        17 140
18  84  47  66  12   0   1 0.00    M    M  2.9 14 240   M    M   0        19 240
19  82  51  67  12   0   2 0.00    M    M  2.0 12 230   M    M   0        14 230
20  81  53  67  12   0   2 0.06    M    M  5.2 15 170   M    M   6        22 180
21  70  56  63   8   2   0 0.57    M    M  7.7 18 190   M    M   7 13     23 180
22  70  51  61   5   4   0 0.01    M    M  7.5 17  10   M    M   6 1238   22  10
23  68  47  58   2   7   0 0.00    M    M  4.9 14 360   M    M   6 1      17  10
24  77  41  59   3   6   0 0.00    M    M  4.4 14 140   M    M   0        16 150
25  81  53  67  11   0   2 0.00    M    M 10.5 28 230   M    M   2 8      35 230
26  83  58  71  14   0   6 1.11    M    M  9.9 22 260   M    M   4 13     33 260
27  62  54  58   1   7   0 0.47    M    M  7.5 20 110   M    M   9 138    25 120
28  74  57  66   9   0   1 0.25    M    M  8.3 20 270   M    M   5 138    36 220
================================================================================
SM 1862 1144       324  14  4.93    M    213.2          M       98
================================================================================
AV 66.5 40.9                               7.6 FASTST   M    M   4    MAX(MPH)
                                 MISC ---->  # 38 270               # 56  280
================================================================================
NOTES:
# LAST OF SEVERAL OCCURRENCES

COLUMN 17 PEAK WIND IN M.P.H.

PRELIMINARY LOCAL CLIMATOLOGICAL DATA (WS FORM: F-6) , PAGE 2

                                          STATION:  BLOOMINGTON IN
                                          MONTH:    APRIL
                                          YEAR:     2016
                                          LATITUDE:   39  7 N
                                          LONGITUDE:  86 37 W

[TEMPERATURE DATA]      [PRECIPITATION DATA]       SYMBOLS USED IN COLUMN 16

AVERAGE MONTHLY: 53.7   TOTAL FOR MONTH:   4.93    1 = FOG OR MIST
DPTR FM NORMAL:   0.4   DPTR FM NORMAL:    0.58    2 = FOG REDUCING VISIBILITY
HIGHEST:    84 ON 18    GRTST 24HR  1.81 ON 10-11      TO 1/4 MILE OR LESS
LOWEST:     25 ON  5, 3                            3 = THUNDER
                        SNOW, ICE PELLETS, HAIL    4 = ICE PELLETS
                        TOTAL MONTH:    M          5 = HAIL
                        GRTST 24HR    M  ON   M    6 = FREEZING RAIN OR DRIZZLE
                        GRTST DEPTH:  M  ON   M    7 = DUSTSTORM OR SANDSTORM:
                                                       VSBY 1/2 MILE OR LESS
                                                   8 = SMOKE OR HAZE
[NO. OF DAYS WITH]      [WEATHER - DAYS WITH]      9 = BLOWING SNOW
                                                   X = TORNADO
MAX 32 OR BELOW:   0    0.01 INCH OR MORE:  11
MAX 90 OR ABOVE:   0    0.10 INCH OR MORE:   8
MIN 32 OR BELOW:   8    0.50 INCH OR MORE:   3
MIN  0 OR BELOW:   0    1.00 INCH OR MORE:   2

[HDD (BASE 65) ]
TOTAL THIS MO.   324    CLEAR  (SCALE 0-3)  13
DPTR FM NORMAL   -17    PTCLDY (SCALE 4-7)  12
TOTAL FM JUL 1  4113    CLOUDY (SCALE 8-10)  3
DPTR FM NORMAL  -984

[CDD (BASE 65) ]
TOTAL THIS MO.    14
DPTR FM NORMAL    -6    [PRESSURE DATA]
TOTAL FM JAN 1    14    HIGHEST SLP  0.00 ON 24
DPTR FM NORMAL    -9    LOWEST  SLP  0.00 ON 24

[REMARKS]
