000
CXUS53 KILX 242300
CF6BMI
PRELIMINARY LOCAL CLIMATOLOGICAL DATA (WS FORM: F-6)

                                          STATION:   BLOOMINGTON IL AIRPORT
                                          MONTH:     OCTOBER
                                          YEAR:      2014
                                          LATITUDE:   40 28 N
                                          LONGITUDE:  88 56 W

  TEMPERATURE IN F:       :PCPN:    SNOW:  WIND      :SUNSHINE: SKY     :PK WND
================================================================================
1   2   3   4   5  6A  6B    7    8   9   10  11  12  13   14  15   16   17  18
                                     12Z  AVG MX 2MIN
DY MAX MIN AVG DEP HDD CDD  WTR  SNW DPTH SPD SPD DIR MIN PSBL S-S WX    SPD DR
================================================================================

 1  81  48  65   M   0   0 0.14    M    M  8.4 18 170   M    M   1 1      22 170
 2  74  64  69   M   0   4 2.69    M    M 11.6 18 190   M    M   5 13     23 220
 3  65  44  55   M  10   0 0.64    M    M 17.7 25 300   M    M  10 1      30 290
 4  49  37  43   M  22   0    T    M    M 13.8 21 280   M    M   8        27 270
 5  59  36  48   M  17   0 0.00    M    M  7.6 12 230   M    M   5         M  M
 6  65  46  56   M   9   0    T    M    M 12.3 24 250   M    M   3        31 250
 7  70  47  59   M   6   0 0.07    M    M 11.3 16 280   M    M   4        22 280
 8  68  47  58   M   7   0    T    M    M  9.7 17 270   M    M   0        21 280
 9  59  51  55   M  10   0 0.12    M    M  4.2 10 340   M    M   7 1       M  M
10  58  41  50   M  15   0 0.00    M    M 10.4 16  70   M    M   0         M  M
11  63  38  51   M  14   0 0.00    M    M  7.3 12  50   M    M   0         M  M
12  59  38  49   M  16   0 0.01    M    M 10.1 13 150   M    M   8 1      20 150
13  68  57  63   M   2   0 0.92    M    M 12.9 27 160   M    M   9 123    33 160
14  63  55  59   M   6   0 0.09    M    M 10.3 17 190   M    M   8 1       M  M
15  56  51  54   M  11   0 0.07    M    M 11.9 17 340   M    M  10 1       M  M
16  63  53  58   M   7   0 0.00    M    M  8.6 13 190   M    M   7 12      M  M
17  60  50  55   M  10   0 0.00    M    M 13.4 24 300   M    M   5        29 300
18  53  42  48   M  17   0    T    M    M 10.0 17 340   M    M   8        20 350
19  59  34  47   M  18   0 0.00    M    M  8.0 14 230   M    M   4 1       M  M
20  67  47  57   M   8   0 0.00    M    M 11.3 20 290   M    M   1        23 290
21  60  38  49   M  16   0 0.00    M    M  8.4 13  40   M    M   0        17  30
22  61  35  48   M  17   0 0.00    M    M  4.8  7 130   M    M   0 1       M  M
23  60  37  49   M  16   0 0.01    M    M  9.3 15 230   M    M   2        21 230
================================================================================
SM 1440 1036       254   4  4.76    M    233.3          M      105
================================================================================
AV 62.6 45.0                              10.1 FASTST   M    M   5    MAX(MPH)
                                 MISC ---->  # 27 160                 33    M
================================================================================
NOTES:
# LAST OF SEVERAL OCCURRENCES

COLUMN 17 PEAK WIND IN M.P.H.

PRELIMINARY LOCAL CLIMATOLOGICAL DATA (WS FORM: F-6) , PAGE 2

                                          STATION:  BLOOMINGTON IL AIRPORT
                                          MONTH:    OCTOBER
                                          YEAR:     2014
                                          LATITUDE:   40 28 N
                                          LONGITUDE:  88 56 W

[TEMPERATURE DATA]      [PRECIPITATION DATA]       SYMBOLS USED IN COLUMN 16

AVERAGE MONTHLY: 53.8   TOTAL FOR MONTH:   4.76    1 = FOG OR MIST
DPTR FM NORMAL:     M   DPTR FM NORMAL:       M    2 = FOG REDUCING VISIBILITY
HIGHEST:    81 ON  1    GRTST 24HR  2.69 ON  2- 2      TO 1/4 MILE OR LESS
LOWEST:     34 ON 19                               3 = THUNDER
                        SNOW, ICE PELLETS, HAIL    4 = ICE PELLETS
                        TOTAL MONTH:    M          5 = HAIL
                        GRTST 24HR    M  ON   M    6 = FREEZING RAIN OR DRIZZLE
                        GRTST DEPTH:  M  ON   M    7 = DUSTSTORM OR SANDSTORM:
                                                       VSBY 1/2 MILE OR LESS
                                                   8 = SMOKE OR HAZE
[NO. OF DAYS WITH]      [WEATHER - DAYS WITH]      9 = BLOWING SNOW
                                                   X = TORNADO
MAX 32 OR BELOW:   0    0.01 INCH OR MORE:  10
MAX 90 OR ABOVE:   0    0.10 INCH OR MORE:   5
MIN 32 OR BELOW:   0    0.50 INCH OR MORE:   3
MIN  0 OR BELOW:   0    1.00 INCH OR MORE:   1

[HDD (BASE 65) ]
TOTAL THIS MO.   254    CLEAR  (SCALE 0-3)   9
DPTR FM NORMAL     M    PTCLDY (SCALE 4-7)  10
TOTAL FM JUL 1   384    CLOUDY (SCALE 8-10)  4
DPTR FM NORMAL     M

[CDD (BASE 65) ]
TOTAL THIS MO.     4
DPTR FM NORMAL     M    [PRESSURE DATA]
TOTAL FM JAN 1   790    HIGHEST SLP M ON M
DPTR FM NORMAL     M    LOWEST  SLP M ON M

[REMARKS]
