000
CXUS55 KOHX 281010
CF6BNA
PRELIMINARY LOCAL CLIMATOLOGICAL DATA (WS FORM: F-6)

                                          STATION:   NASHVILLE
                                          MONTH:     FEBRUARY
                                          YEAR:      2015
                                          LATITUDE:   36  7 N
                                          LONGITUDE:  86 41 W

  TEMPERATURE IN F:       :PCPN:    SNOW:  WIND      :SUNSHINE: SKY     :PK WND
================================================================================
1   2   3   4   5  6A  6B    7    8   9   10  11  12  13   14  15   16   17  18
                                     12Z  AVG MX 2MIN
DY MAX MIN AVG DEP HDD CDD  WTR  SNW DPTH SPD SPD DIR MIN PSBL S-S WX    SPD DR
================================================================================

 1  56  42  49  10  16   0 0.73  0.0    0 12.8 23 180   M    M  10 1      31 190
 2  46  24  35  -4  30   0 0.01    T    T 10.5 25 320   M    M   9 1      32 320
 3  45  18  32  -7  33   0 0.00  0.0    0  4.6 12 190   M    M   3        17 160
 4  54  27  41   2  24   0 0.00  0.0    0  6.3 26 360   M    M   7        32 360
 5  37  21  29 -10  36   0 0.00  0.0    0 10.5 24 360   M    M   4        30 360
 6  53  16  35  -5  30   0 0.00  0.0    0  4.5 18 300   M    M   4        26 330
 7  65  28  47   7  18   0 0.00  0.0    0 10.3 23 200   M    M   1        31 190
 8  62  50  56  16   9   0 0.00  0.0    0 10.1 20 200   M    M   8        28 200
 9  59  33  46   6  19   0    T  0.0    0 10.4 17 340   M    M  10 18     24 350
10  44  30  37  -3  28   0 0.00  0.0    0  8.5 17 360   M    M   6        24 310
11  54  23  39  -2  26   0 0.00  0.0    0  5.2 17 330   M    M   3 18     22 310
12  39  21  30 -11  35   0    T  0.0    0 13.1 21 350   M    M   7        30 350
13  38  18  28 -13  37   0 0.00  0.0    0  3.4 12 350   M    M   5        17 350
14  52  16  34  -7  31   0 0.00  0.0    0 11.0 24 360   M    M   4        33 340
15  27  13  20 -22  45   0 0.00  0.0    0 10.4 18  40   M    M   7        23  40
16  31  17  24 -18  41   0 1.12  0.5    T 10.4 17 350   M    M  10 14568  22 340
17  28  14  21 -21  44   0    T    T    1  4.5 14 360   M    M   8 1      20 350
18  27   9  18 -24  47   0 0.03  0.7    1 11.0 23 320   M    M   7 1      32 320
19  20   5  13 -30  52   0 0.00  0.0    0  6.4 18 340   M    M   2        25 340
20  31  10  21 -22  44   0 0.32  0.4    0  9.4 20 160   M    M  10 146    24 160
21  46  31  39  -4  26   0 2.36  0.0    0 11.9 32 170   M    M  10 16     41 170
22  43  30  37  -7  28   0 0.00  0.0    0 11.3 17 360   M    M  10 18     26 360
23  31  21  26 -18  39   0 0.00  0.0    0 13.0 22 360   M    M   9        25 340
24  36  22  29 -15  36   0 0.00  0.0    0  3.4 10  30   M    M   7        18 160
25  38  19  29 -15  36   0 0.03  0.4    0  4.2 10  20   M    M   7 1      18  60
26  46  26  36  -9  29   0    T  0.1    1  8.6 18 350   M    M   8 18     25 310
27  33  19  26 -19  39   0 0.00  0.0    0  9.8 16 350   M    M   7        22 320
================================================================================
SM 1141  603       878   0  4.60     2.1 235.5          M      183
================================================================================
AV 42.3 22.3                               8.7 FASTST   M    M   7    MAX(MPH)
                                 MISC ---->  # 32 170               # 41  170
================================================================================
NOTES:
# LAST OF SEVERAL OCCURRENCES

COLUMN 17 PEAK WIND IN M.P.H.

PRELIMINARY LOCAL CLIMATOLOGICAL DATA (WS FORM: F-6) , PAGE 2

                                          STATION:  NASHVILLE
                                          MONTH:    FEBRUARY
                                          YEAR:     2015
                                          LATITUDE:   36  7 N
                                          LONGITUDE:  86 41 W

[TEMPERATURE DATA]      [PRECIPITATION DATA]       SYMBOLS USED IN COLUMN 16

AVERAGE MONTHLY: 32.3   TOTAL FOR MONTH:   4.60    1 = FOG OR MIST
DPTR FM NORMAL:  -9.3   DPTR FM NORMAL:    0.80    2 = FOG REDUCING VISIBILITY
HIGHEST:    65 ON  7    GRTST 24HR  2.56 ON 20-21      TO 1/4 MILE OR LESS
LOWEST:      5 ON 19                               3 = THUNDER
                        SNOW, ICE PELLETS, HAIL    4 = ICE PELLETS
                        TOTAL MONTH:   2.1 INCHES  5 = HAIL
                        GRTST 24HR   0.7 ON   M    6 = FREEZING RAIN OR DRIZZLE
                        GRTST DEPTH:   1 ON 26,18  7 = DUSTSTORM OR SANDSTORM:
                                                       VSBY 1/2 MILE OR LESS
                                                   8 = SMOKE OR HAZE
[NO. OF DAYS WITH]      [WEATHER - DAYS WITH]      9 = BLOWING SNOW
                                                   X = TORNADO
MAX 32 OR BELOW:   7    0.01 INCH OR MORE:   7
MAX 90 OR ABOVE:   0    0.10 INCH OR MORE:   4
MIN 32 OR BELOW:  24    0.50 INCH OR MORE:   3
MIN  0 OR BELOW:   0    1.00 INCH OR MORE:   2

[HDD (BASE 65) ]
TOTAL THIS MO.   878    CLEAR  (SCALE 0-3)   3
DPTR FM NORMAL   245    PTCLDY (SCALE 4-7)  15
TOTAL FM JUL 1  3163    CLOUDY (SCALE 8-10)  9
DPTR FM NORMAL   245

[CDD (BASE 65) ]
TOTAL THIS MO.     0
DPTR FM NORMAL     0    [PRESSURE DATA]
TOTAL FM JAN 1     0    HIGHEST SLP  0.00 ON 18
DPTR FM NORMAL     0    LOWEST  SLP 29.62 ON  1

[REMARKS]
