000
CXUS55 KOHX 261010
CF6BNA
PRELIMINARY LOCAL CLIMATOLOGICAL DATA (WS FORM: F-6)

                                          STATION:   NASHVILLE
                                          MONTH:     DECEMBER
                                          YEAR:      2014
                                          LATITUDE:   36  7 N
                                          LONGITUDE:  86 41 W

  TEMPERATURE IN F:       :PCPN:    SNOW:  WIND      :SUNSHINE: SKY     :PK WND
================================================================================
1   2   3   4   5  6A  6B    7    8   9   10  11  12  13   14  15   16   17  18
                                     12Z  AVG MX 2MIN
DY MAX MIN AVG DEP HDD CDD  WTR  SNW DPTH SPD SPD DIR MIN PSBL S-S WX    SPD DR
================================================================================

 1  63  40  52   8  13   0 0.15  0.0    0  8.7 16 200   M    M   9 18     22 190
 2  49  41  45   1  20   0 0.14  0.0    0  2.0  7 270   M    M  10 1      18 300
 3  49  43  46   2  19   0 0.00  0.0    0  4.9 13  10   M    M  10 1      28 330
 4  50  42  46   3  19   0 0.11  0.0    0  2.3  8  40   M    M  10 1       9  30
 5  68  48  58  15   7   0 0.79  0.0    0  7.4 22 200   M    M   9 1      30 190
 6  62  42  52   9  13   0 0.25  0.0    0 12.4 21 360   M    M  10 13     28 310
 7  50  40  45   3  20   0 0.00  0.0    0  8.1 17  40   M    M   9        22  30
 8  55  39  47   5  18   0 0.00  0.0    0  5.9 15 180   M    M   8        18 290
 9  47  39  43   1  22   0 0.00  0.0    0  9.1 21 360   M    M   9        28 360
10  43  33  38  -4  27   0 0.00  0.0    0  7.8 13  10   M    M  10        22 330
11  43  28  36  -5  29   0 0.00  0.0    0  4.6 13  20   M    M   4        17  20
12  50  22  36  -5  29   0 0.00  0.0    0  1.3  8  10   M    M   0 18     10  10
13  46  28  37  -4  28   0 0.00  0.0    0  1.2  7 170   M    M   8 18      8  90
14  52  35  44   4  21   0 0.00  0.0    0  1.4  6 170   M    M   8 18      9 320
15  55  29  42   2  23   0 0.04  0.0    0  7.3 20 180   M    M   8 12     26 180
16  55  42  49   9  16   0    T  0.0    0  8.0 16 290   M    M   9        23 280
17  42  32  37  -3  28   0 0.01  0.0    0  4.2 12 310   M    M   8 1      16 310
18  39  33  36  -4  29   0 0.14  0.0    0  3.6  8 360   M    M  10 18     13 320
19  41  35  38  -2  27   0    T    T    0  6.3 12  40   M    M  10        17 330
20  46  29  38  -1  27   0 0.00  0.0    0  4.2 10  10   M    M   5 18     16 320
21  54  25  40   1  25   0 0.00  0.0    0  3.2 13 140   M    M   3 18     15 130
22  54  42  48   9  17   0 0.03  0.0    0 10.4 18 170   M    M   9 1      23 170
23  57  53  55  16  10   0 0.72  0.0    0  8.4 25 110   M    M  10 1      32 140
24  56  42  49  10  16   0 0.14  0.0    0  7.0 20 260   M    M  10 1      26 270
25  50  35  43   5  22   0    T  0.0    0  6.0 15 190   M    M   6        17 190
================================================================================
SM 1276  917       525   0  2.52    T    145.7          M      202
================================================================================
AV 51.0 36.7                               5.8 FASTST   M    M   8    MAX(MPH)
                                 MISC ---->  # 25 110               # 32  140
================================================================================
NOTES:
# LAST OF SEVERAL OCCURRENCES

COLUMN 17 PEAK WIND IN M.P.H.

PRELIMINARY LOCAL CLIMATOLOGICAL DATA (WS FORM: F-6) , PAGE 2

                                          STATION:  NASHVILLE
                                          MONTH:    DECEMBER
                                          YEAR:     2014
                                          LATITUDE:   36  7 N
                                          LONGITUDE:  86 41 W

[TEMPERATURE DATA]      [PRECIPITATION DATA]       SYMBOLS USED IN COLUMN 16

AVERAGE MONTHLY: 43.9   TOTAL FOR MONTH:   2.52    1 = FOG OR MIST
DPTR FM NORMAL:   2.9   DPTR FM NORMAL:   -1.03    2 = FOG REDUCING VISIBILITY
HIGHEST:    68 ON  5    GRTST 24HR  1.04 ON  5- 6      TO 1/4 MILE OR LESS
LOWEST:     22 ON 12                               3 = THUNDER
                        SNOW, ICE PELLETS, HAIL    4 = ICE PELLETS
                        TOTAL MONTH:    T          5 = HAIL
                        GRTST 24HR    T  ON 19-19  6 = FREEZING RAIN OR DRIZZLE
                        GRTST DEPTH:   0           7 = DUSTSTORM OR SANDSTORM:
                                                       VSBY 1/2 MILE OR LESS
                                                   8 = SMOKE OR HAZE
[NO. OF DAYS WITH]      [WEATHER - DAYS WITH]      9 = BLOWING SNOW
                                                   X = TORNADO
MAX 32 OR BELOW:   0    0.01 INCH OR MORE:  11
MAX 90 OR ABOVE:   0    0.10 INCH OR MORE:   8
MIN 32 OR BELOW:   7    0.50 INCH OR MORE:   2
MIN  0 OR BELOW:   0    1.00 INCH OR MORE:   0

[HDD (BASE 65) ]
TOTAL THIS MO.   525    CLEAR  (SCALE 0-3)   1
DPTR FM NORMAL   -77    PTCLDY (SCALE 4-7)   8
TOTAL FM JUL 1  1299    CLOUDY (SCALE 8-10) 16
DPTR FM NORMAL    23

[CDD (BASE 65) ]
TOTAL THIS MO.     0
DPTR FM NORMAL     0    [PRESSURE DATA]
TOTAL FM JAN 1  1803    HIGHEST SLP  0.00 ON 14
DPTR FM NORMAL   158    LOWEST  SLP 29.52 ON 24

[REMARKS]
