000
CXUS55 KOHX 271010
CF6BNA
PRELIMINARY LOCAL CLIMATOLOGICAL DATA (WS FORM: F-6)

                                          STATION:   NASHVILLE
                                          MONTH:     APRIL
                                          YEAR:      2017
                                          LATITUDE:   36  7 N
                                          LONGITUDE:  86 41 W

  TEMPERATURE IN F:       :PCPN:    SNOW:  WIND      :SUNSHINE: SKY     :PK WND
================================================================================
1   2   3   4   5  6A  6B    7    8   9   10  11  12  13   14  15   16   17  18
                                     12Z  AVG MX 2MIN
DY MAX MIN AVG DEP HDD CDD  WTR  SNW DPTH SPD SPD DIR MIN PSBL S-S WX    SPD DR
================================================================================

 1  60  47  54  -1  11   0 0.00  0.0    0  7.6 14  40   M    M   6        17  30
 2  82  43  63   8   2   0 0.00  0.0    0  5.7 14 110   0    0   6        17  70
 3  74  60  67  12   0   2 0.23  0.0    0 13.1 25 140   M    M   9 1      34 130
 4  81  56  69  13   0   4 0.00  0.0    0  6.9 18 270   M    M   3        27 290
 5  84  49  67  11   0   2    T  0.0    0 12.8 30 190   M    M   4        45 240
 6  60  43  52  -4  13   0 0.01    M    0 14.5 26 320   M    M   7        37 340
 7  64  43  54  -2  11   0 0.00  0.0    0  9.5 21 340   M    M   2        28 330
 8  72  37  55  -2  10   0 0.00  0.0    0  4.6 10 170   M    M   4        14 130
 9  81  45  63   6   2   0 0.00  0.0    0 11.0 23 180   M    M   6        28 180
10  81  58  70  13   0   5 0.00  0.0    0 12.2 24 200   M    M   5        38 190
11  81  57  69  11   0   4 0.20  0.0    0  7.1 20 310   M    M   8 13     24 200
12  79  54  67   9   0   2 0.00  0.0    0  5.6 13 360   M    M   3 1      15 360
13  86  48  67   9   0   2 0.00  0.0    0  3.0 12  10   M    M   6 1      13  10
14  89  54  72  13   0   7 0.00  0.0    0  4.6 13 160   M    M   6 18     18 170
15  86  60  73  14   0   8 0.00  0.0    0  9.3 22 170   M    M   5        28 170
16  85  66  76  17   0  11 0.14  0.0    0  9.4 23 200   M    M   8 1      30 190
17  79  63  71  11   0   6 0.38  0.0    0  5.6 17 350   M    M   7 13     22 360
18  78  63  71  11   0   6 1.40  0.0    0  6.9 32 190   M    M   9 135    52 190
19  83  61  72  12   0   7 0.00  0.0    0  7.8 17 200   M    M   7 1      23 200
20  85  61  73  13   0   8 0.08  0.0    0  8.1 23 290   M    M   5        34 300
21  74  59  67   6   0   2 0.76  0.0    0  5.4 18 360   M    M   9 13     26 330
22  60  52  56  -5   9   0 2.67  0.0    0 10.1 24 110   M    M  10 13     30 110
23  53  50  52  -9  13   0 1.04  0.0    0 10.7 17  10   M    M  10 1      25 350
24  70  53  62   0   3   0 0.00  0.0    0  4.9 13  40   M    M   8 1      20 320
25  77  50  64   2   1   0 0.00  0.0    0  4.5 12 190   M    M   3 1      15 200
26  83  55  69   7   0   4    T  0.0    0 12.4 25 170   M    M   3        33 180
================================================================================
SM 1987 1387        75  80  6.91     0.0 213.3            0    159
================================================================================
AV 76.4 53.4                               8.2 FASTST    0   0   6    MAX(MPH)
                                 MISC ---->  # 32 190               # 52  190
================================================================================
NOTES:
# LAST OF SEVERAL OCCURRENCES

COLUMN 17 PEAK WIND IN M.P.H.

PRELIMINARY LOCAL CLIMATOLOGICAL DATA (WS FORM: F-6) , PAGE 2

                                          STATION:  NASHVILLE
                                          MONTH:    APRIL
                                          YEAR:     2017
                                          LATITUDE:   36  7 N
                                          LONGITUDE:  86 41 W

[TEMPERATURE DATA]      [PRECIPITATION DATA]       SYMBOLS USED IN COLUMN 16

AVERAGE MONTHLY: 64.9   TOTAL FOR MONTH:   6.91    1 = FOG OR MIST
DPTR FM NORMAL:   6.4   DPTR FM NORMAL:    3.53    2 = FOG REDUCING VISIBILITY
HIGHEST:    89 ON 14    GRTST 24HR  2.67 ON 22-22      TO 1/4 MILE OR LESS
LOWEST:     37 ON  8                               3 = THUNDER
                        SNOW, ICE PELLETS, HAIL    4 = ICE PELLETS
                        TOTAL MONTH:   0.0 INCH    5 = HAIL
                        GRTST 24HR     0.0         6 = FREEZING RAIN OR DRIZZLE
                        GRTST DEPTH:   0           7 = DUSTSTORM OR SANDSTORM:
                                                       VSBY 1/2 MILE OR LESS
                                                   8 = SMOKE OR HAZE
[NO. OF DAYS WITH]      [WEATHER - DAYS WITH]      9 = BLOWING SNOW
                                                   X = TORNADO
MAX 32 OR BELOW:   0    0.01 INCH OR MORE:  10
MAX 90 OR ABOVE:   0    0.10 INCH OR MORE:   8
MIN 32 OR BELOW:   0    0.50 INCH OR MORE:   4
MIN  0 OR BELOW:   0    1.00 INCH OR MORE:   3

[HDD (BASE 65) ]
TOTAL THIS MO.    75    CLEAR  (SCALE 0-3)   5
DPTR FM NORMAL  -127    PTCLDY (SCALE 4-7)  16
TOTAL FM JUL 1  2408    CLOUDY (SCALE 8-10)  5
DPTR FM NORMAL -1205

[CDD (BASE 65) ]
TOTAL THIS MO.    80
DPTR FM NORMAL    48    [PRESSURE DATA]
TOTAL FM JAN 1   101    HIGHEST SLP  0.00 ON  2
DPTR FM NORMAL    61    LOWEST  SLP 29.52 ON  5

[REMARKS]
