000
CXUS56 KBOI 011002
CF6BNO
PRELIMINARY LOCAL CLIMATOLOGICAL DATA (WS FORM: F-6)

                                          STATION:   BURNS OR
                                          MONTH:     SEPTEMBER
                                          YEAR:      2014
                                          LATITUDE:   43 34 N
                                          LONGITUDE: 118 57 W

  TEMPERATURE IN F:       :PCPN:    SNOW:  WIND      :SUNSHINE: SKY     :PK WND
================================================================================
1   2   3   4   5  6A  6B    7    8   9   10  11  12  13   14  15   16   17  18
                                     12Z  AVG MX 2MIN
DY MAX MIN AVG DEP HDD CDD  WTR  SNW DPTH SPD SPD DIR MIN PSBL S-S WX    SPD DR
================================================================================

 1  78  38  58  -3   7   0 0.00    M    M  6.8 15 160   M    M   0        20 130
 2  87  34  61   1   4   0 0.00    M    M  8.9 24 280   M    M   0        29 280
 3  73  37  55  -5  10   0 0.00    M    M  8.1 17 280   M    M   0        24 260
 4  74  30  52  -8  13   0 0.00    M    M  7.2 17  60   M    M   0        23  50
 5  80  30  55  -5  10   0 0.00    M    M  7.7 17  60   M    M   0        22  60
 6  88  35  62   3   3   0 0.00    M    M  6.5 16  50   M    M   0        20  40
 7  88  38  63   4   2   0 0.00    M    M  7.1 18 220   M    M   0        22 230
 8  86  36  61   2   4   0 0.00    M    M  7.1 17 250   M    M   0        23 240
 9  77  34  56  -2   9   0 0.00    M    M  8.5 21 270   M    M   0        29 250
10  80  32  56  -2   9   0 0.00    M    M  6.4 17 310   M    M   0        22 290
11  69  27  48 -10  17   0 0.00    M    M  7.0 14  50   M    M   0        20  60
12  79  26  53  -4  12   0 0.00    M    M  8.1 15  40   M    M   0        20  30
13  86  34  60   3   5   0 0.00    M    M  4.5 17 220   M    M   0        22 250
14  85  37  61   4   4   0 0.00    M    M  4.8 13 210   M    M   0        18 200
15  89  43  66  10   0   1 0.00    M    M  6.6 24 110   M    M   1 8      31 120
16  89  44  67  11   0   2 0.00    M    M  5.4 20 220   M    M   1        24 160
17  88  40  64   8   1   0 0.00    M    M  7.1 25 200   M    M   1        33 180
18  81  52  67  12   0   2 0.00    M    M  8.8 21 250   M    M   2        28 210
19  82  39  61   6   4   0 0.00    M    M  5.7 14 240   M    M   0        19 240
20  87  41  64  10   1   0 0.00    M    M  5.9  9  50   M    M   0         M  M
21   M   M   M   M   M   M    M    M    M   M   M   M   M    M   M         M  M
22   M   M   M   M   M   M    M    M    M   M   M   M   M    M   M         M  M
23  87  41  64  11   1   0 0.00    M    M  6.4 17 210   M    M   0        23 190
24  86  35  61   8   4   0 0.00    M    M  9.4 24 160   M    M   0        31 160
25  67  33  50  -2  15   0    T    M    M  7.8 32 190   M    M   3 1      42 180
26  67  29  48  -4  17   0 0.00    M    M  6.1 21 320   M    M   0        26 330
27  63  49  56   4   9   0 0.19    M    M 15.7 33 320   M    M   8 18     39 330
28  63  49  56   5   9   0 0.06    M    M  5.3 13 280   M    M   9 1      17 300
29  66  51  59   8   6   0 0.01    M    M  6.2 22 270   M    M   6        25 270
30  60  34  47  -3  18   0 0.00    M    M 11.4 21 300   M    M   3        26 310
================================================================================
SM 2205 1048       194   5  0.26    M    206.5          M       34
================================================================================
AV 78.8 37.4                               7.4 FASTST   M    M   1    MAX(MPH)
                                 MISC ---->  # 33 320               # 42  180
================================================================================
NOTES:
# LAST OF SEVERAL OCCURRENCES

COLUMN 17 PEAK WIND IN M.P.H.

PRELIMINARY LOCAL CLIMATOLOGICAL DATA (WS FORM: F-6) , PAGE 2

                                          STATION:  BURNS OR
                                          MONTH:    SEPTEMBER
                                          YEAR:     2014
                                          LATITUDE:   43 34 N
                                          LONGITUDE: 118 57 W

[TEMPERATURE DATA]      [PRECIPITATION DATA]       SYMBOLS USED IN COLUMN 16

AVERAGE MONTHLY: 58.1   TOTAL FOR MONTH:   0.26    1 = FOG OR MIST
DPTR FM NORMAL:   2.2   DPTR FM NORMAL:   -0.18    2 = FOG REDUCING VISIBILITY
HIGHEST:    89 ON 16,15 GRTST 24HR  0.25 ON 27-28      TO 1/4 MILE OR LESS
LOWEST:     26 ON 12                               3 = THUNDER
                        SNOW, ICE PELLETS, HAIL    4 = ICE PELLETS
                        TOTAL MONTH:    M          5 = HAIL
                        GRTST 24HR    M  ON   M    6 = FREEZING RAIN OR DRIZZLE
                        GRTST DEPTH:  M  ON   M    7 = DUSTSTORM OR SANDSTORM:
                                                       VSBY 1/2 MILE OR LESS
                                                   8 = SMOKE OR HAZE
[NO. OF DAYS WITH]      [WEATHER - DAYS WITH]      9 = BLOWING SNOW
                                                   X = TORNADO
MAX 32 OR BELOW:   0    0.01 INCH OR MORE:   3
MAX 90 OR ABOVE:   0    0.10 INCH OR MORE:   1
MIN 32 OR BELOW:   6    0.50 INCH OR MORE:   0
MIN  0 OR BELOW:   0    1.00 INCH OR MORE:   0

[HDD (BASE 65) ]
TOTAL THIS MO.   194    CLEAR  (SCALE 0-3)  24
DPTR FM NORMAL   -88    PTCLDY (SCALE 4-7)   2
TOTAL FM JUL 1   259    CLOUDY (SCALE 8-10)  2
DPTR FM NORMAL  -160

[CDD (BASE 65) ]
TOTAL THIS MO.     5
DPTR FM NORMAL    -4    [PRESSURE DATA]
TOTAL FM JAN 1   318    HIGHEST SLP 30.26 ON 11
DPTR FM NORMAL   103    LOWEST  SLP 29.67 ON 17

[REMARKS]
#FINAL-09-14#
