000
CXUS55 KBOI 271002
CF6BOI
PRELIMINARY LOCAL CLIMATOLOGICAL DATA (WS FORM: F-6)

                                          STATION:   BOISE ID
                                          MONTH:     DECEMBER
                                          YEAR:      2014
                                          LATITUDE:   43 34 N
                                          LONGITUDE: 116 13 W

  TEMPERATURE IN F:       :PCPN:    SNOW:  WIND      :SUNSHINE: SKY     :PK WND
================================================================================
1   2   3   4   5  6A  6B    7    8   9   10  11  12  13   14  15   16   17  18
                                     12Z  AVG MX 2MIN
DY MAX MIN AVG DEP HDD CDD  WTR  SNW DPTH SPD SPD DIR MIN PSBL S-S WX    SPD DR
================================================================================

 1  34  29  32  -2  33   0 0.09  0.5    0  5.3 10 150   M    M  10 16     14 170
 2  36  30  33   0  32   0 0.27  0.0    0  3.1  7 250   M    M  10 126     9 270
 3  46  34  40   7  25   0 0.27  0.0    0  3.0 21 220   M    M  10 12     24 210
 4  57  40  49  16  16   0 0.12  0.0    0  4.9 16 130   M    M   9 12     20 130
 5  46  34  40   8  25   0 0.00  0.0    0  2.2  9 120   M    M   7 12     12 130
 6  54  34  44  12  21   0 0.06  0.0    0  5.2 16 300   M    M   5 12     20 300
 7  54  33  44  12  21   0 0.00  0.0    0  2.0 12 320   M    M   4 12     13 320
 8  50  34  42  10  23   0 0.00  0.0    0  3.4 14 140   M    M   7 12     16 140
 9  49  36  43  11  22   0 0.00  0.0    0  4.2 15 140   M    M   4 1      20 140
10  58  34  46  15  19   0 0.00  0.0    0  9.9 23 130   M    M   0 1      29 150
11  63  51  57  26   8   0    T  0.0    0 15.8 28 150   M    M   8        36 150
12  62  40  51  20  14   0 0.22  0.0    0 17.2 32 140   M    M   5        44 140
13  45  34  40   9  25   0 0.01  0.0    0 11.1 21 320   M    M   9 1      23 300
14  42  26  34   4  31   0 0.00  0.0    0  3.2 10 140   M    M   0 1      14 130
15  44  29  37   7  28   0 0.00  0.0    0  7.3 16 110   M    M   3        22 130
16  42  36  39   9  26   0    T  0.0    0 10.4 22 140   M    M  10        28 140
17  46  27  37   7  28   0 0.00  0.0    0  2.9 14 150   M    M   6        17 160
18  47  34  41  11  24   0    T  0.0    0  8.4 15 150   M    M   9        18 150
19  45  36  41  11  24   0 0.16  0.0    0 10.4 22 140   M    M  10 1      30 150
20  44  36  40  10  25   0 0.71  0.0    0 10.0 17 120   M    M   9 1      22 120
21  47  40  44  14  21   0 0.76  0.0    0  7.6 28 340   M    M  10 1      35 340
22  48  31  40  10  25   0 0.11  0.0    0  7.7 28 300   M    M   6 1      35 300
23  44  27  36   6  29   0 0.00  0.0    0  5.9 16 140   M    M   4        20 140
24  37  29  33   3  32   0 0.38  1.0    0  7.1 31 300   M    M   6 1      38 290
25  37  27  32   2  33   0 0.00  0.0    1 16.8 28 320   M    M   2        36 320
26  37  21  29  -1  36   0 0.00  0.0    1  8.1 18 320   M    M   3        22 320
================================================================================
SM 1214  862       646   0  3.16     1.5 193.1          M      166
================================================================================
AV 46.7 33.2                               7.4 FASTST   M    M   6    MAX(MPH)
                                 MISC ---->  # 32 140               # 44  140
================================================================================
NOTES:
# LAST OF SEVERAL OCCURRENCES

COLUMN 17 PEAK WIND IN M.P.H.

PRELIMINARY LOCAL CLIMATOLOGICAL DATA (WS FORM: F-6) , PAGE 2

                                          STATION:  BOISE ID
                                          MONTH:    DECEMBER
                                          YEAR:     2014
                                          LATITUDE:   43 34 N
                                          LONGITUDE: 116 13 W

[TEMPERATURE DATA]      [PRECIPITATION DATA]       SYMBOLS USED IN COLUMN 16

AVERAGE MONTHLY: 39.9   TOTAL FOR MONTH:   3.16    1 = FOG OR MIST
DPTR FM NORMAL:   8.9   DPTR FM NORMAL:    1.86    2 = FOG REDUCING VISIBILITY
HIGHEST:    63 ON 11    GRTST 24HR  1.10 ON 20-21      TO 1/4 MILE OR LESS
LOWEST:     21 ON 26                               3 = THUNDER
                        SNOW, ICE PELLETS, HAIL    4 = ICE PELLETS
                        TOTAL MONTH:   1.5 INCHES  5 = HAIL
                        GRTST 24HR   1.0 ON 24-24  6 = FREEZING RAIN OR DRIZZLE
                        GRTST DEPTH:   1 ON 26,25  7 = DUSTSTORM OR SANDSTORM:
                                                       VSBY 1/2 MILE OR LESS
                                                   8 = SMOKE OR HAZE
[NO. OF DAYS WITH]      [WEATHER - DAYS WITH]      9 = BLOWING SNOW
                                                   X = TORNADO
MAX 32 OR BELOW:   0    0.01 INCH OR MORE:  12
MAX 90 OR ABOVE:   0    0.10 INCH OR MORE:   9
MIN 32 OR BELOW:  10    0.50 INCH OR MORE:   2
MIN  0 OR BELOW:   0    1.00 INCH OR MORE:   0

[HDD (BASE 65) ]
TOTAL THIS MO.   646    CLEAR  (SCALE 0-3)   4
DPTR FM NORMAL  -237    PTCLDY (SCALE 4-7)  12
TOTAL FM JUL 1  1785    CLOUDY (SCALE 8-10) 10
DPTR FM NORMAL  -352

[CDD (BASE 65) ]
TOTAL THIS MO.     0
DPTR FM NORMAL     0    [PRESSURE DATA]
TOTAL FM JAN 1  1129    HIGHEST SLP M ON M
DPTR FM NORMAL   187    LOWEST  SLP 29.49 ON 24

[REMARKS]
