000
CXUS55 KBOI 241002
CF6BOI
PRELIMINARY LOCAL CLIMATOLOGICAL DATA (WS FORM: F-6)

                                          STATION:   BOISE ID
                                          MONTH:     MAY
                                          YEAR:      2017
                                          LATITUDE:   43 34 N
                                          LONGITUDE: 116 13 W

  TEMPERATURE IN F:       :PCPN:    SNOW:  WIND      :SUNSHINE: SKY     :PK WND
================================================================================
1   2   3   4   5  6A  6B    7    8   9   10  11  12  13   14  15   16   17  18
                                     12Z  AVG MX 2MIN
DY MAX MIN AVG DEP HDD CDD  WTR  SNW DPTH SPD SPD DIR MIN PSBL S-S WX    SPD DR
================================================================================

 1  60  38  49  -6  16   0    T  0.0    0  9.5 21  30   M    M   3        26  30
 2  66  47  57   2   8   0    T  0.0    0  8.9 21 310   M    M   3        27 310
 3  74  44  59   4   6   0 0.00  0.0    0  6.0 13 310   M    M   0        17 280
 4  85  53  69  13   0   4 0.00  0.0    0 10.7 18 150   M    M   0        23 130
 5  81  60  71  15   0   6 0.06  0.0    0 15.0 36 150   M    M   4 3      44 150
 6  63  44  54  -2  11   0 0.08  0.0    0 15.1 30 300   M    M   7        35 320
 7  63  41  52  -4  13   0 0.00  0.0    0 14.5 24 320   M    M   3        30 320
 8  67  40  54  -3  11   0 0.00  0.0    0  5.4 14 300   M    M   0        17 300
 9  74  44  59   2   6   0 0.00  0.0    0  6.1 17 320   M    M   0        23 290
10  81  48  65   8   0   0 0.00  0.0    0  6.7 16 130   M    M   0 8      20 130
11  84  57  71  13   0   6    T  0.0    0 10.7 26 230   M    M   0        37 220
12  67  40  54  -4  11   0 0.06  0.0    0 10.5 30 300   M    M   3 1      35 320
13  56  31  44 -14  21   0 0.02  0.0    0  5.8 23 330   M    M   3 12     29 320
14  60  35  48 -11  17   0 0.01  0.0    0  5.7 17 320   M    M   2        21 310
15  64  36  50  -9  15   0 0.00  0.0    0  6.5 18 310   M    M   0        23 320
16  53  39  46 -13  19   0 0.50  0.0    0  9.3 26 300   M    M   8 138    36 240
17  49  36  43 -16  22   0 0.01  0.0    M 11.5 24 310   M    M   8        29 320
18  64  39  52  -8  13   0 0.00  0.0    0  6.7 17 310   M    M   6        22 300
19  71  45  58  -2   7   0 0.00  0.0    0  6.6 16 310   M    M   0        21 310
20  77  52  65   5   0   0    T  0.0    0  7.8 28 350   M    M   2        35 340
21  75  49  62   2   3   0 0.00  0.0    0  6.4 15 320   M    M   0        19 290
22  82  53  68   7   0   3 0.00  0.0    0  6.8 16 300   M    M   0        22 320
23  87  56  72  11   0   7 0.00  0.0    0  8.1 13 130   M    M   0        16 120
================================================================================
SM 1603 1027       199  26  0.74     0.0 200.3          M       52
================================================================================
AV 69.7 44.7                               8.7 FASTST   M    M   2    MAX(MPH)
                                 MISC ---->  # 36 150               # 44  150
================================================================================
NOTES:
# LAST OF SEVERAL OCCURRENCES

COLUMN 17 PEAK WIND IN M.P.H.

PRELIMINARY LOCAL CLIMATOLOGICAL DATA (WS FORM: F-6) , PAGE 2

                                          STATION:  BOISE ID
                                          MONTH:    MAY
                                          YEAR:     2017
                                          LATITUDE:   43 34 N
                                          LONGITUDE: 116 13 W

[TEMPERATURE DATA]      [PRECIPITATION DATA]       SYMBOLS USED IN COLUMN 16

AVERAGE MONTHLY: 57.2   TOTAL FOR MONTH:   0.74    1 = FOG OR MIST
DPTR FM NORMAL:  -0.7   DPTR FM NORMAL:   -0.31    2 = FOG REDUCING VISIBILITY
HIGHEST:    87 ON 23    GRTST 24HR  0.50 ON 16-16      TO 1/4 MILE OR LESS
LOWEST:     31 ON 13                               3 = THUNDER
                        SNOW, ICE PELLETS, HAIL    4 = ICE PELLETS
                        TOTAL MONTH:   0.0 INCH    5 = HAIL
                        GRTST 24HR     0.0         6 = FREEZING RAIN OR DRIZZLE
                        GRTST DEPTH:   0           7 = DUSTSTORM OR SANDSTORM:
                                                       VSBY 1/2 MILE OR LESS
                                                   8 = SMOKE OR HAZE
[NO. OF DAYS WITH]      [WEATHER - DAYS WITH]      9 = BLOWING SNOW
                                                   X = TORNADO
MAX 32 OR BELOW:   0    0.01 INCH OR MORE:   7
MAX 90 OR ABOVE:   0    0.10 INCH OR MORE:   1
MIN 32 OR BELOW:   1    0.50 INCH OR MORE:   1
MIN  0 OR BELOW:   0    1.00 INCH OR MORE:   0

[HDD (BASE 65) ]
TOTAL THIS MO.   199    CLEAR  (SCALE 0-3)  15
DPTR FM NORMAL    11    PTCLDY (SCALE 4-7)   8
TOTAL FM JUL 1  5438    CLOUDY (SCALE 8-10)  0
DPTR FM NORMAL    26

[CDD (BASE 65) ]
TOTAL THIS MO.    26
DPTR FM NORMAL     1    [PRESSURE DATA]
TOTAL FM JAN 1    26    HIGHEST SLP M ON M
DPTR FM NORMAL    -2    LOWEST  SLP 29.56 ON 16

[REMARKS]
