000
CXUS54 KMAF 231100
CF6BPG
PRELIMINARY LOCAL CLIMATOLOGICAL DATA (WS FORM: F-6)

                                          STATION:   Big Spring McMahon-Wrinkle Fi
                                          MONTH:     MARCH
                                          YEAR:      2017
                                          LATITUDE:   32 12 N
                                          LONGITUDE: 101 31 W

  TEMPERATURE IN F:       :PCPN:    SNOW:  WIND      :SUNSHINE: SKY     :PK WND
================================================================================
1   2   3   4   5  6A  6B    7    8   9   10  11  12  13   14  15   16   17  18
                                     12Z  AVG MX 2MIN
DY MAX MIN AVG DEP HDD CDD  WTR  SNW DPTH SPD SPD DIR MIN PSBL S-S WX    SPD DR
================================================================================

 1  63  42  53   M  12   0 0.00  0.0    0 11.0 23  20   M    M   0        30  20
 2  64  35  50   M  15   0 0.00  0.0    0  7.0 14 110   M    M   0         M  M
 3  63  37  50   M  15   0 0.00  0.0    0 10.3 16 110   M    M   0        22 140
 4  64  46  55   M  10   0 0.00  0.0    0 16.2 25 150   M    M   3        31 150
 5  80  56  68   M   0   3 0.00  0.0    0 16.2 27 170   M    M   5        32 160
 6  83  56  70   M   0   5 0.00  0.0    0 18.8 25 220   M    M   2        33 170
 7  65  46  56   M   9   0 0.00  0.0    0 11.1 27  30   M    M   1        33  40
 8  80  41  61   M   4   0 0.00  0.0    0  9.2 16 190   M    M   1        23 210
 9  82  62  72   M   0   7 0.00  0.0    0 11.7 22 170   M    M   4        35 170
10  66  51  59   M   6   0 0.00  0.0    0  9.9 16  60   M    M   5        22  30
11  78  42  60   M   5   0 0.01    M    0 11.9 31  30   M    M   7        39  40
12  55  38  47   M  18   0 0.00  0.0    0  8.7 21  30   M    M   7        28  30
13  65  45  55   M  10   0 0.01    M    0 10.0 21  40   M    M   4        25  40
14  80  40  60   M   5   0 0.00  0.0    0  9.9 22 190   M    M   0        24 190
15  71  43  57   M   8   0 0.00  0.0    0 12.2 17 160   M    M   1        23  40
16  86  55  71   M   0   6 0.00  0.0    0 15.3 21 160   M    M   3        27 160
17  89  54  72   M   0   7 0.00  0.0    0  9.3 18 160   M    M   0        23 160
18  84  55  70   M   0   5 0.00  0.0    0  8.9 14 170   M    M   0        20 150
19  88  58  73   M   0   8 0.00  0.0    0 14.0 22 150   M    M   1        27 150
20  92  58  75   M   0  10 0.00  0.0    0 13.7 20 170   M    M   0        23 170
21  94  57  76   M   0  11 0.00  0.0    0  9.9 17  60   M    M   0         M  M
22  88  55  72   M   0   7 0.00  0.0    0 14.0 25 140   M    M   0        36 140
================================================================================
SM 1680 1072       117  69  0.02     0.0 259.2          M       44
================================================================================
AV 76.4 48.7                              11.8 FASTST   M    M   2    MAX(MPH)
                                 MISC ---->    31   M                 39    M
================================================================================
NOTES:
# LAST OF SEVERAL OCCURRENCES

COLUMN 17 PEAK WIND IN M.P.H.

PRELIMINARY LOCAL CLIMATOLOGICAL DATA (WS FORM: F-6) , PAGE 2

                                          STATION:  Big Spring McMahon-Wrinkle Fi
                                          MONTH:    MARCH
                                          YEAR:     2017
                                          LATITUDE:   32 12 N
                                          LONGITUDE: 101 31 W

[TEMPERATURE DATA]      [PRECIPITATION DATA]       SYMBOLS USED IN COLUMN 16

AVERAGE MONTHLY: 62.5   TOTAL FOR MONTH:   0.02    1 = FOG OR MIST
DPTR FM NORMAL:     M   DPTR FM NORMAL:       M    2 = FOG REDUCING VISIBILITY
HIGHEST:    94 ON 21    GRTST 24HR  0.01 ON 13-13      TO 1/4 MILE OR LESS
LOWEST:     35 ON  2                               3 = THUNDER
                        SNOW, ICE PELLETS, HAIL    4 = ICE PELLETS
                        TOTAL MONTH:   0.0 INCH    5 = HAIL
                        GRTST 24HR     0.0         6 = FREEZING RAIN OR DRIZZLE
                        GRTST DEPTH:   0           7 = DUSTSTORM OR SANDSTORM:
                                                       VSBY 1/2 MILE OR LESS
                                                   8 = SMOKE OR HAZE
[NO. OF DAYS WITH]      [WEATHER - DAYS WITH]      9 = BLOWING SNOW
                                                   X = TORNADO
MAX 32 OR BELOW:   0    0.01 INCH OR MORE:   2
MAX 90 OR ABOVE:   2    0.10 INCH OR MORE:   0
MIN 32 OR BELOW:   0    0.50 INCH OR MORE:   0
MIN  0 OR BELOW:   0    1.00 INCH OR MORE:   0

[HDD (BASE 65) ]
TOTAL THIS MO.   117    CLEAR  (SCALE 0-3)  15
DPTR FM NORMAL     M    PTCLDY (SCALE 4-7)   7
TOTAL FM JUL 1  1718    CLOUDY (SCALE 8-10)  0
DPTR FM NORMAL     M

[CDD (BASE 65) ]
TOTAL THIS MO.    69
DPTR FM NORMAL     M    [PRESSURE DATA]
TOTAL FM JAN 1    75    HIGHEST SLP M ON M
DPTR FM NORMAL     M    LOWEST  SLP M ON M

[REMARKS]
