000
CXUS54 KMAF 011100
CF6BPG
PRELIMINARY LOCAL CLIMATOLOGICAL DATA (WS FORM: F-6)

                                          STATION:   Big Spring McMahon-Wrinkle Fi
                                          MONTH:     JULY
                                          YEAR:      2015
                                          LATITUDE:   32 12 N
                                          LONGITUDE: 101 31 W

  TEMPERATURE IN F:       :PCPN:    SNOW:  WIND      :SUNSHINE: SKY     :PK WND
================================================================================
1   2   3   4   5  6A  6B    7    8   9   10  11  12  13   14  15   16   17  18
                                     12Z  AVG MX 2MIN
DY MAX MIN AVG DEP HDD CDD  WTR  SNW DPTH SPD SPD DIR MIN PSBL S-S WX    SPD DR
================================================================================

 1  92  71  82   M   0  17 0.00  0.0    0 10.9 15 160   M    M   2        22 160
 2  92  72  82   M   0  17 0.00  0.0    M 11.3 14 150   M    M   0        20 160
 3  92  74  83   M   0  18 0.00  0.0    0  7.8 13 130   M    M   3         9 180
 4  94  74  84   M   0  19 0.01  0.0    0  9.4 14 160   M    M   2        17 180
 5  94  74  84   M   0  19 0.00  0.0    0 14.0 18 140   M    M   2        25 140
 6 100  72  86   M   0  21 0.62  0.0    0 14.4 24 120   M    M   2 3      32 120
 7  82  67  75   M   0  10 1.57  0.0    0  7.9 15 170   M    M   9 3      18  20
 8  87  67  77   M   0  12 0.00  0.0    0  6.9 17 110   M    M   6        23 120
 9  88  74  81   M   0  16 0.00  0.0    0 13.8 23 150   M    M   3        28 150
10  94  74  84   M   0  19 0.00  0.0    0 13.6 21 170   M    M   2 3      27 170
11  94  74  84   M   0  19 0.00  0.0    0 13.1 17 140   M    M   0        24 170
12  98  72  85   M   0  20 0.00  0.0    0 10.5 17 170   M    M   0        21 170
13 100  73  87   M   0  22 0.00  0.0    0  9.5 13 140   M    M   0        16 160
14 100  73  87   M   0  22 0.00  0.0    0  9.7 15 160   M    M   0        20 110
15  98  74  86   M   0  21 0.00  0.0    0 11.7 16 160   M    M   0        18 160
16 100  74  87   M   0  22 0.00  0.0    0 12.3 21 170   M    M   0        24 170
17 100  74  87   M   0  22 0.00  0.0    0 14.2 20 160   M    M   0        25 160
18 101  74  88   M   0  23 0.00  0.0    0 12.7 18 160   M    M   0        23 160
19 100  75  88   M   0  23 0.00  0.0    0 11.7 16 160   M    M   0        23 160
20 102  79  91   M   0  26 0.00  0.0    0  9.8 17 160   M    M   0        21 160
21 100  74  87   M   0  22 0.00  0.0    0  5.3 12 230   M    M   2 3       M  M
22  97  74  86   M   0  21 0.00  0.0    0  8.0 14 190   M    M   0        18 130
23  98  75  87   M   0  22 0.00  0.0    0 11.0 15 160   M    M   0        23 160
24  98  75  87   M   0  22 0.00  0.0    0 10.2 15 160   M    M   0        17 160
25  98  75  87   M   0  22 0.00  0.0    0  9.9 15 170   M    M   0        17 150
26  98  75  87   M   0  22 0.00  0.0    0  8.8 16 110   M    M   1        16 190
27  98  75  87   M   0  22 0.00  0.0    0 11.0 15 130   M    M   1        21 140
28  98  75  87   M   0  22 0.00  0.0    0 10.5 16 170   M    M   1        18 170
29  95  71  83   M   0  18 0.00  0.0    0  6.6 13  70   M    M   3        18  80
30  95  75  85   M   0  20 0.00  0.0    0  7.4 12  60   M    M   2         M  M
31  95  70  83   M   0  18 0.00  0.0    0  8.0 20  60   M    M   2        28  60
================================================================================
SM 2978 2275         0 619  2.20     0.0 321.9          M       43
================================================================================
AV 96.1 73.4                              10.4 FASTST   M    M   1    MAX(MPH)
                                 MISC ---->    24   M                 32    M
================================================================================
NOTES:
# LAST OF SEVERAL OCCURRENCES

COLUMN 17 PEAK WIND IN M.P.H.

PRELIMINARY LOCAL CLIMATOLOGICAL DATA (WS FORM: F-6) , PAGE 2

                                          STATION:  Big Spring McMahon-Wrinkle Fi
                                          MONTH:    JULY
                                          YEAR:     2015
                                          LATITUDE:   32 12 N
                                          LONGITUDE: 101 31 W

[TEMPERATURE DATA]      [PRECIPITATION DATA]       SYMBOLS USED IN COLUMN 16

AVERAGE MONTHLY: 84.7   TOTAL FOR MONTH:   2.20    1 = FOG OR MIST
DPTR FM NORMAL:     M   DPTR FM NORMAL:       M    2 = FOG REDUCING VISIBILITY
HIGHEST:   102 ON 20    GRTST 24HR  1.57 ON  7- 7      TO 1/4 MILE OR LESS
LOWEST:     67 ON  8, 7                            3 = THUNDER
                        SNOW, ICE PELLETS, HAIL    4 = ICE PELLETS
                        TOTAL MONTH:   0.0 INCH    5 = HAIL
                        GRTST 24HR     0.0         6 = FREEZING RAIN OR DRIZZLE
                        GRTST DEPTH:   0           7 = DUSTSTORM OR SANDSTORM:
                                                       VSBY 1/2 MILE OR LESS
                                                   8 = SMOKE OR HAZE
[NO. OF DAYS WITH]      [WEATHER - DAYS WITH]      9 = BLOWING SNOW
                                                   X = TORNADO
MAX 32 OR BELOW:   0    0.01 INCH OR MORE:   3
MAX 90 OR ABOVE:  28    0.10 INCH OR MORE:   2
MIN 32 OR BELOW:   0    0.50 INCH OR MORE:   2
MIN  0 OR BELOW:   0    1.00 INCH OR MORE:   1

[HDD (BASE 65) ]
TOTAL THIS MO.     0    CLEAR  (SCALE 0-3)  27
DPTR FM NORMAL     M    PTCLDY (SCALE 4-7)   3
TOTAL FM JUL 1     0    CLOUDY (SCALE 8-10)  1
DPTR FM NORMAL     M

[CDD (BASE 65) ]
TOTAL THIS MO.   619
DPTR FM NORMAL     M    [PRESSURE DATA]
TOTAL FM JAN 1  1566    HIGHEST SLP M ON M
DPTR FM NORMAL     M    LOWEST  SLP M ON M

[REMARKS]
#FINAL-07-15#
