000
CXUS54 KLZK 261130
CF6BPK
PRELIMINARY LOCAL CLIMATOLOGICAL DATA (WS FORM: F-6)

                                          STATION:   Mountain Home Airport
                                          MONTH:     APRIL
                                          YEAR:      2017
                                          LATITUDE:   36 22 N
                                          LONGITUDE:  92 28 W

  TEMPERATURE IN F:       :PCPN:    SNOW:  WIND      :SUNSHINE: SKY     :PK WND
================================================================================
1   2   3   4   5  6A  6B    7    8   9   10  11  12  13   14  15   16   17  18
                                     12Z  AVG MX 2MIN
DY MAX MIN AVG DEP HDD CDD  WTR  SNW DPTH SPD SPD DIR MIN PSBL S-S WX    SPD DR
================================================================================

 1  67  42  55   1  10   0 0.00    M    M  7.2 13 140   M    M   3        18 150
 2  72  48  60   6   5   0 0.21    M    M  7.0 17 140   M    M   3        22 140
 3  67  55  61   6   4   0    T    M    M  5.5 16 300   M    M   8 13     27 270
 4  80  48  64   9   1   0 0.85    M    M  5.6 16 310   M    M   2 13     29 310
 5  56  45  51  -4  14   0 0.12    M    M  8.7 21 340   M    M   6 13     36 350
 6  62  42  52  -4  13   0 0.00    M    M  7.6 16 350   M    M   2        27 290
 7  66  36  51  -5  14   0 0.00    M    M  3.7 10 290   M    M   0        15 290
 8  79  45  62   6   3   0 0.00    M    M  9.5 20 200   M    M   0        28 190
 9  76  59  68  11   0   3 0.00    M    M 11.7 23 210   M    M   0        35 190
10  74  58  66   9   0   1 0.00    M    M  9.0 18 220   M    M   6        25 250
11  70  50  60   3   5   0 0.00    M    M  3.5  8 350   M    M   2        12 310
12  78  45  62   4   3   0 0.00    M    M  5.6 13 170   M    M   0        19 190
13  82  55  69  11   0   4 0.00    M    M  4.1 10 250   M    M   1         M  M
14  82  61  72  14   0   7    T    M    M  6.3 16 210   M    M   2        22 200
15  82  61  72  14   0   7 0.00    M    M  8.8 17 200   M    M   2        24 220
16  70  61  66   7   0   1 0.60  0.0    0  3.7 18 190   M    M   7 1      24 200
17  69  59  64   5   1   0 0.93  0.0    0  5.8 13  90   M    M   9 1      19  90
18  77  58  68   9   0   3 0.00  0.0    0  4.3 12 160   M    M   6 1      14 160
19  82  57  70  10   0   5 0.00  0.0    0  6.1 13 210   M    M   1 1      22 210
20  80  61  71  11   0   6 0.01  0.0    0  4.1 16 240   M    M   6        23 250
21  65  48  57  -3   8   0 2.78  0.0    0  6.1 12 110   M    M  10 13     21 110
22  50  46  48 -13  17   0 0.18  0.0    0  3.7 14 150   M    M  10 1      20 150
23  71  43  57  -4   8   0 0.00  0.0    0  4.4 15  70   M    M   1        22  60
24  76  40  58  -3   7   0 0.00  0.0    0  4.2 10 150   M    M   0 1      16 190
25  83  52  68   6   0   3 0.00  0.0    0  7.8 20 180   M    M   2        30 190
================================================================================
SM 1816 1275       113  40  5.68     0.0 154.0          M       89
================================================================================
AV 72.6 51.0                               6.2 FASTST   M    M   4    MAX(MPH)
                                 MISC ---->  # 23 210               # 36  350
================================================================================
NOTES:
# LAST OF SEVERAL OCCURRENCES

COLUMN 17 PEAK WIND IN M.P.H.

PRELIMINARY LOCAL CLIMATOLOGICAL DATA (WS FORM: F-6) , PAGE 2

                                          STATION:  Mountain Home Airport
                                          MONTH:    APRIL
                                          YEAR:     2017
                                          LATITUDE:   36 22 N
                                          LONGITUDE:  92 28 W

[TEMPERATURE DATA]      [PRECIPITATION DATA]       SYMBOLS USED IN COLUMN 16

AVERAGE MONTHLY: 61.8   TOTAL FOR MONTH:   5.68    1 = FOG OR MIST
DPTR FM NORMAL:   4.0   DPTR FM NORMAL:    2.07    2 = FOG REDUCING VISIBILITY
HIGHEST:    83 ON 25    GRTST 24HR  2.78 ON 21-21      TO 1/4 MILE OR LESS
LOWEST:     36 ON  7                               3 = THUNDER
                        SNOW, ICE PELLETS, HAIL    4 = ICE PELLETS
                        TOTAL MONTH:   0.0 INCH    5 = HAIL
                        GRTST 24HR     0.0         6 = FREEZING RAIN OR DRIZZLE
                        GRTST DEPTH:   0           7 = DUSTSTORM OR SANDSTORM:
                                                       VSBY 1/2 MILE OR LESS
                                                   8 = SMOKE OR HAZE
[NO. OF DAYS WITH]      [WEATHER - DAYS WITH]      9 = BLOWING SNOW
                                                   X = TORNADO
MAX 32 OR BELOW:   0    0.01 INCH OR MORE:   8
MAX 90 OR ABOVE:   0    0.10 INCH OR MORE:   7
MIN 32 OR BELOW:   0    0.50 INCH OR MORE:   4
MIN  0 OR BELOW:   0    1.00 INCH OR MORE:   1

[HDD (BASE 65) ]
TOTAL THIS MO.   113    CLEAR  (SCALE 0-3)  15
DPTR FM NORMAL   -91    PTCLDY (SCALE 4-7)   7
TOTAL FM JUL 1  2797    CLOUDY (SCALE 8-10)  3
DPTR FM NORMAL  -916

[CDD (BASE 65) ]
TOTAL THIS MO.    40
DPTR FM NORMAL    15    [PRESSURE DATA]
TOTAL FM JAN 1    49    HIGHEST SLP M ON M
DPTR FM NORMAL    15    LOWEST  SLP 29.45 ON 25

[REMARKS]
