508
CXUS54 KLCH 230826
CF6BPT
PRELIMINARY LOCAL CLIMATOLOGICAL DATA (WS FORM: F-6)

                                          STATION:   BEAUMONT PORT ARTHUR
                                          MONTH:     OCTOBER
                                          YEAR:      2017
                                          LATITUDE:   29 57 N
                                          LONGITUDE:  94  1 W

  TEMPERATURE IN F:       :PCPN:    SNOW:  WIND      :SUNSHINE: SKY     :PK WND
================================================================================
1   2   3   4   5  6A  6B    7    8   9   10  11  12  13   14  15   16   17  18
                                     12Z  AVG MX 2MIN
DY MAX MIN AVG DEP HDD CDD  WTR  SNW DPTH SPD SPD DIR MIN PSBL S-S WX    SPD DR
================================================================================

 1  91  66  79   4   0  14 0.00  0.0    0  7.3 15  90   M    M   1        23 100
 2  85  74  80   6   0  15 0.83  0.0    0 11.5 23 100   M    M   7 13     29 100
 3  83  77  80   6   0  15 0.60  0.0    0 12.9 22 100   M    M   7 13     28 100
 4  89  73  81   7   0  16 0.00  0.0    0  9.2 17 100   M    M   2        21 100
 5  87  69  78   4   0  13 0.00  0.0    0  6.9 16  70   M    M   1        24 190
 6  88  67  78   5   0  13 0.00  0.0    0  6.7 15  70   M    M   2        20 110
 7  91  76  84  11   0  19 0.88  0.0    0  7.6 21  30   M    M   7 13     24  50
 8  92  71  82   9   0  17 0.00  0.0    0  4.3 13 180   M    M   1 1      16 180
 9  92  72  82  10   0  17 0.00  0.0    0  4.8 14 180   M    M   3 12     19 180
10  85  69  77   5   0  12 0.19  0.0    0  7.7 17 350   M    M   5 123    22 340
11  85  63  74   2   0   9 0.00  0.0    0  9.2 18 350   M    M   1        21 360
12  91  66  79   7   0  14 0.00  0.0    0  4.6  9  40   M    M   1 1      12  30
13  91  71  81  10   0  16 0.00  0.0    0  3.2 10 140   M    M   1 1      12 150
14  89  70  80   9   0  15 0.00  0.0    0  5.6 14 120   M    M   1 12     19 120
15  91  71  81  10   0  16    T  0.0    0  8.9 25 360   M    M   4 1      33 360
16  77  58  68  -2   0   3 0.00  0.0    0 14.5 24  20   M    M   2        31  10
17  78  49  64  -6   1   0 0.00    M    0  6.5 13  10   M    M   0        17  20
18  82  53  68  -2   0   3 0.00  0.0    0  4.0 12 100   M    M   0        15 120
19  83  60  72   2   0   7 0.02  0.0    0  7.0 16 110   M    M   1 13     22  70
20  74  71  73   4   0   8 0.25  0.0    0 10.4 18  90   M    M   7 13     23  90
21  86  72  79  10   0  14    T  0.0    0  9.0 16 140   M    M   5 1      22 120
22  76  56  66  -3   0   1 0.39  0.0    0  7.9 40 360   M    M   5 13     52 360
================================================================================
SM 1886 1474         1 257  3.16     0.0 169.7          M       64
================================================================================
AV 85.7 67.0                               7.7 FASTST   M    M   3    MAX(MPH)
                                 MISC ---->  # 40 360               # 52  360
================================================================================
NOTES:
# LAST OF SEVERAL OCCURRENCES

COLUMN 17 PEAK WIND IN M.P.H.

PRELIMINARY LOCAL CLIMATOLOGICAL DATA (WS FORM: F-6) , PAGE 2

                                          STATION:  BEAUMONT PORT ARTHUR
                                          MONTH:    OCTOBER
                                          YEAR:     2017
                                          LATITUDE:   29 57 N
                                          LONGITUDE:  94  1 W

[TEMPERATURE DATA]      [PRECIPITATION DATA]       SYMBOLS USED IN COLUMN 16

AVERAGE MONTHLY: 76.4   TOTAL FOR MONTH:   3.16    1 = FOG OR MIST
DPTR FM NORMAL:   4.6   DPTR FM NORMAL:   -0.87    2 = FOG REDUCING VISIBILITY
HIGHEST:    92 ON  9, 8 GRTST 24HR  0.88 ON  7- 7      TO 1/4 MILE OR LESS
LOWEST:     49 ON 17                               3 = THUNDER
                        SNOW, ICE PELLETS, HAIL    4 = ICE PELLETS
                        TOTAL MONTH:   0.0 INCH    5 = HAIL
                        GRTST 24HR     0.0         6 = FREEZING RAIN OR DRIZZLE
                        GRTST DEPTH:   0           7 = DUSTSTORM OR SANDSTORM:
                                                       VSBY 1/2 MILE OR LESS
                                                   8 = SMOKE OR HAZE
[NO. OF DAYS WITH]      [WEATHER - DAYS WITH]      9 = BLOWING SNOW
                                                   X = TORNADO
MAX 32 OR BELOW:   0    0.01 INCH OR MORE:   7
MAX 90 OR ABOVE:   7    0.10 INCH OR MORE:   6
MIN 32 OR BELOW:   0    0.50 INCH OR MORE:   3
MIN  0 OR BELOW:   0    1.00 INCH OR MORE:   0

[HDD (BASE 65) ]
TOTAL THIS MO.     1    CLEAR  (SCALE 0-3)  14
DPTR FM NORMAL   -11    PTCLDY (SCALE 4-7)   8
TOTAL FM JUL 1     1    CLOUDY (SCALE 8-10)  0
DPTR FM NORMAL   -12

[CDD (BASE 65) ]
TOTAL THIS MO.   257
DPTR FM NORMAL    93    [PRESSURE DATA]
TOTAL FM JAN 1  2986    HIGHEST SLP M ON M
DPTR FM NORMAL   236    LOWEST  SLP 29.67 ON  7

[REMARKS]
