000
CXUS54 KBRO 210900
CF6BRO
PRELIMINARY LOCAL CLIMATOLOGICAL DATA (WS FORM: F-6)

                                          STATION:   BROWNSVILLE
                                          MONTH:     FEBRUARY
                                          YEAR:      2017
                                          LATITUDE:   25 53 N
                                          LONGITUDE:  97 26 W

  TEMPERATURE IN F:       :PCPN:    SNOW:  WIND      :SUNSHINE: SKY     :PK WND
================================================================================
1   2   3   4   5  6A  6B    7    8   9   10  11  12  13   14  15   16   17  18
                                     12Z  AVG MX 2MIN
DY MAX MIN AVG DEP HDD CDD  WTR  SNW DPTH SPD SPD DIR MIN PSBL S-S WX    SPD DR
================================================================================

 1  81  59  70   8   0   5 0.00  0.0    0 11.0 24 180   M    M   4        33 160
 2  84  61  73  11   0   8 0.00  0.0    0  7.6 17 140   M    M   4 12     21 130
 3  79  67  73  10   0   8 0.57  0.0    0  9.9 20  30   M    M   9 18     25  70
 4  77  65  71   8   0   6 0.62  0.0    0  8.0 18 160   M    M   8 1      22 150
 5  82  63  73  10   0   8 0.02  0.0    0 12.4 24 150   M    M   5 1      30 160
 6  82  70  76  13   0  11 0.00  0.0    0 16.5 31 160   M    M   4 1      37 160
 7  85  67  76  13   0  11 0.00  0.0    0 11.6 24 180   M    M   4 1      29 170
 8  86  69  78  15   0  13 0.00  0.0    0  9.6 18 180   M    M   5 1      24 190
 9  77  63  70   7   0   5 0.00  0.0    0  9.1 20  20   M    M   6 1      27  30
10  85  64  75  11   0  10 0.00  0.0    0  9.5 22 190   M    M   6 12     26 190
11  85  71  78  14   0  13 0.00  0.0    0 18.1 31 160   M    M   4        36 170
12  83  70  77  13   0  12 0.00  0.0    0 12.7 24 150   M    M   5        31 140
13  84  70  77  13   0  12 0.00  0.0    0 14.0 26 140   M    M   5        33 150
14  78  61  70   6   0   5    T  0.0    0 14.2 23 310   M    M   6        31 290
15  69  51  60  -4   5   0 0.00  0.0    0 10.2 25 320   M    M   1        36 360
16  73  49  61  -3   4   0 0.00  0.0    0  4.7 16 130   M    M   4        21 130
17  85  61  73   9   0   8 0.00  0.0    0  8.3 21 190   M    M   5        29 200
18  85  63  74   9   0   9 0.00  0.0    0 11.6 22 140   M    M   5 12     28 160
19  87  74  81  16   0  16 0.00  0.0    0 19.7 31 150   M    M   7        39 150
20  76  59  68   3   0   3 0.14  0.0    0  7.2 25 150   M    M   6 13     32 160
================================================================================
SM 1623 1277         9 163  1.35     0.0 225.8          M      103
================================================================================
AV 81.2 63.9                              11.3 FASTST   M    M   5    MAX(MPH)
                                 MISC ---->  # 31 160               # 39  150
================================================================================
NOTES:
# LAST OF SEVERAL OCCURRENCES

COLUMN 17 PEAK WIND IN M.P.H.

PRELIMINARY LOCAL CLIMATOLOGICAL DATA (WS FORM: F-6) , PAGE 2

                                          STATION:  BROWNSVILLE
                                          MONTH:    FEBRUARY
                                          YEAR:     2017
                                          LATITUDE:   25 53 N
                                          LONGITUDE:  97 26 W

[TEMPERATURE DATA]      [PRECIPITATION DATA]       SYMBOLS USED IN COLUMN 16

AVERAGE MONTHLY: 72.5   TOTAL FOR MONTH:   1.35    1 = FOG OR MIST
DPTR FM NORMAL:   8.9   DPTR FM NORMAL:    0.51    2 = FOG REDUCING VISIBILITY
HIGHEST:    87 ON 19    GRTST 24HR  1.18 ON  3- 4      TO 1/4 MILE OR LESS
LOWEST:     49 ON 16                               3 = THUNDER
                        SNOW, ICE PELLETS, HAIL    4 = ICE PELLETS
                        TOTAL MONTH:   0.0 INCH    5 = HAIL
                        GRTST 24HR     0.0         6 = FREEZING RAIN OR DRIZZLE
                        GRTST DEPTH:   0           7 = DUSTSTORM OR SANDSTORM:
                                                       VSBY 1/2 MILE OR LESS
                                                   8 = SMOKE OR HAZE
[NO. OF DAYS WITH]      [WEATHER - DAYS WITH]      9 = BLOWING SNOW
                                                   X = TORNADO
MAX 32 OR BELOW:   0    0.01 INCH OR MORE:   4
MAX 90 OR ABOVE:   0    0.10 INCH OR MORE:   3
MIN 32 OR BELOW:   0    0.50 INCH OR MORE:   2
MIN  0 OR BELOW:   0    1.00 INCH OR MORE:   0

[HDD (BASE 65) ]
TOTAL THIS MO.     9    CLEAR  (SCALE 0-3)   1
DPTR FM NORMAL   -74    PTCLDY (SCALE 4-7)  18
TOTAL FM JUL 1   199    CLOUDY (SCALE 8-10)  1
DPTR FM NORMAL  -283

[CDD (BASE 65) ]
TOTAL THIS MO.   163
DPTR FM NORMAL   108    [PRESSURE DATA]
TOTAL FM JAN 1   304    HIGHEST SLP 29.83 ON 18
DPTR FM NORMAL   190    LOWEST  SLP 29.70 ON M

[REMARKS]
