000
CXUS54 KBRO 230900
CF6BRO
PRELIMINARY LOCAL CLIMATOLOGICAL DATA (WS FORM: F-6)

                                          STATION:   BROWNSVILLE
                                          MONTH:     OCTOBER
                                          YEAR:      2014
                                          LATITUDE:   25 53 N
                                          LONGITUDE:  97 26 W

  TEMPERATURE IN F:       :PCPN:    SNOW:  WIND      :SUNSHINE: SKY     :PK WND
================================================================================
1   2   3   4   5  6A  6B    7    8   9   10  11  12  13   14  15   16   17  18
                                     12Z  AVG MX 2MIN
DY MAX MIN AVG DEP HDD CDD  WTR  SNW DPTH SPD SPD DIR MIN PSBL S-S WX    SPD DR
================================================================================

 1  92  76  84   5   0  19 0.00  0.0    0  9.4 21 140   M    M   2 1      24 140
 2  92  81  87   8   0  22 0.00  0.0    0 11.1 24 170   M    M   2 1      29 170
 3  91  77  84   5   0  19    T  0.0    0  6.8 18  50   M    M   5 18     24  40
 4  86  71  79   1   0  14 0.00  0.0    0  7.3 16  50   M    M   1        24  30
 5  89  69  79   1   0  14 0.00  0.0    0  7.1 17 140   M    M   2        21 150
 6  90  75  83   5   0  18 0.00  0.0    0  7.6 15 170   M    M   2        20 170
 7  91  74  83   5   0  18 0.00  0.0    0  6.5 14 120   M    M   1 1      18 110
 8  91  74  83   5   0  18 0.00  0.0    0  8.1 18 150   M    M   2 1      23 120
 9  90  77  84   6   0  19    T  0.0    0  9.8 21 140   M    M   1        25 140
10  90  77  84   7   0  19 0.00  0.0    0 12.9 26 150   M    M   2        31 160
11  89  76  83   6   0  18 0.64  0.0    0  6.0 20 160   M    M   2 1      24 170
12  90  75  83   6   0  18    T  0.0    0 10.3 22 170   M    M   1 1      28 150
13  91  71  81   4   0  16 0.00  0.0    0 13.0 30 180   M    M   2        36 180
14  83  60  72  -5   0   7 0.00  0.0    0  6.3 16 350   M    M   0        22 360
15  86  56  71  -5   0   6 0.00  0.0    0  2.8 13 100   M    M   0        17 100
16  85  56  71  -5   0   6 0.00  0.0    0  5.2 18 160   M    M   0        22 150
17  90  63  77   1   0  12 0.00  0.0    0  8.8 22 170   M    M   2        25 190
18  86  74  80   4   0  15 1.42  0.0    0  6.7 16 120   M    M   5 13     21 110
19  87  73  80   4   0  15 0.00  0.0    0  7.2 17  80   M    M   4        23  80
20  89  71  80   4   0  15 0.00  0.0    0  5.1 15  80   M    M   2        18  80
21  88  70  79   4   0  14 0.36  0.0    0  7.4 23 130   M    M   4 1      29 130
22  86  72  79   4   0  14 1.29  0.0    0  7.7 28 160   M    M   4 1      33 160
================================================================================
SM 1952 1568         0 336  3.71     0.0 173.1          M       46
================================================================================
AV 88.7 71.3                               7.9 FASTST   M    M   2    MAX(MPH)
                                 MISC ---->  # 30 180               # 36  180
================================================================================
NOTES:
# LAST OF SEVERAL OCCURRENCES

COLUMN 17 PEAK WIND IN M.P.H.

PRELIMINARY LOCAL CLIMATOLOGICAL DATA (WS FORM: F-6) , PAGE 2

                                          STATION:  BROWNSVILLE
                                          MONTH:    OCTOBER
                                          YEAR:     2014
                                          LATITUDE:   25 53 N
                                          LONGITUDE:  97 26 W

[TEMPERATURE DATA]      [PRECIPITATION DATA]       SYMBOLS USED IN COLUMN 16

AVERAGE MONTHLY: 80.0   TOTAL FOR MONTH:   3.71    1 = FOG OR MIST
DPTR FM NORMAL:   2.9   DPTR FM NORMAL:    0.80    2 = FOG REDUCING VISIBILITY
HIGHEST:    92 ON  2, 1 GRTST 24HR  1.65 ON 21-22      TO 1/4 MILE OR LESS
LOWEST:     56 ON 16,15                            3 = THUNDER
                        SNOW, ICE PELLETS, HAIL    4 = ICE PELLETS
                        TOTAL MONTH:   0.0 INCH    5 = HAIL
                        GRTST 24HR     0.0         6 = FREEZING RAIN OR DRIZZLE
                        GRTST DEPTH:   0           7 = DUSTSTORM OR SANDSTORM:
                                                       VSBY 1/2 MILE OR LESS
                                                   8 = SMOKE OR HAZE
[NO. OF DAYS WITH]      [WEATHER - DAYS WITH]      9 = BLOWING SNOW
                                                   X = TORNADO
MAX 32 OR BELOW:   0    0.01 INCH OR MORE:   4
MAX 90 OR ABOVE:  11    0.10 INCH OR MORE:   4
MIN 32 OR BELOW:   0    0.50 INCH OR MORE:   3
MIN  0 OR BELOW:   0    1.00 INCH OR MORE:   2

[HDD (BASE 65) ]
TOTAL THIS MO.     0    CLEAR  (SCALE 0-3)  17
DPTR FM NORMAL     0    PTCLDY (SCALE 4-7)   5
TOTAL FM JUL 1     0    CLOUDY (SCALE 8-10)  0
DPTR FM NORMAL     0

[CDD (BASE 65) ]
TOTAL THIS MO.   336
DPTR FM NORMAL    67    [PRESSURE DATA]
TOTAL FM JAN 1  3684    HIGHEST SLP M ON M
DPTR FM NORMAL     4    LOWEST  SLP 29.72 ON 13

[REMARKS]
