000
CXUS54 KBRO 310900
CF6BRO
PRELIMINARY LOCAL CLIMATOLOGICAL DATA (WS FORM: F-6)

                                          STATION:   BROWNSVILLE
                                          MONTH:     AUGUST
                                          YEAR:      2014
                                          LATITUDE:   25 53 N
                                          LONGITUDE:  97 26 W

  TEMPERATURE IN F:       :PCPN:    SNOW:  WIND      :SUNSHINE: SKY     :PK WND
================================================================================
1   2   3   4   5  6A  6B    7    8   9   10  11  12  13   14  15   16   17  18
                                     12Z  AVG MX 2MIN
DY MAX MIN AVG DEP HDD CDD  WTR  SNW DPTH SPD SPD DIR MIN PSBL S-S WX    SPD DR
================================================================================

 1  97  78  88   2   0  23 0.00  0.0    0 11.1 21 140   M    M   1        29 170
 2  96  77  87   1   0  22 0.00  0.0    0  7.0 15 130   M    M   2        18  70
 3  94  75  85  -1   0  20 0.00  0.0    0  5.7 17  50   M    M   4        21  40
 4  98  74  86   0   0  21 0.00  0.0    0  5.5 18 110   M    M   2        24 110
 5  96  74  85  -1   0  20 0.00  0.0    0  7.4 17 100   M    M   1        22 110
 6  98  78  88   2   0  23 0.00  0.0    0 12.4 25 150   M    M   1        31 160
 7  98  78  88   2   0  23 0.00  0.0    0 13.4 26 170   M    M   1        33 130
 8  97  79  88   2   0  23    T  0.0    0 10.9 29 150   M    M   1 3      36 150
 9  94  80  87   1   0  22    T  0.0    0  9.2 18 140   M    M   1        24 140
10  98  77  88   2   0  23 0.00  0.0    0  8.7 20 120   M    M   1        25 120
11  94  77  86   0   0  21 0.00  0.0    0  5.8 15 120   M    M   2        18 130
12  98  76  87   1   0  22 0.00  0.0    0  5.8 18 100   M    M   1        25 120
13  96  76  86   0   0  21 0.00  0.0    0  4.6 18 140   M    M   1 3      22 140
14  96  75  86   0   0  21 0.00  0.0    0  6.0 25 160   M    M   1        29 160
15  99  76  88   2   0  23 0.00  0.0    0 12.1 23 140   M    M   1        31 150
16  97  80  89   3   0  24 0.00  0.0    0 16.2 26 150   M    M   2        33 150
17  97  80  89   3   0  24 0.00  0.0    0 16.2 28 160   M    M   2        35 160
18  96  75  86   1   0  21 0.18  0.0    0 14.1 43 180   M    M   2        53 180
19  97  75  86   1   0  21 0.03  0.0    0 14.9 28 150   M    M   1        35 160
20  97  77  87   2   0  22 0.00  0.0    0 14.9 29 160   M    M   3        38 160
21  97  79  88   3   0  23 0.00  0.0    0 14.1 25 160   M    M   2        36 140
22  98  76  87   2   0  22 0.00  0.0    0 10.7 22 140   M    M   0        28 130
23  98  78  88   3   0  23 0.00  0.0    0  8.7 18 140   M    M   1        24 110
24  97  77  87   2   0  22 0.00  0.0    0  8.3 22 110   M    M   1        26 120
25  97  77  87   2   0  22 0.00  0.0    0  6.8 18  80   M    M   1        24 120
26  99  75  87   2   0  22 0.00  0.0    0  5.7 21  80   M    M   1        26  80
27  99  78  89   4   0  24 0.00  0.0    0  8.4 21  30   M    M   2        28  30
28  96  79  88   3   0  23    T  0.0    0  8.4 16  50   M    M   6        24 310
29  91  77  84   0   0  19 0.12  0.0    0  8.5 18 110   M    M   5        23 110
30  87  75  81  -3   0  16 1.56  0.0    0  8.6 26 150   M    M   5 3      32 150
================================================================================
SM 2892 2308         0 656  1.89     0.0 290.1          M       55
================================================================================
AV 96.4 76.9                               9.7 FASTST   M    M   2    MAX(MPH)
                                 MISC ---->  # 43 180               # 53  180
================================================================================
NOTES:
# LAST OF SEVERAL OCCURRENCES

COLUMN 17 PEAK WIND IN M.P.H.

PRELIMINARY LOCAL CLIMATOLOGICAL DATA (WS FORM: F-6) , PAGE 2

                                          STATION:  BROWNSVILLE
                                          MONTH:    AUGUST
                                          YEAR:     2014
                                          LATITUDE:   25 53 N
                                          LONGITUDE:  97 26 W

[TEMPERATURE DATA]      [PRECIPITATION DATA]       SYMBOLS USED IN COLUMN 16

AVERAGE MONTHLY: 86.7   TOTAL FOR MONTH:   1.89    1 = FOG OR MIST
DPTR FM NORMAL:   1.2   DPTR FM NORMAL:   -0.42    2 = FOG REDUCING VISIBILITY
HIGHEST:    99 ON 27,26 GRTST 24HR  1.68 ON 29-30      TO 1/4 MILE OR LESS
LOWEST:     74 ON  5, 4                            3 = THUNDER
                        SNOW, ICE PELLETS, HAIL    4 = ICE PELLETS
                        TOTAL MONTH:   0.0 INCH    5 = HAIL
                        GRTST 24HR     0.0         6 = FREEZING RAIN OR DRIZZLE
                        GRTST DEPTH:   0           7 = DUSTSTORM OR SANDSTORM:
                                                       VSBY 1/2 MILE OR LESS
                                                   8 = SMOKE OR HAZE
[NO. OF DAYS WITH]      [WEATHER - DAYS WITH]      9 = BLOWING SNOW
                                                   X = TORNADO
MAX 32 OR BELOW:   0    0.01 INCH OR MORE:   4
MAX 90 OR ABOVE:  29    0.10 INCH OR MORE:   3
MIN 32 OR BELOW:   0    0.50 INCH OR MORE:   1
MIN  0 OR BELOW:   0    1.00 INCH OR MORE:   1

[HDD (BASE 65) ]
TOTAL THIS MO.     0    CLEAR  (SCALE 0-3)  26
DPTR FM NORMAL     0    PTCLDY (SCALE 4-7)   4
TOTAL FM JUL 1     0    CLOUDY (SCALE 8-10)  0
DPTR FM NORMAL     0

[CDD (BASE 65) ]
TOTAL THIS MO.   656
DPTR FM NORMAL    41    [PRESSURE DATA]
TOTAL FM JAN 1  2799    HIGHEST SLP M ON M
DPTR FM NORMAL   -94    LOWEST  SLP 29.74 ON 28

[REMARKS]
