744
CXAK56 PAFG 171351
CF6BRW
PRELIMINARY LOCAL CLIMATOLOGICAL DATA (WS FORM: F-6)

                                          STATION:   BARROW AK
                                          MONTH:     AUGUST
                                          YEAR:      2017
                                          LATITUDE:   71 17 N
                                          LONGITUDE: 156 47 W

  TEMPERATURE IN F:       :PCPN:    SNOW:  WIND      :SUNSHINE: SKY     :PK WND
================================================================================
1   2   3   4   5  6A  6B    7    8   9   10  11  12  13   14  15   16   17  18
                                     12Z  AVG MX 2MIN
DY MAX MIN AVG DEP HDD CDD  WTR  SNW DPTH SPD SPD DIR MIN PSBL S-S WX    SPD DR
================================================================================

 1  57  44  51  10  14   0    T  0.0    0 20.7 36 250   M    M  10 1      45 250
 2  46  41  44   4  21   0 0.28  0.0    0 10.1 20  30   M    M  10 12     22  30
 3  43  37  40   0  25   0 0.00  0.0    0  8.1 13  40   M    M  10 12     15  80
 4  63  38  51  11  14   0 0.00  0.0    0 10.9 22 150   M    M   7 12     27 140
 5  57  41  49   9  16   0 0.04  0.0    0 11.5 20 240   M    M  10 12     25 220
 6  45  39  42   2  23   0 0.02  0.0    0  6.3 13  80   M    M  10 1      15 300
 7  45  41  43   3  22   0 0.05  0.0    0  9.1 13  80   M    M  10 12     15  90
 8  53  32  43   3  22   0    T  0.0    0  9.7 18 230   M    M   9 12     23 230
 9  51  37  44   4  21   0    T  0.0    0 16.4 25 250   M    M   9 1      31 250
10  50  38  44   4  21   0 0.11  0.0    0 14.3 25 230   M    M  10 1      33 240
11  47  35  41   1  24   0 0.07    T    0 12.4 23 330   M    M  10 1      28 330
12  39  34  37  -3  28   0    T    T    0 12.6 17  50   M    M  10 1      23  30
13  39  34  37  -3  28   0    T    T    0 18.0 24  50   M    M  10 1      30  40
14  37  34  36  -3  29   0    T  0.0    0 14.3 21  50   M    M  10 1      27  70
15  37  34  36  -3  29   0 0.29    T    0  9.5 13 280   M    M  10 1      16 320
16  49  31  40   1  25   0 0.00  0.0    0 13.1 21 100   M    M   6 12     25 120
================================================================================
SM  758  590       362   0  0.86    T    197.0          M      151
================================================================================
AV 47.4 36.9                              12.3 FASTST   M    M   9    MAX(MPH)
                                 MISC ---->  # 36 250               # 45  250
================================================================================
NOTES:
# LAST OF SEVERAL OCCURRENCES

COLUMN 17 PEAK WIND IN M.P.H.

PRELIMINARY LOCAL CLIMATOLOGICAL DATA (WS FORM: F-6) , PAGE 2

                                          STATION:  BARROW AK
                                          MONTH:    AUGUST
                                          YEAR:     2017
                                          LATITUDE:   71 17 N
                                          LONGITUDE: 156 47 W

[TEMPERATURE DATA]      [PRECIPITATION DATA]       SYMBOLS USED IN COLUMN 16

AVERAGE MONTHLY: 42.1   TOTAL FOR MONTH:   0.86    1 = FOG OR MIST
DPTR FM NORMAL:   2.2   DPTR FM NORMAL:    0.31    2 = FOG REDUCING VISIBILITY
HIGHEST:    63 ON  4    GRTST 24HR  0.29 ON 15-15      TO 1/4 MILE OR LESS
LOWEST:     31 ON 16                               3 = THUNDER
                        SNOW, ICE PELLETS, HAIL    4 = ICE PELLETS
                        TOTAL MONTH:    T          5 = HAIL
                        GRTST 24HR    T  ON 15-15  6 = FREEZING RAIN OR DRIZZLE
                        GRTST DEPTH:   0           7 = DUSTSTORM OR SANDSTORM:
                                                       VSBY 1/2 MILE OR LESS
                                                   8 = SMOKE OR HAZE
[NO. OF DAYS WITH]      [WEATHER - DAYS WITH]      9 = BLOWING SNOW
                                                   X = TORNADO
MAX 32 OR BELOW:   0    0.01 INCH OR MORE:   7
MAX 90 OR ABOVE:   0    0.10 INCH OR MORE:   3
MIN 32 OR BELOW:   2    0.50 INCH OR MORE:   0
MIN  0 OR BELOW:   0    1.00 INCH OR MORE:   0

[HDD (BASE 65) ]
TOTAL THIS MO.   362    CLEAR  (SCALE 0-3)   0
DPTR FM NORMAL   -41    PTCLDY (SCALE 4-7)   2
TOTAL FM JUL 1   944    CLOUDY (SCALE 8-10) 14
DPTR FM NORMAL  -208

[CDD (BASE 65) ]
TOTAL THIS MO.     0
DPTR FM NORMAL     0    [PRESSURE DATA]
TOTAL FM JAN 1     0    HIGHEST SLP M ON M
DPTR FM NORMAL     0    LOWEST  SLP 29.34 ON 15

[REMARKS]
