000
CXUS53 KGRR 191017
CF6BTL
PRELIMINARY LOCAL CLIMATOLOGICAL DATA (WS FORM: F-6)

                                          STATION:   BATTLE CREEK MI
                                          MONTH:     SEPTEMBER
                                          YEAR:      2014
                                          LATITUDE:   42 17 N
                                          LONGITUDE:  85 14 W

  TEMPERATURE IN F:       :PCPN:    SNOW:  WIND      :SUNSHINE: SKY     :PK WND
================================================================================
1   2   3   4   5  6A  6B    7    8   9   10  11  12  13   14  15   16   17  18
                                     12Z  AVG MX 2MIN
DY MAX MIN AVG DEP HDD CDD  WTR  SNW DPTH SPD SPD DIR MIN PSBL S-S WX    SPD DR
================================================================================

 1  81  68  75   8   0  10 0.90    M    M 12.6 30 220   M    M   5 138    37 260
 2  80  63  72   5   0   7 0.00    M    M  5.9 15 270   M    M   3        18 320
 3  82  60  71   5   0   6 0.00    M    M  4.0 12 240   M    M   2        16 260
 4  85  65  75   9   0  10 0.03    M    M 10.1 21 200   M    M   2 3      25 210
 5  90  67  79  13   0  14 0.42    M    M 10.1 40 230   M    M   2 138    59 230
 6  73  56  65   0   0   0    T    M    M  6.9 14 300   M    M   4        18 320
 7  75  51  63  -2   2   0 0.00    M    M  3.4 10 210   M    M   1        13 180
 8  77  52  65   0   0   0 0.00    M    M  4.8 13 160   M    M   0        17 160
 9  77  60  69   5   0   4 0.00    M    M  6.5 16 150   M    M   1        19 150
10  78  57  68   4   0   3 0.68    M    M 13.1 28 210   M    M   8 1      35 300
11  59  50  55  -9  10   0    T    M    M 10.2 21 320   M    M  10 18     29 310
12  58  49  54  -9  11   0    M    M    M  5.9 13  30   M    M  10 1      16  30
13  59  44  52 -11  13   0    M    M    M  6.7 17 310   M    M   7 1      21 330
14  63  43  53  -9  12   0 0.00  0.0    M  5.1 15 210   M    M   5        23 210
15  63  46  55  -7  10   0 0.04    M    M  5.3 15 210   M    M   7 12     19 220
16  66  44  55  -7  10   0 0.00    M    M  4.4 15 290   M    M   5 12     17 320
17  67  40  54  -7  11   0 0.00    M    M  3.3 12 320   M    M   2        19 270
18  70  43  57  -4   8   0 0.00    M    M  4.1 12  60   M    M   0 1      15  40
================================================================================
SM 1303  958        87  54  2.07     0.0 122.4          M       74
================================================================================
AV 72.4 53.2                               6.8 FASTST   M    M   4    MAX(MPH)
                                 MISC ---->  # 40 230               # 59  230
================================================================================
NOTES:
# LAST OF SEVERAL OCCURRENCES

COLUMN 17 PEAK WIND IN M.P.H.

PRELIMINARY LOCAL CLIMATOLOGICAL DATA (WS FORM: F-6) , PAGE 2

                                          STATION:  BATTLE CREEK MI
                                          MONTH:    SEPTEMBER
                                          YEAR:     2014
                                          LATITUDE:   42 17 N
                                          LONGITUDE:  85 14 W

[TEMPERATURE DATA]      [PRECIPITATION DATA]       SYMBOLS USED IN COLUMN 16

AVERAGE MONTHLY: 62.8   TOTAL FOR MONTH:   2.07    1 = FOG OR MIST
DPTR FM NORMAL:  -1.3   DPTR FM NORMAL:   -0.09    2 = FOG REDUCING VISIBILITY
HIGHEST:    90 ON  5    GRTST 24HR  1.04 ON 31- 1      TO 1/4 MILE OR LESS
LOWEST:     40 ON 17                               3 = THUNDER
                        SNOW, ICE PELLETS, HAIL    4 = ICE PELLETS
                        TOTAL MONTH:   0.0 INCH    5 = HAIL
                        GRTST 24HR     0.0         6 = FREEZING RAIN OR DRIZZLE
                        GRTST DEPTH:  M  ON   M    7 = DUSTSTORM OR SANDSTORM:
                                                       VSBY 1/2 MILE OR LESS
                                                   8 = SMOKE OR HAZE
[NO. OF DAYS WITH]      [WEATHER - DAYS WITH]      9 = BLOWING SNOW
                                                   X = TORNADO
MAX 32 OR BELOW:   0    0.01 INCH OR MORE:   5
MAX 90 OR ABOVE:   1    0.10 INCH OR MORE:   3
MIN 32 OR BELOW:   0    0.50 INCH OR MORE:   2
MIN  0 OR BELOW:   0    1.00 INCH OR MORE:   0

[HDD (BASE 65) ]
TOTAL THIS MO.    87    CLEAR  (SCALE 0-3)   8
DPTR FM NORMAL    26    PTCLDY (SCALE 4-7)   8
TOTAL FM JUL 1   116    CLOUDY (SCALE 8-10)  2
DPTR FM NORMAL    14

[CDD (BASE 65) ]
TOTAL THIS MO.    54
DPTR FM NORMAL    10    [PRESSURE DATA]
TOTAL FM JAN 1   591    HIGHEST SLP M ON M
DPTR FM NORMAL    29    LOWEST  SLP 29.52 ON 10

[REMARKS]
