000
CXUS55 KMSO 011228
CF6BTM
PRELIMINARY LOCAL CLIMATOLOGICAL DATA (WS FORM: F-6)

                                          STATION:   BUTTE MT
                                          MONTH:     AUGUST
                                          YEAR:      2015
                                          LATITUDE:   45 57 N
                                          LONGITUDE: 112 30 W

  TEMPERATURE IN F:       :PCPN:    SNOW:  WIND      :SUNSHINE: SKY     :PK WND
================================================================================
1   2   3   4   5  6A  6B    7    8   9   10  11  12  13   14  15   16   17  18
                                     12Z  AVG MX 2MIN
DY MAX MIN AVG DEP HDD CDD  WTR  SNW DPTH SPD SPD DIR MIN PSBL S-S WX    SPD DR
================================================================================

 1  90  44  67   3   0   2 0.00    M    M  5.7 20 310   M    M   0        24 320
 2  90  44  67   3   0   2 0.00    M    M  3.8 15 180   M    M   0        20 190
 3  87  51  69   5   0   4 0.00    M    M  4.7 20 310   M    M   1        24 310
 4  79  53  66   2   0   1 0.03    M    M  6.4 20 320   M    M   5 3      28 160
 5  68  46  57  -7   8   0 0.01    M    M  4.3 24 310   M    M   2        29 300
 6  74  40  57  -7   8   0 0.00    M    M  9.2 25 300   M    M   1        33 260
 7  80  35  58  -6   7   0 0.00    M    M  5.6 13 160   M    M   0        15 120
 8  66  47  57  -7   8   0 0.00    M    M  9.5 21 150   M    M   4        25 130
 9  79  39  59  -5   6   0    T    M    M  4.8 21 200   M    M   0        25 180
10  83  43  63   0   2   0 0.01    M    M  5.5 29 210   M    M   0        38 230
11  87  42  65   2   0   0    T    M    M  4.9 28 270   M    M   0        34 260
12  86  52  69   6   0   4 0.09    M    M  5.3 22 330   M    M   2 3      30 340
13  90  48  69   6   0   4 0.00    M    M  4.2 15 170   M    M   1        20 160
14  91  57  74  12   0   9 0.18    M    M  7.1 31 150   M    M   2 3      45 210
15  75  49  62   0   3   0 0.00    M    M  7.3 17 340   M    M   4 8      22 320
16  73  45  59  -3   6   0    T    M    M  5.0 16 320   M    M   2 8      20 310
17  71  41  56  -6   9   0 0.00    M    M  5.4 20 330   M    M   4 8      28 320
18  64  39  52 -10  13   0 0.00    M    M  4.6 17 140   M    M   4 8      23 140
19  77  37  57  -4   8   0 0.00    M    M  4.5 16 310   M    M   3 8      21 310
20  80  41  61   0   4   0 0.00    M    M  4.8 17 210   M    M   7 8      25 190
21  76  40  58  -3   7   0 0.00    M    M 10.1 24 330   M    M   5 8      32  10
22  65  42  54  -7  11   0    T    M    M  5.8 18 330   M    M   5 18     24 330
23  80  34  57  -3   8   0 0.00    M    M  4.1  9 140   M    M   0 8      13 280
24  84  38  61   1   4   0 0.00    M    M  4.2 14 280   M    M   0 8      20 260
25  86  41  64   4   1   0 0.00    M    M  3.5  9 130   M    M   0 8      10  20
26  88  44  66   7   0   1 0.00    M    M  4.4 17 150   M    M   0 38     20 150
27  82  52  67   8   0   2    T    M    M  5.3 24 160   M    M   4 38     30 290
28  83  43  63   4   2   0 0.00    M    M  4.8 20 300   M    M   7 18     25 340
29  86  54  70  12   0   5 0.05    M    M  7.3 32 170   M    M   3 38     41 160
30  76  48  62   4   3   0 0.30    M    M 11.0 30 250   M    M   4 8      47 260
31  74  39  57  -1   8   0 0.00    M    M  5.8 18 260   M    M   0        30 270
================================================================================
SM 2470 1368       126  34  0.67    M    178.9          M       70
================================================================================
AV 79.7 44.1                               5.8 FASTST   M    M   2    MAX(MPH)
                                 MISC ---->  # 32 170               # 47  260
================================================================================
NOTES:
# LAST OF SEVERAL OCCURRENCES

COLUMN 17 PEAK WIND IN M.P.H.

PRELIMINARY LOCAL CLIMATOLOGICAL DATA (WS FORM: F-6) , PAGE 2

                                          STATION:  BUTTE MT
                                          MONTH:    AUGUST
                                          YEAR:     2015
                                          LATITUDE:   45 57 N
                                          LONGITUDE: 112 30 W

[TEMPERATURE DATA]      [PRECIPITATION DATA]       SYMBOLS USED IN COLUMN 16

AVERAGE MONTHLY: 61.9   TOTAL FOR MONTH:   0.67    1 = FOG OR MIST
DPTR FM NORMAL:   0.2   DPTR FM NORMAL:   -0.69    2 = FOG REDUCING VISIBILITY
HIGHEST:    91 ON 14    GRTST 24HR  0.35 ON 29-30      TO 1/4 MILE OR LESS
LOWEST:     34 ON 23                               3 = THUNDER
                        SNOW, ICE PELLETS, HAIL    4 = ICE PELLETS
                        TOTAL MONTH:    M          5 = HAIL
                        GRTST 24HR    M  ON   M    6 = FREEZING RAIN OR DRIZZLE
                        GRTST DEPTH:  M  ON   M    7 = DUSTSTORM OR SANDSTORM:
                                                       VSBY 1/2 MILE OR LESS
                                                   8 = SMOKE OR HAZE
[NO. OF DAYS WITH]      [WEATHER - DAYS WITH]      9 = BLOWING SNOW
                                                   X = TORNADO
MAX 32 OR BELOW:   0    0.01 INCH OR MORE:   7
MAX 90 OR ABOVE:   4    0.10 INCH OR MORE:   2
MIN 32 OR BELOW:   0    0.50 INCH OR MORE:   0
MIN  0 OR BELOW:   0    1.00 INCH OR MORE:   0

[HDD (BASE 65) ]
TOTAL THIS MO.   126    CLEAR  (SCALE 0-3)  20
DPTR FM NORMAL    -2    PTCLDY (SCALE 4-7)  11
TOTAL FM JUL 1   230    CLOUDY (SCALE 8-10)  0
DPTR FM NORMAL     2

[CDD (BASE 65) ]
TOTAL THIS MO.    34
DPTR FM NORMAL     6    [PRESSURE DATA]
TOTAL FM JAN 1   101    HIGHEST SLP 30.24 ON 22
DPTR FM NORMAL    22    LOWEST  SLP 29.62 ON 21

[REMARKS]
#FINAL-08-15#
