419
CXUS55 KMSO 250900
CF6BTM
PRELIMINARY LOCAL CLIMATOLOGICAL DATA (WS FORM: F-6)

                                          STATION:   BUTTE MT
                                          MONTH:     MAY
                                          YEAR:      2016
                                          LATITUDE:   45 57 N
                                          LONGITUDE: 112 30 W

  TEMPERATURE IN F:       :PCPN:    SNOW:  WIND      :SUNSHINE: SKY     :PK WND
================================================================================
1   2   3   4   5  6A  6B    7    8   9   10  11  12  13   14  15   16   17  18
                                     12Z  AVG MX 2MIN
DY MAX MIN AVG DEP HDD CDD  WTR  SNW DPTH SPD SPD DIR MIN PSBL S-S WX    SPD DR
================================================================================

 1  60  27  44   1  21   0 0.00    M    M  8.0 21 130   M    M   1        29 140
 2  69  26  48   5  17   0 0.00    M    M  4.6 13 150   M    M   0        14 150
 3  74  30  52   8  13   0 0.00    M    M  4.0 15 120   M    M   0        21 130
 4  73  33  53   9  12   0 0.00    M    M  5.1 21 180   M    M   1        34 180
 5  75  39  57  13   8   0    T    M    M  5.8 26 160   M    M   1        47 210
 6  55  44  50   5  15   0    T    M    M  5.0 14  60   M    M   8        21  70
 7  69  44  57  12   8   0 0.00    M    M  6.9 20 120   M    M   5        28 110
 8  71  34  53   8  12   0 0.00    M    M  8.6 22 320   M    M   1        32 290
 9  50  32  41  -5  24   0 0.09    M    M 11.2 21  10   M    M   9 1      28  20
10  39  30  35 -11  30   0 0.12    M    M  6.4 17 340   M    M   9 12     22 310
11  52  25  39  -7  26   0 0.00    M    M  4.3 14 270   M    M   6 12     17 280
12  67  27  47   1  18   0    T    M    M  6.0 17 270   M    M   2 8      24 290
13  53  35  44  -3  21   0    T    M    M  8.8 22 140   M    M   7        26 140
14  54  37  46  -1  19   0    T    M    M  9.8 22 160   M    M   7        29 140
15  44  36  40  -7  25   0 0.08    M    M  4.8 16 150   M    M  10 1      19 140
16  52  38  45  -3  20   0    T    M    M  4.7 16 140   M    M  10        22 140
17  65  32  49   1  16   0 0.00    M    M  5.6 15 310   M    M   6        20 270
18  71  34  53   5  12   0    T    M    M  5.4 17 210   M    M   3 3      21 200
19  53  40  47  -2  18   0 0.28    M    M  5.6 24 290   M    M   6 1      32 300
20  54  40  47  -2  18   0 0.09    M    M  6.8 29 130   M    M   9 1      39 120
21  54  35  45  -4  20   0 0.26    M    M  7.1 24 260   M    M   8 13     34 250
22  54  32  43  -6  22   0 0.01    M    M  9.7 35 260   M    M   8        44 270
23  49  39  44  -6  21   0 0.02    M    M  8.4 18 230   M    M  10        29 220
24  53  36  45  -5  20   0 0.17    M    M  4.0 15 290   M    M   7 1      20 290
================================================================================
SM 1410  825       436   0  1.12    M    156.6          M      134
================================================================================
AV 58.8 34.4                               6.5 FASTST   M    M   6    MAX(MPH)
                                 MISC ---->  # 35 260               # 47  210
================================================================================
NOTES:
# LAST OF SEVERAL OCCURRENCES

COLUMN 17 PEAK WIND IN M.P.H.

PRELIMINARY LOCAL CLIMATOLOGICAL DATA (WS FORM: F-6) , PAGE 2

                                          STATION:  BUTTE MT
                                          MONTH:    MAY
                                          YEAR:     2016
                                          LATITUDE:   45 57 N
                                          LONGITUDE: 112 30 W

[TEMPERATURE DATA]      [PRECIPITATION DATA]       SYMBOLS USED IN COLUMN 16

AVERAGE MONTHLY: 46.6   TOTAL FOR MONTH:   1.12    1 = FOG OR MIST
DPTR FM NORMAL:  -0.0   DPTR FM NORMAL:   -0.35    2 = FOG REDUCING VISIBILITY
HIGHEST:    75 ON  5    GRTST 24HR  0.29 ON 20-21      TO 1/4 MILE OR LESS
LOWEST:     25 ON 11                               3 = THUNDER
                        SNOW, ICE PELLETS, HAIL    4 = ICE PELLETS
                        TOTAL MONTH:    M          5 = HAIL
                        GRTST 24HR    M  ON   M    6 = FREEZING RAIN OR DRIZZLE
                        GRTST DEPTH:  M  ON   M    7 = DUSTSTORM OR SANDSTORM:
                                                       VSBY 1/2 MILE OR LESS
                                                   8 = SMOKE OR HAZE
[NO. OF DAYS WITH]      [WEATHER - DAYS WITH]      9 = BLOWING SNOW
                                                   X = TORNADO
MAX 32 OR BELOW:   0    0.01 INCH OR MORE:   9
MAX 90 OR ABOVE:   0    0.10 INCH OR MORE:   4
MIN 32 OR BELOW:   9    0.50 INCH OR MORE:   0
MIN  0 OR BELOW:   0    1.00 INCH OR MORE:   0

[HDD (BASE 65) ]
TOTAL THIS MO.   436    CLEAR  (SCALE 0-3)   8
DPTR FM NORMAL    -6    PTCLDY (SCALE 4-7)   8
TOTAL FM JUL 1  8451    CLOUDY (SCALE 8-10)  8
DPTR FM NORMAL  -382

[CDD (BASE 65) ]
TOTAL THIS MO.     0
DPTR FM NORMAL     0    [PRESSURE DATA]
TOTAL FM JAN 1     0    HIGHEST SLP M ON M
DPTR FM NORMAL     0    LOWEST  SLP 29.52 ON  8

[REMARKS]
