000
CXUS55 KMSO 220800
CF6BTM
PRELIMINARY LOCAL CLIMATOLOGICAL DATA (WS FORM: F-6)

                                          STATION:   BUTTE MT
                                          MONTH:     JULY
                                          YEAR:      2014
                                          LATITUDE:   45 57 N
                                          LONGITUDE: 112 30 W

  TEMPERATURE IN F:       :PCPN:    SNOW:  WIND      :SUNSHINE: SKY     :PK WND
================================================================================
1   2   3   4   5  6A  6B    7    8   9   10  11  12  13   14  15   16   17  18
                                     12Z  AVG MX 2MIN
DY MAX MIN AVG DEP HDD CDD  WTR  SNW DPTH SPD SPD DIR MIN PSBL S-S WX    SPD DR
================================================================================

 1  74  38  56  -4   9   0 0.00    M    M  7.4 17 120   M    M   0 8      25 130
 2  86  53  70  10   0   5    T    M    M  6.4 17 260   M    M   0 3      24 260
 3  86  51  69   8   0   4 0.03    M    M  4.9 21 100   M    M   0 3      25 290
 4  87  48  68   7   0   3    T    M    M  5.1 23 320   M    M   1        29 320
 5  85  48  67   6   0   2 0.00    M    M  6.1 20 290   M    M   1        30 290
 6  87  46  67   5   0   2 0.00    M    M  7.2 20 330   M    M   1        27 320
 7  81  48  65   3   0   0 0.00    M    M  6.7 20 120   M    M   1        26 130
 8  87  51  69   7   0   4 0.00    M    M  4.5 15 160   M    M   0        18 160
 9  87  50  69   7   0   4 0.21    M    M  5.6 20 300   M    M   3 1      36 260
10  86  49  68   6   0   3 0.00    M    M  5.6 18 230   M    M   0        25 230
11  84  49  67   4   0   2 0.00    M    M  6.4 21  10   M    M   2 3      28  10
12  84  52  68   5   0   3 0.00    M    M  4.7 15 170   M    M   2        30 160
13  88  51  70   7   0   5    T    M    M  5.1 23 140   M    M   2        27 140
14  80  57  69   6   0   4 0.02    M    M  7.0 22 150   M    M   3        27 160
15  75  51  63  -1   2   0 0.16    M    M  4.8 21 350   M    M   6 3      31 340
16  82  45  64   0   1   0 0.00    M    M  6.2 21 330   M    M   1 18     27 340
17  86  47  67   3   0   2    T    M    M  4.8 20 310   M    M   0        27 310
18  83  45  64   0   1   0 0.00    M    M  5.9 17 320   M    M   1        22 310
19  83  46  65   1   0   0 0.00    M    M  7.5 22 290   M    M   2 8      30 290
20  85  52  69   5   0   4 0.00    M    M  9.2 22 270   M    M   0        29 270
21  73  54  64   0   1   0 0.16    M    M  4.7 20 310   M    M   5 1      28 290
================================================================================
SM 1749 1031        14  47  0.58    M    125.8          M       31
================================================================================
AV 83.3 49.1                               6.0 FASTST   M    M   1    MAX(MPH)
                                 MISC ---->  # 23 320               # 36  260
================================================================================
NOTES:
# LAST OF SEVERAL OCCURRENCES

COLUMN 17 PEAK WIND IN M.P.H.

PRELIMINARY LOCAL CLIMATOLOGICAL DATA (WS FORM: F-6) , PAGE 2

                                          STATION:  BUTTE MT
                                          MONTH:    JULY
                                          YEAR:     2014
                                          LATITUDE:   45 57 N
                                          LONGITUDE: 112 30 W

[TEMPERATURE DATA]      [PRECIPITATION DATA]       SYMBOLS USED IN COLUMN 16

AVERAGE MONTHLY: 66.2   TOTAL FOR MONTH:   0.58    1 = FOG OR MIST
DPTR FM NORMAL:   3.7   DPTR FM NORMAL:   -0.36    2 = FOG REDUCING VISIBILITY
HIGHEST:    88 ON 13    GRTST 24HR  0.21 ON  8- 9      TO 1/4 MILE OR LESS
LOWEST:     38 ON  1                               3 = THUNDER
                        SNOW, ICE PELLETS, HAIL    4 = ICE PELLETS
                        TOTAL MONTH:    M          5 = HAIL
                        GRTST 24HR    M  ON   M    6 = FREEZING RAIN OR DRIZZLE
                        GRTST DEPTH:  M  ON   M    7 = DUSTSTORM OR SANDSTORM:
                                                       VSBY 1/2 MILE OR LESS
                                                   8 = SMOKE OR HAZE
[NO. OF DAYS WITH]      [WEATHER - DAYS WITH]      9 = BLOWING SNOW
                                                   X = TORNADO
MAX 32 OR BELOW:   0    0.01 INCH OR MORE:   5
MAX 90 OR ABOVE:   0    0.10 INCH OR MORE:   3
MIN 32 OR BELOW:   0    0.50 INCH OR MORE:   0
MIN  0 OR BELOW:   0    1.00 INCH OR MORE:   0

[HDD (BASE 65) ]
TOTAL THIS MO.    14    CLEAR  (SCALE 0-3)  19
DPTR FM NORMAL   -65    PTCLDY (SCALE 4-7)   2
TOTAL FM JUL 1    14    CLOUDY (SCALE 8-10)  0
DPTR FM NORMAL   -65

[CDD (BASE 65) ]
TOTAL THIS MO.    47
DPTR FM NORMAL    18    [PRESSURE DATA]
TOTAL FM JAN 1    47    HIGHEST SLP M ON M
DPTR FM NORMAL    11    LOWEST  SLP 29.71 ON 17

[REMARKS]
