000
CXUS55 KMSO 011531
CF6BTM
PRELIMINARY LOCAL CLIMATOLOGICAL DATA (WS FORM: F-6)

                                          STATION:   BUTTE MT
                                          MONTH:     JULY
                                          YEAR:      2015
                                          LATITUDE:   45 57 N
                                          LONGITUDE: 112 30 W

  TEMPERATURE IN F:       :PCPN:    SNOW:  WIND      :SUNSHINE: SKY     :PK WND
================================================================================
1   2   3   4   5  6A  6B    7    8   9   10  11  12  13   14  15   16   17  18
                                     12Z  AVG MX 2MIN
DY MAX MIN AVG DEP HDD CDD  WTR  SNW DPTH SPD SPD DIR MIN PSBL S-S WX    SPD DR
================================================================================

 1  87  51  69   9   0   4 0.00    M    M  5.8 17 330   M    M   0        23 320
 2  88  50  69   9   0   4 0.00    M    M  5.2 14 120   M    M   0 18     18  10
 3  89  52  71  10   0   6 0.00    M    M  5.3 13 310   M    M   0        18 360
 4  90  48  69   8   0   4 0.00    M    M  5.3 15 310   M    M   0        22 140
 5  72  51  62   1   3   0 0.00    M    M  9.0 30  20   M    M   6        41  30
 6  81  50  66   4   0   1 0.00    M    M  5.5 18 320   M    M   6        25 330
 7  78  43  61  -1   4   0 0.05    M    M  5.9 36 300   M    M   4 38     47 290
 8  78  43  61  -1   4   0 0.00    M    M  5.0 17 110   M    M   0        22 110
 9  82  44  63   1   2   0 0.00    M    M  6.0 25 180   M    M   0        34 200
10  78  52  65   3   0   0 0.02    M    M  6.3 21 210   M    M   3 3      25 200
11  73  53  63   0   2   0 0.10    M    M  5.7 20 300   M    M   7 3      25 300
12  77  53  65   2   0   0    T    M    M  6.0 18 270   M    M   7        24 260
13  79  50  65   2   0   0 0.06    M    M  6.0 29 290   M    M   5 3      40 290
14  75  43  59  -4   6   0 0.01    M    M  4.1 17 150   M    M   3 3      22 120
15  70  46  58  -6   7   0 0.02    M    M  3.9 22 290   M    M   6 13     29 290
16  73  44  59  -5   6   0 0.00    M    M  9.5 25 340   M    M   3        33 280
17  69  44  57  -7   8   0 0.00    M    M 11.2 23 340   M    M   3        30 330
18  72  48  60  -4   5   0 0.02    M    M  3.8 12  30   M    M   6        15  30
19  82  39  61  -3   4   0 0.00    M    M  5.2 16 310   M    M   2        22 300
20  83  48  66   2   0   1 0.07    M    M  5.7 23 200   M    M   2 3      31 220
21  79  51  65   1   0   0 0.06    M    M  5.1 29 200   M    M   1 3      38 220
22  75  46  61  -3   4   0 0.01    M    M  5.8 29 190   M    M   5 3      35 270
23  73  49  61  -3   4   0 0.68    M    M  4.0 30 300   M    M   7 13     43 300
24  80  43  62  -2   3   0    T    M    M  6.7 26 180   M    M   2        35 180
25  80  44  62  -3   3   0    T    M    M  6.0 36 210   M    M   3        47 190
26  80  46  63  -2   2   0    T    M    M  6.6 23 330   M    M   3        30 330
27  58  44  51 -14  14   0 0.76    M    M  7.2 18 280   M    M   9 13     25 290
28  65  41  53 -12  12   0    T    M    M  6.9 20 310   M    M   6        26 330
29  76  36  56  -9   9   0 0.00    M    M  5.0 13 290   M    M   0        16 330
30  84  42  63  -1   2   0 0.00    M    M  3.7 10 110   M    M   0        14  80
31  87  45  66   2   0   1 0.00    M    M  5.2 15 310   M    M   0        19 310
================================================================================
SM 2413 1439       104  21  1.86    M    182.6          M       99
================================================================================
AV 77.8 46.4                               5.9 FASTST   M    M   3    MAX(MPH)
                                 MISC ---->  # 36 300               # 47  290
================================================================================
NOTES:
# LAST OF SEVERAL OCCURRENCES

COLUMN 17 PEAK WIND IN M.P.H.

PRELIMINARY LOCAL CLIMATOLOGICAL DATA (WS FORM: F-6) , PAGE 2

                                          STATION:  BUTTE MT
                                          MONTH:    JULY
                                          YEAR:     2015
                                          LATITUDE:   45 57 N
                                          LONGITUDE: 112 30 W

[TEMPERATURE DATA]      [PRECIPITATION DATA]       SYMBOLS USED IN COLUMN 16

AVERAGE MONTHLY: 62.1   TOTAL FOR MONTH:   1.86    1 = FOG OR MIST
DPTR FM NORMAL:  -1.1   DPTR FM NORMAL:    0.51    2 = FOG REDUCING VISIBILITY
HIGHEST:    90 ON  4    GRTST 24HR  0.76 ON 27-27      TO 1/4 MILE OR LESS
LOWEST:     36 ON 29                               3 = THUNDER
                        SNOW, ICE PELLETS, HAIL    4 = ICE PELLETS
                        TOTAL MONTH:    M          5 = HAIL
                        GRTST 24HR    M  ON   M    6 = FREEZING RAIN OR DRIZZLE
                        GRTST DEPTH:  M  ON   M    7 = DUSTSTORM OR SANDSTORM:
                                                       VSBY 1/2 MILE OR LESS
                                                   8 = SMOKE OR HAZE
[NO. OF DAYS WITH]      [WEATHER - DAYS WITH]      9 = BLOWING SNOW
                                                   X = TORNADO
MAX 32 OR BELOW:   0    0.01 INCH OR MORE:  12
MAX 90 OR ABOVE:   1    0.10 INCH OR MORE:   3
MIN 32 OR BELOW:   0    0.50 INCH OR MORE:   2
MIN  0 OR BELOW:   0    1.00 INCH OR MORE:   0

[HDD (BASE 65) ]
TOTAL THIS MO.   104    CLEAR  (SCALE 0-3)  18
DPTR FM NORMAL     4    PTCLDY (SCALE 4-7)  12
TOTAL FM JUL 1   104    CLOUDY (SCALE 8-10)  1
DPTR FM NORMAL     4

[CDD (BASE 65) ]
TOTAL THIS MO.    21
DPTR FM NORMAL   -23    [PRESSURE DATA]
TOTAL FM JAN 1    67    HIGHEST SLP 30.33 ON 29
DPTR FM NORMAL    16    LOWEST  SLP 29.70 ON  4

[REMARKS]
#FINAL-07-15#
