000
CXUS55 KLIX 281000
CF6BTR
PRELIMINARY LOCAL CLIMATOLOGICAL DATA (WS FORM: F-6)

                                          STATION:   BATON ROUGE  ASOS
                                          MONTH:     JULY
                                          YEAR:      2015
                                          LATITUDE:   30 31 N
                                          LONGITUDE:  91  9 W

  TEMPERATURE IN F:       :PCPN:    SNOW:  WIND      :SUNSHINE: SKY     :PK WND
================================================================================
1   2   3   4   5  6A  6B    7    8   9   10  11  12  13   14  15   16   17  18
                                     12Z  AVG MX 2MIN
DY MAX MIN AVG DEP HDD CDD  WTR  SNW DPTH SPD SPD DIR MIN PSBL S-S WX    SPD DR
================================================================================

 1  92  70  81  -2   0  16 0.09  0.0    0  4.8 22 180   M    M   3 13     27 160
 2  91  74  83   0   0  18    T  0.0    0  5.8 16 220   M    M   2        24 230
 3  93  76  85   2   0  20 0.00  0.0    0  7.3 16 210   M    M   2        20 210
 4  90  70  80  -3   0  15 0.19  0.0    0  5.1 35 230   M    M   3 13     51 230
 5  91  69  80  -3   0  15 2.96  0.0    0  5.6 28 250   M    M   4 138    36 250
 6  92  70  81  -2   0  16 0.00  0.0    0  6.3 13 200   M    M   2        18 190
 7  93  76  85   2   0  20 0.02  0.0    0  7.1 33 200   M    M   3 13     41 170
 8  94  75  85   2   0  20 0.01  0.0    0  7.1 15 190   M    M   2        19 180
 9  95  73  84   1   0  19 0.00  0.0    0  3.3 15 150   M    M   2        19 150
10  96  74  85   2   0  20    T  0.0    0  3.4 17 150   M    M   3 1      22 150
11  95  74  85   2   0  20    T  0.0    0  2.3 10 250   M    M   2 1      14 260
12  95  77  86   3   0  21 0.00  0.0    0  3.5 10 270   M    M   2        12 270
13  95  77  86   3   0  21 0.00  0.0    0  5.7 12 220   M    M   2        16 270
14  94  75  85   2   0  20 0.00  0.0    0  7.0 15 220   M    M   2        19 220
15  94  76  85   2   0  20 0.00  0.0    0  6.3 13 270   M    M   2        17 270
16  96  77  87   4   0  22 0.00  0.0    0  5.2 13 290   M    M   2 8      19 260
17  96  78  87   4   0  22 0.00  0.0    0  4.5 16 100   M    M   3        19  90
18  97  79  88   5   0  23 0.00  0.0    0  4.5 10 280   M    M   2        14 270
19  97  78  88   5   0  23 0.00  0.0    0  3.3 12 280   M    M   1 8      15 290
20  98  80  89   6   0  24 0.00  0.0    0  5.3 24 160   M    M   2 3      34 160
21  96  78  87   4   0  22 0.10  0.0    0  5.8 15 220   M    M   2 38     19 220
22  95  78  87   4   0  22 0.04  0.0    0  8.3 22 240   M    M   2        25 240
23  96  78  87   4   0  22 0.00  0.0    0  8.8 16 210   M    M   1        19 230
24  96  78  87   4   0  22 0.00  0.0    0  8.6 16 220   M    M   1        21 260
25  98  75  87   4   0  22 0.01  0.0    0  8.1 30  60   M    M   3 8      39  50
26  98  74  86   3   0  21    T  0.0    0  3.7 16 180   M    M   1 3      21  80
27  98  74  86   3   0  21 0.00  0.0    0  2.8 16 170   M    M   2        19 170
================================================================================
SM 2561 2033         0 547  3.42     0.0 149.5          M       58
================================================================================
AV 94.9 75.3                               5.5 FASTST   M    M   2    MAX(MPH)
                                 MISC ---->  # 35 230               # 51  230
================================================================================
NOTES:
# LAST OF SEVERAL OCCURRENCES

COLUMN 17 PEAK WIND IN M.P.H.

PRELIMINARY LOCAL CLIMATOLOGICAL DATA (WS FORM: F-6) , PAGE 2

                                          STATION:  BATON ROUGE  ASOS
                                          MONTH:    JULY
                                          YEAR:     2015
                                          LATITUDE:   30 31 N
                                          LONGITUDE:  91  9 W

[TEMPERATURE DATA]      [PRECIPITATION DATA]       SYMBOLS USED IN COLUMN 16

AVERAGE MONTHLY: 85.1   TOTAL FOR MONTH:   3.42    1 = FOG OR MIST
DPTR FM NORMAL:   2.1   DPTR FM NORMAL:   -0.88    2 = FOG REDUCING VISIBILITY
HIGHEST:    98 ON 27,26 GRTST 24HR  2.96 ON  5- 5      TO 1/4 MILE OR LESS
LOWEST:     69 ON  5                               3 = THUNDER
                        SNOW, ICE PELLETS, HAIL    4 = ICE PELLETS
                        TOTAL MONTH:   0.0 INCH    5 = HAIL
                        GRTST 24HR     0.0         6 = FREEZING RAIN OR DRIZZLE
                        GRTST DEPTH:   0           7 = DUSTSTORM OR SANDSTORM:
                                                       VSBY 1/2 MILE OR LESS
                                                   8 = SMOKE OR HAZE
[NO. OF DAYS WITH]      [WEATHER - DAYS WITH]      9 = BLOWING SNOW
                                                   X = TORNADO
MAX 32 OR BELOW:   0    0.01 INCH OR MORE:   8
MAX 90 OR ABOVE:  27    0.10 INCH OR MORE:   3
MIN 32 OR BELOW:   0    0.50 INCH OR MORE:   1
MIN  0 OR BELOW:   0    1.00 INCH OR MORE:   1

[HDD (BASE 65) ]
TOTAL THIS MO.     0    CLEAR  (SCALE 0-3)  25
DPTR FM NORMAL     0    PTCLDY (SCALE 4-7)   2
TOTAL FM JUL 1     0    CLOUDY (SCALE 8-10)  0
DPTR FM NORMAL     0

[CDD (BASE 65) ]
TOTAL THIS MO.   547
DPTR FM NORMAL    61    [PRESSURE DATA]
TOTAL FM JAN 1  1714    HIGHEST SLP M ON M
DPTR FM NORMAL   179    LOWEST  SLP 29.83 ON 14

[REMARKS]
