234
CXUS55 KLIX 281000
CF6BTR
PRELIMINARY LOCAL CLIMATOLOGICAL DATA (WS FORM: F-6)

                                          STATION:   BATON ROUGE  ASOS
                                          MONTH:     MAY
                                          YEAR:      2016
                                          LATITUDE:   30 31 N
                                          LONGITUDE:  91  9 W

  TEMPERATURE IN F:       :PCPN:    SNOW:  WIND      :SUNSHINE: SKY     :PK WND
================================================================================
1   2   3   4   5  6A  6B    7    8   9   10  11  12  13   14  15   16   17  18
                                     12Z  AVG MX 2MIN
DY MAX MIN AVG DEP HDD CDD  WTR  SNW DPTH SPD SPD DIR MIN PSBL S-S WX    SPD DR
================================================================================

 1  72  66  69  -3   0   4 1.63  0.0    0  5.2 23 120   M    M   5 13     28 110
 2  80  64  72   0   0   7 0.16  0.0    0  3.2 14  90   M    M   3 1      23 280
 3  78  61  70  -2   0   5 0.00  0.0    0  3.8 10 330   M    M   6        14 300
 4  79  54  67  -6   0   2 0.00  0.0    0  5.6 16 280   M    M   0        24 350
 5  80  56  68  -5   0   3 0.00  0.0    0  5.2 15 330   M    M   0        21 320
 6  79  51  65  -8   0   0 0.00  0.0    0  4.2 13 330   M    M   0        18 330
 7  82  50  66  -8   0   1 0.00  0.0    0  3.9 13 220   M    M   0        15 210
 8  83  55  69  -5   0   4 0.00  0.0    0  7.1 16 190   M    M   0        25 180
 9  79  65  72  -2   0   7    T  0.0    0 10.6 25 140   M    M   3        35 140
10  88  70  79   5   0  14 0.00  0.0    0  9.0 20 180   M    M   3 1      26 170
11  88  66  77   2   0  12    T  0.0    0  4.5 13 110   M    M   4 18     16 110
12  91  66  79   4   0  14 0.00  0.0    0  3.5 13 280   M    M   1 18     16 280
13  88  61  75   0   0  10 0.00  0.0    0  4.3 17 330   M    M   1        32 330
14  89  57  73  -2   0   8 0.00  0.0    0  3.0 12 310   M    M   0 8      18 310
15  76  66  71  -5   0   6    T  0.0    0  7.0 12  60   M    M   2 8      25  30
16  79  65  72  -4   0   7 0.78  0.0    0  7.8 15  90   M    M   5 1      23 140
17  85  69  77   1   0  12 0.07  0.0    0  5.2 14 130   M    M   8 1      27 270
18  79  65  72  -4   0   7 0.00  0.0    0  4.1 14  40   M    M   5 1      18  30
19  84  65  75  -1   0  10 3.35  0.0    0  7.1 30  60   M    M   5 13     37 310
20  86  69  78   1   0  13 0.12  0.0    0  5.2 14 170   M    M   5 1      16 180
21  90  67  79   2   0  14 0.00  0.0    0  2.2 12 310   M    M   2        14  20
22  86  67  77   0   0  12 0.00  0.0    0  5.8 16  50   M    M   0        21  50
23  87  62  75  -2   0  10 0.00  0.0    0  4.4 12 110   M    M   1        14 120
24  91  65  78   0   0  13 0.00  0.0    0  6.6 14 110   M    M   2 8      18 120
25  91  73  82   4   0  17 0.00  0.0    0  8.8 16 180   M    M   5 18     20 190
26  90  73  82   4   0  17 0.00  0.0    0  9.1 18 140   M    M   5 18     24 120
27  87  70  79   1   0  14    T  0.0    0  9.1 20 140   M    M   3        26 120
================================================================================
SM 2267 1718         0 243  6.11     0.0 155.5          M       74
================================================================================
AV 84.0 63.6                               5.8 FASTST   M    M   3    MAX(MPH)
                                 MISC ---->  # 30  60               # 37  310
================================================================================
NOTES:
# LAST OF SEVERAL OCCURRENCES

COLUMN 17 PEAK WIND IN M.P.H.

PRELIMINARY LOCAL CLIMATOLOGICAL DATA (WS FORM: F-6) , PAGE 2

                                          STATION:  BATON ROUGE  ASOS
                                          MONTH:    MAY
                                          YEAR:     2016
                                          LATITUDE:   30 31 N
                                          LONGITUDE:  91  9 W

[TEMPERATURE DATA]      [PRECIPITATION DATA]       SYMBOLS USED IN COLUMN 16

AVERAGE MONTHLY: 73.8   TOTAL FOR MONTH:   6.11    1 = FOG OR MIST
DPTR FM NORMAL:  -1.4   DPTR FM NORMAL:    1.89    2 = FOG REDUCING VISIBILITY
HIGHEST:    91 ON 25,24 GRTST 24HR  3.47 ON 19-20      TO 1/4 MILE OR LESS
LOWEST:     50 ON  7                               3 = THUNDER
                        SNOW, ICE PELLETS, HAIL    4 = ICE PELLETS
                        TOTAL MONTH:   0.0 INCH    5 = HAIL
                        GRTST 24HR     0.0         6 = FREEZING RAIN OR DRIZZLE
                        GRTST DEPTH:   0           7 = DUSTSTORM OR SANDSTORM:
                                                       VSBY 1/2 MILE OR LESS
                                                   8 = SMOKE OR HAZE
[NO. OF DAYS WITH]      [WEATHER - DAYS WITH]      9 = BLOWING SNOW
                                                   X = TORNADO
MAX 32 OR BELOW:   0    0.01 INCH OR MORE:   6
MAX 90 OR ABOVE:   5    0.10 INCH OR MORE:   5
MIN 32 OR BELOW:   0    0.50 INCH OR MORE:   3
MIN  0 OR BELOW:   0    1.00 INCH OR MORE:   2

[HDD (BASE 65) ]
TOTAL THIS MO.     0    CLEAR  (SCALE 0-3)  17
DPTR FM NORMAL     0    PTCLDY (SCALE 4-7)  10
TOTAL FM JUL 1  1079    CLOUDY (SCALE 8-10)  0
DPTR FM NORMAL  -474

[CDD (BASE 65) ]
TOTAL THIS MO.   243
DPTR FM NORMAL   -36    [PRESSURE DATA]
TOTAL FM JAN 1   516    HIGHEST SLP M ON M
DPTR FM NORMAL     6    LOWEST  SLP 29.75 ON 19

[REMARKS]
