000
CXUS55 KLIX 281000
CF6BTR
PRELIMINARY LOCAL CLIMATOLOGICAL DATA (WS FORM: F-6)

                                          STATION:   BATON ROUGE  ASOS
                                          MONTH:     AUGUST
                                          YEAR:      2016
                                          LATITUDE:   30 31 N
                                          LONGITUDE:  91  9 W

  TEMPERATURE IN F:       :PCPN:    SNOW:  WIND      :SUNSHINE: SKY     :PK WND
================================================================================
1   2   3   4   5  6A  6B    7    8   9   10  11  12  13   14  15   16   17  18
                                     12Z  AVG MX 2MIN
DY MAX MIN AVG DEP HDD CDD  WTR  SNW DPTH SPD SPD DIR MIN PSBL S-S WX    SPD DR
================================================================================

 1  96  75  86   3   0  21    T  0.0    0  2.7 21 150   M    M   3 3      25 120
 2  97  77  87   4   0  22 0.00  0.0    0  2.9  9 320   M    M   2 1      12 320
 3  90  80  85   2   0  20 0.00  0.0    0  3.5 14 140   M    M   1 8      18 140
 4  97  76  87   4   0  22 0.22  0.0    0  4.7 22  70   M    M   2 138    27  80
 5  95  75  85   2   0  20 0.00  0.0    0  3.2 17 160   M    M   2 13     22 160
 6  95  75  85   2   0  20 0.62  0.0    0  6.3 29  20   M    M   3 13     37  20
 7  95  74  85   2   0  20 0.09  0.0    0  4.7 13 150   M    M   2 13     16 270
 8  90  75  83   0   0  18 0.72  0.0    0  3.8 22 290   M    M   4 1      29 270
 9  94  78  86   3   0  21    T  0.0    0  3.8 24  50   M    M   3        32  50
10  90  78  84   1   0  19 2.09  0.0    0  5.5 21 180   M    M   6 13     26 320
11  87  75  81  -2   0  16 2.30  0.0    0  7.3 24 230   M    M   7 13     29 230
12  81  71  76  -7   0  1111.24  0.0    0 13.9 26 210   M    M  10 13     35 210
13  77  72  75  -8   0  10 3.61  0.0    0 13.0 25 190   M    M   9 1      36 200
14   M   M   M   M   M   M 0.00  0.0    0 11.4 16 140   M    M   3 13     20 210
15  90  75  83   0   0  18 0.17  0.0    0  8.2 17 150   M    M   5 18     24 170
16  93  75  84   1   0  19 1.05  0.0    0  6.4 29 180   M    M   4 13     36 190
17  93  74  84   1   0  19 3.81  0.0    0  4.6 22 250   M    M   7 1238   26 250
18  92  73  83   0   0  18    T  0.0    0  4.2 16 200   M    M   3 38     19 200
19  92  75  84   1   0  19    T  0.0    0  3.8 18 210   M    M   3 13     24 210
20  93  76  85   2   0  20 0.29  0.0    0  4.5 24 240   M    M   2 13     29 250
21  91  75  83   0   0  18 0.76  0.0    0  2.5 24 180   M    M   3 13     28 180
22  96  73  85   2   0  20    T  0.0    0  2.1 21 170   M    M   3 123    27 160
23  95  75  85   2   0  20 0.26  0.0    0  1.5 23 120   M    M   2 3      29 120
24  96  77  87   4   0  22    T  0.0    0  3.2 17 220   M    M   2 13     20 220
25  93  76  85   2   0  20 0.40  0.0    0  4.0 18 100   M    M   2 13     23 100
26  92  74  83   0   0  18 0.00  0.0    0  4.6 13  30   M    M   3        17  40
27  89  72  81  -2   0  16 1.28  0.0    0  4.6 29 100   M    M   4 123    34 120
================================================================================
SM 2389 1951         0 487 28.91     0.0 140.9          M      100
================================================================================
AV 91.9 75.0                               5.2 FASTST   M    M   4    MAX(MPH)
                                 MISC ---->  # 29  20               # 37   20
================================================================================
NOTES:
# LAST OF SEVERAL OCCURRENCES

COLUMN 17 PEAK WIND IN M.P.H.

PRELIMINARY LOCAL CLIMATOLOGICAL DATA (WS FORM: F-6) , PAGE 2

                                          STATION:  BATON ROUGE  ASOS
                                          MONTH:    AUGUST
                                          YEAR:     2016
                                          LATITUDE:   30 31 N
                                          LONGITUDE:  91  9 W

[TEMPERATURE DATA]      [PRECIPITATION DATA]       SYMBOLS USED IN COLUMN 16

AVERAGE MONTHLY: 83.5   TOTAL FOR MONTH:  28.91    1 = FOG OR MIST
DPTR FM NORMAL:   0.5   DPTR FM NORMAL:   23.78    2 = FOG REDUCING VISIBILITY
HIGHEST:    97 ON  4, 2 GRTST 24HR 12.07 ON 12-13      TO 1/4 MILE OR LESS
LOWEST:     71 ON 12                               3 = THUNDER
                        SNOW, ICE PELLETS, HAIL    4 = ICE PELLETS
                        TOTAL MONTH:   0.0 INCH    5 = HAIL
                        GRTST 24HR     0.0         6 = FREEZING RAIN OR DRIZZLE
                        GRTST DEPTH:   0           7 = DUSTSTORM OR SANDSTORM:
                                                       VSBY 1/2 MILE OR LESS
                                                   8 = SMOKE OR HAZE
[NO. OF DAYS WITH]      [WEATHER - DAYS WITH]      9 = BLOWING SNOW
                                                   X = TORNADO
MAX 32 OR BELOW:   0    0.01 INCH OR MORE:  16
MAX 90 OR ABOVE:  22    0.10 INCH OR MORE:  15
MIN 32 OR BELOW:   0    0.50 INCH OR MORE:  10
MIN  0 OR BELOW:   0    1.00 INCH OR MORE:   7

[HDD (BASE 65) ]
TOTAL THIS MO.     0    CLEAR  (SCALE 0-3)  16
DPTR FM NORMAL     0    PTCLDY (SCALE 4-7)   9
TOTAL FM JUL 1     0    CLOUDY (SCALE 8-10)  2
DPTR FM NORMAL     0

[CDD (BASE 65) ]
TOTAL THIS MO.   487
DPTR FM NORMAL     1    [PRESSURE DATA]
TOTAL FM JAN 1  2188    HIGHEST SLP M ON M
DPTR FM NORMAL    97    LOWEST  SLP 29.79 ON 12

[REMARKS]
