000
CXUS55 KLIX 010830
CF6BTR
PRELIMINARY LOCAL CLIMATOLOGICAL DATA (WS FORM: F-6)

                                          STATION:   BATON ROUGE  ASOS
                                          MONTH:     OCTOBER
                                          YEAR:      2014
                                          LATITUDE:   30 31 N
                                          LONGITUDE:  91  9 W

  TEMPERATURE IN F:       :PCPN:    SNOW:  WIND      :SUNSHINE: SKY     :PK WND
================================================================================
1   2   3   4   5  6A  6B    7    8   9   10  11  12  13   14  15   16   17  18
                                     12Z  AVG MX 2MIN
DY MAX MIN AVG DEP HDD CDD  WTR  SNW DPTH SPD SPD DIR MIN PSBL S-S WX    SPD DR
================================================================================

 1  87  71  79   5   0  14    T  0.0    0  6.4 15 130   M    M   6 1      23 350
 2  92  75  84  10   0  19    T  0.0    0  9.7 21 200   M    M   6 1      26 180
 3  81  62  72  -1   0   7 1.13  0.0    0  6.7 24 300   M    M   5 1      33 310
 4  73  52  63 -10   2   0 0.00  0.0    0  4.8 15  30   M    M   0        20  40
 5  80  49  65  -8   0   0 0.00  0.0    0  4.6 15 210   M    M   0        25 110
 6  84  60  72   0   0   7 0.00  0.0    0  5.8 18 160   M    M   2        23 160
 7  89  63  76   4   0  11 0.00  0.0    0  2.2 10 260   M    M   3 1      13 270
 8  89  65  77   5   0  12 0.00  0.0    0  4.3 12 120   M    M   4 12     15 120
 9  90  70  80   9   0  15    T  0.0    0  6.8 15 190   M    M   5 12     18 140
10  91  70  81  10   0  16    T  0.0    0  5.4 14 180   M    M   3 1      23 230
11  88  68  78   7   0  13    T  0.0    0  2.7 12 110   M    M   5 12     14 110
12  89  68  79   9   0  14 0.11  0.0    0  5.4 22 160   M    M   3 13     26 150
13  90  61  76   6   0  11 1.11  0.0    0 11.5 31 170   M    M   5 13     40 180
14  75  55  65  -5   0   0 0.00  0.0    0  8.8 21 270   M    M   1        27 260
15  77  51  64  -6   1   0 0.00  0.0    0  5.5 18 280   M    M   0 8      24 290
16  83  50  67  -2   0   2 0.00  0.0    0  1.9 10 250   M    M   0 8      14 280
17  83  56  70   1   0   5 0.00  0.0    0  4.9 14 210   M    M   1 1      17 210
18  85  61  73   4   0   8 0.00  0.0    0  3.7 12 290   M    M   3 8      16 290
19  78  55  67  -1   0   2 0.00  0.0    0  5.5 16  70   M    M   0        20  80
20  78  51  65  -3   0   0 0.00  0.0    0  2.7  8  30   M    M   0        11 360
21  82  54  68   0   0   3 0.00  0.0    0  4.2 10  60   M    M   0        14  40
22  80  55  68   0   0   3 0.00  0.0    0  5.8 14  70   M    M   0        19  40
23  77  49  63  -4   2   0 0.00  0.0    0  3.5 14  90   M    M   0        17  80
24  77  47  62  -5   3   0 0.00  0.0    0  2.7 10  40   M    M   0        13  30
25  83  46  65  -2   0   0 0.00  0.0    0  2.4 10 300   M    M   0 1      14 330
26  86  53  70   4   0   5 0.00  0.0    0  2.0  9 230   M    M   0 1      12 230
27  83  54  69   3   0   4 0.00  0.0    0  5.6 16 180   M    M   1 18     21 310
28  86  63  75   9   0  10 0.00  0.0    0  4.1 10 180   M    M   3 1      14 150
29  83  59  71   5   0   6 0.00  0.0    0  4.4 14 320   M    M   5 12     23 300
30  75  49  62  -3   3   0 0.00  0.0    0  3.5 16  70   M    M   1        28 120
31  75  47  61  -4   4   0 0.00  0.0    0  6.1 17 300   M    M   0        24 330
================================================================================
SM 2569 1789        15 187  2.35     0.0 153.6          M       62
================================================================================
AV 82.9 57.7                               5.0 FASTST   M    M   2    MAX(MPH)
                                 MISC ---->  # 31 170               # 40  180
================================================================================
NOTES:
# LAST OF SEVERAL OCCURRENCES

COLUMN 17 PEAK WIND IN M.P.H.

PRELIMINARY LOCAL CLIMATOLOGICAL DATA (WS FORM: F-6) , PAGE 2

                                          STATION:  BATON ROUGE  ASOS
                                          MONTH:    OCTOBER
                                          YEAR:     2014
                                          LATITUDE:   30 31 N
                                          LONGITUDE:  91  9 W

[TEMPERATURE DATA]      [PRECIPITATION DATA]       SYMBOLS USED IN COLUMN 16

AVERAGE MONTHLY: 70.3   TOTAL FOR MONTH:   2.35    1 = FOG OR MIST
DPTR FM NORMAL:   1.0   DPTR FM NORMAL:   -2.35    2 = FOG REDUCING VISIBILITY
HIGHEST:    92 ON  2    GRTST 24HR  1.13 ON  3- 3      TO 1/4 MILE OR LESS
LOWEST:     46 ON 25                               3 = THUNDER
                        SNOW, ICE PELLETS, HAIL    4 = ICE PELLETS
                        TOTAL MONTH:   0.0 INCH    5 = HAIL
                        GRTST 24HR     0.0         6 = FREEZING RAIN OR DRIZZLE
                        GRTST DEPTH:   0           7 = DUSTSTORM OR SANDSTORM:
                                                       VSBY 1/2 MILE OR LESS
                                                   8 = SMOKE OR HAZE
[NO. OF DAYS WITH]      [WEATHER - DAYS WITH]      9 = BLOWING SNOW
                                                   X = TORNADO
MAX 32 OR BELOW:   0    0.01 INCH OR MORE:   3
MAX 90 OR ABOVE:   4    0.10 INCH OR MORE:   3
MIN 32 OR BELOW:   0    0.50 INCH OR MORE:   2
MIN  0 OR BELOW:   0    1.00 INCH OR MORE:   2

[HDD (BASE 65) ]
TOTAL THIS MO.    15    CLEAR  (SCALE 0-3)  20
DPTR FM NORMAL   -29    PTCLDY (SCALE 4-7)  11
TOTAL FM JUL 1    15    CLOUDY (SCALE 8-10)  0
DPTR FM NORMAL   -31

[CDD (BASE 65) ]
TOTAL THIS MO.   187
DPTR FM NORMAL     8    [PRESSURE DATA]
TOTAL FM JAN 1  2661    HIGHEST SLP M ON M
DPTR FM NORMAL   -89    LOWEST  SLP 29.72 ON 13

[REMARKS]
#FINAL-10-14#
