000
CXUS55 KLIX 200830
CF6BTR
PRELIMINARY LOCAL CLIMATOLOGICAL DATA (WS FORM: F-6)

                                          STATION:   BATON ROUGE  ASOS
                                          MONTH:     SEPTEMBER
                                          YEAR:      2014
                                          LATITUDE:   30 31 N
                                          LONGITUDE:  91  9 W

  TEMPERATURE IN F:       :PCPN:    SNOW:  WIND      :SUNSHINE: SKY     :PK WND
================================================================================
1   2   3   4   5  6A  6B    7    8   9   10  11  12  13   14  15   16   17  18
                                     12Z  AVG MX 2MIN
DY MAX MIN AVG DEP HDD CDD  WTR  SNW DPTH SPD SPD DIR MIN PSBL S-S WX    SPD DR
================================================================================

 1  92  74  83   1   0  18 0.06  0.0    0  7.0 23 190   M    M   3 1      28 190
 2  93  74  84   2   0  19 0.42  0.0    0  6.0 28 150   M    M   4 138    39 140
 3  92  73  83   1   0  18 0.19  0.0    0  3.6 12 320   M    M   1 13     15 320
 4  93  72  83   1   0  18 0.00  0.0    0  2.8 16 170   M    M   3 1      19 170
 5  92  72  82   1   0  17 1.11  0.0    0  2.9 26 120   M    M   2 123    36 130
 6  92  71  82   1   0  17 0.02  0.0    0  1.9  9 360   M    M   1 1      14 360
 7  92  73  83   2   0  18    T  0.0    0  2.6 10 330   M    M   2 13     26  90
 8  92  71  82   1   0  17 0.00  0.0    0  2.4 10 120   M    M   2 13     13 120
 9  92  74  83   3   0  18 0.00  0.0    0  2.1 12 220   M    M   3 18     17 210
10  93  74  84   4   0  19 0.00  0.0    0  4.7 10 170   M    M   5        14 170
11  94  74  84   4   0  19    T  0.0    0  3.7 15 180   M    M   2        21 180
12  91  74  83   3   0  18    T  0.0    0  4.2 13 110   M    M   3 3      18 100
13  80  68  74  -6   0   9 0.00  0.0    0  5.2 13  30   M    M   8 1      20  30
14  88  68  78  -1   0  13 0.00  0.0    0  5.3 10  50   M    M   6 18     24  90
15  92  71  82   3   0  17 0.42  0.0    0  4.2 22 150   M    M   3 138    26 140
16  90  73  82   3   0  17 0.15  0.0    0  3.1 18 170   M    M   4 13     22  60
17  88  71  80   2   0  15    T  0.0    0  2.1  8  40   M    M   3 1      10  40
18  87  72  80   2   0  15 0.54  0.0    0  4.0 18 200   M    M   3 13     23 190
19  88  71  80   2   0  15 0.09  0.0    0  5.2 20 120   M    M   5        24 120
================================================================================
SM 1721 1370         0 317  3.00     0.0  73.0          M       63
================================================================================
AV 90.6 72.1                               3.8 FASTST   M    M   3    MAX(MPH)
                                 MISC ---->  # 28 150               # 39  140
================================================================================
NOTES:
# LAST OF SEVERAL OCCURRENCES

COLUMN 17 PEAK WIND IN M.P.H.

PRELIMINARY LOCAL CLIMATOLOGICAL DATA (WS FORM: F-6) , PAGE 2

                                          STATION:  BATON ROUGE  ASOS
                                          MONTH:    SEPTEMBER
                                          YEAR:     2014
                                          LATITUDE:   30 31 N
                                          LONGITUDE:  91  9 W

[TEMPERATURE DATA]      [PRECIPITATION DATA]       SYMBOLS USED IN COLUMN 16

AVERAGE MONTHLY: 81.3   TOTAL FOR MONTH:   3.00    1 = FOG OR MIST
DPTR FM NORMAL:   1.2   DPTR FM NORMAL:    0.02    2 = FOG REDUCING VISIBILITY
HIGHEST:    94 ON 11    GRTST 24HR  1.13 ON  5- 6      TO 1/4 MILE OR LESS
LOWEST:     68 ON 14,13                            3 = THUNDER
                        SNOW, ICE PELLETS, HAIL    4 = ICE PELLETS
                        TOTAL MONTH:   0.0 INCH    5 = HAIL
                        GRTST 24HR     0.0         6 = FREEZING RAIN OR DRIZZLE
                        GRTST DEPTH:   0           7 = DUSTSTORM OR SANDSTORM:
                                                       VSBY 1/2 MILE OR LESS
                                                   8 = SMOKE OR HAZE
[NO. OF DAYS WITH]      [WEATHER - DAYS WITH]      9 = BLOWING SNOW
                                                   X = TORNADO
MAX 32 OR BELOW:   0    0.01 INCH OR MORE:   9
MAX 90 OR ABOVE:  14    0.10 INCH OR MORE:   6
MIN 32 OR BELOW:   0    0.50 INCH OR MORE:   2
MIN  0 OR BELOW:   0    1.00 INCH OR MORE:   1

[HDD (BASE 65) ]
TOTAL THIS MO.     0    CLEAR  (SCALE 0-3)  11
DPTR FM NORMAL     0    PTCLDY (SCALE 4-7)   7
TOTAL FM JUL 1     0    CLOUDY (SCALE 8-10)  1
DPTR FM NORMAL     0

[CDD (BASE 65) ]
TOTAL THIS MO.   317
DPTR FM NORMAL    30    [PRESSURE DATA]
TOTAL FM JAN 1  2345    HIGHEST SLP M ON M
DPTR FM NORMAL  -103    LOWEST  SLP 29.86 ON 18

[REMARKS]
