000
CXAK56 PAFG 191342
CF6BTT
PRELIMINARY LOCAL CLIMATOLOGICAL DATA (WS FORM: F-6)

                                          STATION:   BETTLES AK
                                          MONTH:     AUGUST
                                          YEAR:      2014
                                          LATITUDE:   66 55 N
                                          LONGITUDE: 151 31 W

  TEMPERATURE IN F:       :PCPN:    SNOW:  WIND      :SUNSHINE: SKY     :PK WND
================================================================================
1   2   3   4   5  6A  6B    7    8   9   10  11  12  13   14  15   16   17  18
                                     12Z  AVG MX 2MIN
DY MAX MIN AVG DEP HDD CDD  WTR  SNW DPTH SPD SPD DIR MIN PSBL S-S WX    SPD DR
================================================================================

 1  69  51  60   3   5   0 0.04  0.0    0  5.5 10 220   M    M   8 1       M  M
 2  69  53  61   5   4   0 0.00  0.0    0  4.8 10 140   M    M   7 123     M  M
 3  74  45  60   4   5   0 0.00  0.0    0  2.9  8  40   M    M   3        13  20
 4  76  47  62   6   3   0 0.05    M    0  3.7 16  20   M    M   5        26  20
 5  72  46  59   3   6   0 0.01  0.0    0  2.3 16 130   M    M   6        24 120
 6  70  36  53  -2  12   0 0.00  0.0    0  2.1  9 230   M    M   4 1      13 220
 7  64  50  57   2   8   0 0.11  0.0    0  5.2 12 120   M    M   9 1      16 120
 8  71  52  62   7   3   0 0.00  0.0    0  7.5 15  50   M    M   6        22  70
 9  71  46  59   4   6   0 0.00  0.0    0  9.3 21  50   M    M   4        28  80
10  72  48  60   6   5   0 0.00  0.0    0  8.1 15  40   M    M   5        24  50
11  72  54  63   9   2   0 0.00  0.0    0  8.7 18  40   M    M   6        24  30
12  72  52  62   8   3   0 0.11  0.0    0  5.8 18  40   M    M   7 13     24  50
13  70  48  59   5   6   0 0.00  0.0    0  3.7 10  50   M    M   7        18  50
14  69  48  59   6   6   0 0.02  0.0    0  4.2  9  20   M    M   7 1      17  70
15  61  50  56   3   9   0 0.32  0.0    0  3.4 10 120   M    M   9 1      16 120
16  68  48  58   5   7   0 0.15  0.0    0  4.9 12 150   M    M   8 13     16 140
17  68  48  58   6   7   0 0.08    M    0  4.7 13  20   M    M   8 1      17 140
18  67  44  56   4   9   0 0.03  0.0    0  3.0 13 270   M    M   6 1      14 320
================================================================================
SM 1255  866       106   0  0.92     0.0  89.8          M      115
================================================================================
AV 69.7 48.1                               5.0 FASTST   M    M   6    MAX(MPH)
                                 MISC ---->  # 21  50               # 28   80
================================================================================
NOTES:
# LAST OF SEVERAL OCCURRENCES

COLUMN 17 PEAK WIND IN M.P.H.

PRELIMINARY LOCAL CLIMATOLOGICAL DATA (WS FORM: F-6) , PAGE 2

                                          STATION:  BETTLES AK
                                          MONTH:    AUGUST
                                          YEAR:     2014
                                          LATITUDE:   66 55 N
                                          LONGITUDE: 151 31 W

[TEMPERATURE DATA]      [PRECIPITATION DATA]       SYMBOLS USED IN COLUMN 16

AVERAGE MONTHLY: 58.9   TOTAL FOR MONTH:   0.92    1 = FOG OR MIST
DPTR FM NORMAL:   4.5   DPTR FM NORMAL:   -0.61    2 = FOG REDUCING VISIBILITY
HIGHEST:    76 ON  4    GRTST 24HR  0.33 ON 15-16      TO 1/4 MILE OR LESS
LOWEST:     36 ON  6                               3 = THUNDER
                        SNOW, ICE PELLETS, HAIL    4 = ICE PELLETS
                        TOTAL MONTH:   0.0 INCH    5 = HAIL
                        GRTST 24HR     0.0         6 = FREEZING RAIN OR DRIZZLE
                        GRTST DEPTH:   0           7 = DUSTSTORM OR SANDSTORM:
                                                       VSBY 1/2 MILE OR LESS
                                                   8 = SMOKE OR HAZE
[NO. OF DAYS WITH]      [WEATHER - DAYS WITH]      9 = BLOWING SNOW
                                                   X = TORNADO
MAX 32 OR BELOW:   0    0.01 INCH OR MORE:  10
MAX 90 OR ABOVE:   0    0.10 INCH OR MORE:   4
MIN 32 OR BELOW:   0    0.50 INCH OR MORE:   0
MIN  0 OR BELOW:   0    1.00 INCH OR MORE:   0

[HDD (BASE 65) ]
TOTAL THIS MO.   106    CLEAR  (SCALE 0-3)   1
DPTR FM NORMAL   -85    PTCLDY (SCALE 4-7)  14
TOTAL FM JUL 1   386    CLOUDY (SCALE 8-10)  3
DPTR FM NORMAL    13

[CDD (BASE 65) ]
TOTAL THIS MO.     0
DPTR FM NORMAL     0    [PRESSURE DATA]
TOTAL FM JAN 1     9    HIGHEST SLP M ON M
DPTR FM NORMAL   -25    LOWEST  SLP 29.55 ON 17

[REMARKS]
