000
CXAK56 PAFG 271205
CF6BTT
PRELIMINARY LOCAL CLIMATOLOGICAL DATA (WS FORM: F-6)

                                          STATION:   BETTLES AK
                                          MONTH:     APRIL
                                          YEAR:      2014
                                          LATITUDE:   66 55 N
                                          LONGITUDE: 151 31 W

  TEMPERATURE IN F:       :PCPN:    SNOW:  WIND      :SUNSHINE: SKY     :PK WND
================================================================================
1   2   3   4   5  6A  6B    7    8   9   10  11  12  13   14  15   16   17  18
                                     12Z  AVG MX 2MIN
DY MAX MIN AVG DEP HDD CDD  WTR  SNW DPTH SPD SPD DIR MIN PSBL S-S WX    SPD DR
================================================================================

 1  31   4  18   6  47   0 0.00  0.0   28  4.9 14  20   M    M   1        17  10
 2  27  -3  12  -1  53   0 0.00  0.0   28  2.8  8 360   M    M   3        12 360
 3  28  -4  12  -2  53   0 0.00  0.0   28  3.1  8  40   M    M   2        10  20
 4  29  -3  13  -1  52   0 0.00  0.0   28  4.2 12  40   M    M   6        14  50
 5  28   2  15   0  50   0 0.00  0.0   28  3.5  8 310   M    M   6        15 340
 6  24   1  13  -3  52   0 0.00  0.0   28  4.8  9 310   M    M   3        13 320
 7  17  -2   8  -9  57   0 0.01  0.1   28  3.9 10 280   M    M   5 1      14 270
 8  11 -19  -4 -22  69   0 0.00  0.0   28  4.3  9 140   M    M   2        12 140
 9  10 -22  -6 -24  71   0 0.00  0.0   28  3.2  8 150   M    M   0        10 150
10  17 -19  -1 -20  66   0 0.00  0.0   28  3.0  8 350   M    M   4        10 350
11  25 -15   5 -15  60   0 0.00  0.0   28  2.8  8  10   M    M   2        12  10
12  26   3  15  -6  50   0 0.00  0.0   28  6.6 12  20   M    M   6        16  40
13  37  19  28   7  37   0 0.10  1.0   29  4.6 14  20   M    M  10 1      18  10
14  44  22  33  11  32   0 0.01  0.3   27  1.6  7  30   M    M   6 1      10  20
15  47  13  30   7  35   0 0.00  0.0   25  5.1 10  40   M    M   3        15  20
16  40  30  35  11  30   0 0.05  0.2   24  4.9 12  20   M    M   9 146    15  20
17  43  29  36  12  29   0    T    T   23  6.8 12  20   M    M   8 4      15  20
18  44  29  37  12  28   0 0.00  0.0   22  6.1 14  40   M    M   8        18  40
19  45  27  36  10  29   0 0.00  0.0   18  1.9  9  40   M    M   8        13  50
20  44  25  35   8  30   0 0.00  0.0   17  4.7 14  50   M    M   2        20  50
21  43  22  33   5  32   0 0.00  0.0   15  4.6 13  60   M    M   2        18  50
22  43  24  34   6  31   0 0.00  0.0   14  5.9 10  40   M    M   1        15  60
23  43  20  32   3  33   0 0.00  0.0   14  6.0 13  50   M    M   2        17  40
24  47  25  36   6  29   0 0.00  0.0   14  6.7 14  20   M    M   4        18  10
25  47  25  36   5  29   0 0.00  0.0   12  2.8 10  40   M    M   6        14  60
26  49  33  41  10  24   0 0.02  0.0   11  8.6 17  40   M    M   5        21  40
================================================================================
SM  889  266      1108   0  0.19     1.6 117.4          M      114
================================================================================
AV 34.2 10.2                               4.5 FASTST   M    M   4    MAX(MPH)
                                 MISC ---->  # 17  40               # 21   40
================================================================================
NOTES:
# LAST OF SEVERAL OCCURRENCES

COLUMN 17 PEAK WIND IN M.P.H.

PRELIMINARY LOCAL CLIMATOLOGICAL DATA (WS FORM: F-6) , PAGE 2

                                          STATION:  BETTLES AK
                                          MONTH:    APRIL
                                          YEAR:     2014
                                          LATITUDE:   66 55 N
                                          LONGITUDE: 151 31 W

[TEMPERATURE DATA]      [PRECIPITATION DATA]       SYMBOLS USED IN COLUMN 16

AVERAGE MONTHLY: 22.2   TOTAL FOR MONTH:   0.19    1 = FOG OR MIST
DPTR FM NORMAL:   0.4   DPTR FM NORMAL:   -0.32    2 = FOG REDUCING VISIBILITY
HIGHEST:    49 ON 26    GRTST 24HR  0.10 ON 13-13      TO 1/4 MILE OR LESS
LOWEST:    -22 ON  9                               3 = THUNDER
                        SNOW, ICE PELLETS, HAIL    4 = ICE PELLETS
                        TOTAL MONTH:   1.6 INCHES  5 = HAIL
                        GRTST 24HR   1.0 ON 13-13  6 = FREEZING RAIN OR DRIZZLE
                        GRTST DEPTH:  29 ON 13     7 = DUSTSTORM OR SANDSTORM:
                                                       VSBY 1/2 MILE OR LESS
                                                   8 = SMOKE OR HAZE
[NO. OF DAYS WITH]      [WEATHER - DAYS WITH]      9 = BLOWING SNOW
                                                   X = TORNADO
MAX 32 OR BELOW:  12    0.01 INCH OR MORE:   5
MAX 90 OR ABOVE:   0    0.10 INCH OR MORE:   1
MIN 32 OR BELOW:  25    0.50 INCH OR MORE:   0
MIN  0 OR BELOW:   8    1.00 INCH OR MORE:   0

[HDD (BASE 65) ]
TOTAL THIS MO.  1108    CLEAR  (SCALE 0-3)  11
DPTR FM NORMAL   -16    PTCLDY (SCALE 4-7)  12
TOTAL FM JUL 1 13447    CLOUDY (SCALE 8-10)  3
DPTR FM NORMAL  -752

[CDD (BASE 65) ]
TOTAL THIS MO.     0
DPTR FM NORMAL     0    [PRESSURE DATA]
TOTAL FM JAN 1     0    HIGHEST SLP M ON M
DPTR FM NORMAL     0    LOWEST  SLP 29.58 ON 25

[REMARKS]
