000
CXAK56 PAFG 161337
CF6BTT
PRELIMINARY LOCAL CLIMATOLOGICAL DATA (WS FORM: F-6)

                                          STATION:   BETTLES AK
                                          MONTH:     NOVEMBER
                                          YEAR:      2017
                                          LATITUDE:   66 55 N
                                          LONGITUDE: 151 31 W

  TEMPERATURE IN F:       :PCPN:    SNOW:  WIND      :SUNSHINE: SKY     :PK WND
================================================================================
1   2   3   4   5  6A  6B    7    8   9   10  11  12  13   14  15   16   17  18
                                     12Z  AVG MX 2MIN
DY MAX MIN AVG DEP HDD CDD  WTR  SNW DPTH SPD SPD DIR MIN PSBL S-S WX    SPD DR
================================================================================

 1  13   2   8   3  57   0    T    T   13  2.6  8 320   M    M   7 1      11 320
 2  12   0   6   1  59   0 0.00  0.0   12  1.5  7 330   M    M   8         9 350
 3  17   9  13   9  52   0 0.02  0.3   12  3.4  7 350   M    M  10 1      10 350
 4  16   2   9   6  56   0 0.01  0.1   13  5.6 12 360   M    M   9 1      17 350
 5  18   8  13  10  52   0 0.05  0.5   12  2.4  7 160   M    M   9 1      10 160
 6  12  -5   4   2  61   0    T    T   12  3.9  9 330   M    M   5 1      12 330
 7  14  -1   7   5  58   0 0.00  0.0   12  4.1 10 350   M    M   9        14 350
 8  24   9  17  16  48   0 0.26  4.0   15  1.2  7 140   M    M  10 12      9 140
 9  29  15  22  21  43   0 0.25  3.6   15  7.8 16 210   M    M  10 19     25 210
10  16  -9   4   4  61   0 0.02  0.4   18  1.7  7 140   M    M   8 1      10 130
11   7  -1   3   3  62   0 0.07  2.8   19  2.1  7  20   M    M  10 1      10 350
12  12   3   8   9  57   0 0.13  2.7   20  3.7  8 350   M    M  10 1      13  20
13  10 -14  -2  -1  67   0 0.00  0.0   18  3.0  8  20   M    M   4        10  30
14   8 -19  -5  -3  70   0 0.00  0.0   18  3.1  9 330   M    M   6        11 330
15  11   0   6   8  59   0 0.09  1.1   18  1.6  5 350   M    M   9 1       6 350
================================================================================
SM  219   -1       862   0  0.90    15.5  47.7          M      124
================================================================================
AV 14.6 -0.1                               3.2 FASTST   M    M   8    MAX(MPH)
                                 MISC ---->  # 16 210               # 25  210
================================================================================
NOTES:
# LAST OF SEVERAL OCCURRENCES

COLUMN 17 PEAK WIND IN M.P.H.

PRELIMINARY LOCAL CLIMATOLOGICAL DATA (WS FORM: F-6) , PAGE 2

                                          STATION:  BETTLES AK
                                          MONTH:    NOVEMBER
                                          YEAR:     2017
                                          LATITUDE:   66 55 N
                                          LONGITUDE: 151 31 W

[TEMPERATURE DATA]      [PRECIPITATION DATA]       SYMBOLS USED IN COLUMN 16

AVERAGE MONTHLY:  7.3   TOTAL FOR MONTH:   0.90    1 = FOG OR MIST
DPTR FM NORMAL:     M   DPTR FM NORMAL:    0.46    2 = FOG REDUCING VISIBILITY
HIGHEST:    29 ON  9    GRTST 24HR  0.26 ON  8- 8      TO 1/4 MILE OR LESS
LOWEST:    -19 ON 14                               3 = THUNDER
                        SNOW, ICE PELLETS, HAIL    4 = ICE PELLETS
                        TOTAL MONTH:  15.5 INCHES  5 = HAIL
                        GRTST 24HR   4.0 ON  8- 8  6 = FREEZING RAIN OR DRIZZLE
                        GRTST DEPTH:  20 ON 12     7 = DUSTSTORM OR SANDSTORM:
                                                       VSBY 1/2 MILE OR LESS
                                                   8 = SMOKE OR HAZE
[NO. OF DAYS WITH]      [WEATHER - DAYS WITH]      9 = BLOWING SNOW
                                                   X = TORNADO
MAX 32 OR BELOW:  15    0.01 INCH OR MORE:   9
MAX 90 OR ABOVE:   0    0.10 INCH OR MORE:   3
MIN 32 OR BELOW:  15    0.50 INCH OR MORE:   0
MIN  0 OR BELOW:   8    1.00 INCH OR MORE:   0

[HDD (BASE 65) ]
TOTAL THIS MO.   862    CLEAR  (SCALE 0-3)   0
DPTR FM NORMAL   -93    PTCLDY (SCALE 4-7)   6
TOTAL FM JUL 1  3157    CLOUDY (SCALE 8-10)  9
DPTR FM NORMAL  -533

[CDD (BASE 65) ]
TOTAL THIS MO.     0
DPTR FM NORMAL     0    [PRESSURE DATA]
TOTAL FM JAN 1    50    HIGHEST SLP M ON M
DPTR FM NORMAL    14    LOWEST  SLP 29.34 ON 12

[REMARKS]
