000
CXUS51 KBTV 300700
CF6BTV
PRELIMINARY LOCAL CLIMATOLOGICAL DATA (WS FORM: F-6)

                                          STATION:   BURLINGTON VT
                                          MONTH:     MAY
                                          YEAR:      2016
                                          LATITUDE:   44 28 N
                                          LONGITUDE:  73  9 W

  TEMPERATURE IN F:       :PCPN:    SNOW:  WIND      :SUNSHINE: SKY     :PK WND
================================================================================
1   2   3   4   5  6A  6B    7    8   9   10  11  12  13   14  15   16   17  18
                                     12Z  AVG MX 2MIN
DY MAX MIN AVG DEP HDD CDD  WTR  SNW DPTH SPD SPD DIR MIN PSBL S-S WX    SPD DR
================================================================================

 1  51  43  47  -4  18   0 0.28  0.0    0  3.8 13 190   M    M   9 1      16 190
 2  49  44  47  -5  18   0 0.47  0.0    0  5.0 10 120   M    M  10 1      15 120
 3  53  42  48  -4  17   0 0.00  0.0    0  4.3 12 330   M    M   8 1      15 330
 4  57  42  50  -2  15   0 0.04  0.0    0  3.9 16 130   M    M  10        19 120
 5  62  47  55   2  10   0 0.00  0.0    0  5.8 14 330   M    M   9        21 350
 6  69  44  57   4   8   0    T  0.0    0 11.3 24 320   M    M   3        28 320
 7  74  51  63  10   2   0    T  0.0    0  9.5 18 190   M    M   6        25 190
 8  57  39  48  -6  17   0 0.45  0.0    0 14.0 25 300   M    M   8 1      33 320
 9  54  37  46  -8  19   0    T    T    0  8.4 20 310   M    M   6        31 310
10  68  33  51  -3  14   0 0.00  0.0    0  4.3 14 350   M    M   1        18 350
11  70  38  54  -1  11   0 0.00  0.0    0  5.1 16 330   M    M   1        22 330
12  82  44  63   8   2   0 0.00  0.0    0  4.5 13 210   M    M   3        15 200
13  70  59  65  10   0   0 0.25  0.0    0 11.4 23 190   M    M   6 1      30 190
14  73  47  60   4   5   0 0.10  0.0    0  7.9 24 240   M    M   6        30 230
15  52  39  46 -10  19   0 0.16  0.0    0 10.2 24 310   M    M   9        31 310
16  52  37  45 -11  20   0    T  0.0    0 10.7 20 300   M    M   8        28 250
17  65  36  51  -6  14   0 0.00  0.0    0  6.6 21 340   M    M   6        28 340
18  64  47  56  -1   9   0 0.00  0.0    0  5.8 15 320   M    M   7 8      18 340
19  69  48  59   2   6   0 0.00  0.0    0  5.1 17 340   M    M   6 8      24 320
20  76  43  60   2   5   0 0.00  0.0    0  3.0  9 320   M    M   2         M  M
21  77  48  63   5   2   0 0.00  0.0    0  5.1 15 190   M    M   7        19 190
22  77  53  65   7   0   0 0.04  0.0    0  6.1 18 120   M    M   7 8      25 130
23  81  49  65   6   0   0 0.00  0.0    0  6.2 20 320   M    M   4 12     25 310
24  81  50  66   7   0   1 0.00  0.0    0  6.1 17 190   M    M   4        24 200
25  84  55  70  11   0   5 0.00  0.0    0  7.3 17 360   M    M   4        21 190
26  82  55  69   9   0   4 0.00  0.0    0  3.7  9 330   M    M   5         M  M
27  91   M   M   M   M   M    M  0.0    0  9.7 16 190   M    M   4        28 200
28  91  69  80  20   0  15 0.00  0.0    0  3.6 12 330   M    M   5        15 360
29  88  65  77  17   0  12 0.54  0.0    0  6.8 17 190   M    M   6 13     22 190
================================================================================
SM 2019 1304       231  37  2.33    T    195.2          M      170
================================================================================
AV 69.6 46.6                               6.7 FASTST   M    M   6    MAX(MPH)
                                 MISC ---->  # 25 300               # 33  320
================================================================================
NOTES:
# LAST OF SEVERAL OCCURRENCES

COLUMN 17 PEAK WIND IN M.P.H.

PRELIMINARY LOCAL CLIMATOLOGICAL DATA (WS FORM: F-6) , PAGE 2

                                          STATION:  BURLINGTON VT
                                          MONTH:    MAY
                                          YEAR:     2016
                                          LATITUDE:   44 28 N
                                          LONGITUDE:  73  9 W

[TEMPERATURE DATA]      [PRECIPITATION DATA]       SYMBOLS USED IN COLUMN 16

AVERAGE MONTHLY: 58.1   TOTAL FOR MONTH:   2.33    1 = FOG OR MIST
DPTR FM NORMAL:   2.1   DPTR FM NORMAL:   -0.87    2 = FOG REDUCING VISIBILITY
HIGHEST:    91 ON 28,27 GRTST 24HR  0.57 ON  1- 2      TO 1/4 MILE OR LESS
LOWEST:     33 ON 10                               3 = THUNDER
                        SNOW, ICE PELLETS, HAIL    4 = ICE PELLETS
                        TOTAL MONTH:    T          5 = HAIL
                        GRTST 24HR    T  ON  9- 9  6 = FREEZING RAIN OR DRIZZLE
                        GRTST DEPTH:   0           7 = DUSTSTORM OR SANDSTORM:
                                                       VSBY 1/2 MILE OR LESS
                                                   8 = SMOKE OR HAZE
[NO. OF DAYS WITH]      [WEATHER - DAYS WITH]      9 = BLOWING SNOW
                                                   X = TORNADO
MAX 32 OR BELOW:   0    0.01 INCH OR MORE:   9
MAX 90 OR ABOVE:   2    0.10 INCH OR MORE:   7
MIN 32 OR BELOW:   0    0.50 INCH OR MORE:   1
MIN  0 OR BELOW:   0    1.00 INCH OR MORE:   0

[HDD (BASE 65) ]
TOTAL THIS MO.   231    CLEAR  (SCALE 0-3)   3
DPTR FM NORMAL   -45    PTCLDY (SCALE 4-7)  21
TOTAL FM JUL 1  6178    CLOUDY (SCALE 8-10)  5
DPTR FM NORMAL -1172

[CDD (BASE 65) ]
TOTAL THIS MO.    37
DPTR FM NORMAL    25    [PRESSURE DATA]
TOTAL FM JAN 1    37    HIGHEST SLP M ON M
DPTR FM NORMAL    23    LOWEST  SLP 29.52 ON M

[REMARKS]
