000
CXUS51 KBTV 221447
CF6BTV
PRELIMINARY LOCAL CLIMATOLOGICAL DATA (WS FORM: F-6)

                                          STATION:   BURLINGTON VT
                                          MONTH:     SEPTEMBER
                                          YEAR:      2014
                                          LATITUDE:   44 28 N
                                          LONGITUDE:  73  9 W

  TEMPERATURE IN F:       :PCPN:    SNOW:  WIND      :SUNSHINE: SKY     :PK WND
================================================================================
1   2   3   4   5  6A  6B    7    8   9   10  11  12  13   14  15   16   17  18
                                     12Z  AVG MX 2MIN
DY MAX MIN AVG DEP HDD CDD  WTR  SNW DPTH SPD SPD DIR MIN PSBL S-S WX    SPD DR
================================================================================

 1  88  69  79  13   0  14 0.01  0.0    0  6.4 14 190   M    M   4        17 190
 2  89  66  78  12   0  13 0.45  0.0    0  9.4 21 340   M    M   6 1      26 200
 3  82  59  71   6   0   6 0.00  0.0    0  5.8 15 330   M    M   4        19 320
 4  84  56  70   5   0   5 0.00  0.0    0  5.8 17 180   M    M   2        22 190
 5  86  67  77  12   0  12 0.00  0.0    0 12.5 20 170   M    M   4        28 170
 6  79  63  71   7   0   6 0.46  0.0    0  7.3 24 330   M    M   8 1      28 340
 7  75  53  64   0   1   0 0.00  0.0    0  4.4 13 360   M    M   3 1      17 320
 8  78  51  65   1   0   0 0.00  0.0    0  4.7 13 190   M    M   1        16 190
 9  75  54  65   2   0   0 0.00  0.0    0  7.2 16 180   M    M   1        22 190
10  77  55  66   3   0   1 0.00  0.0    0  6.7 14 170   M    M   6        20 180
11  76  56  66   3   0   1 0.08  0.0    0 15.7 32 190   M    M   7 1      45 180
12  56  43  50 -12  15   0 0.00  0.0    0  8.8 20 320   M    M   9        24 320
13  56  40  48 -14  17   0 0.11  0.0    0  6.2 17 230   M    M   7 1      26 240
14  56  41  49 -12  16   0    T  0.0    0  6.7 20 300   M    M   8        28 290
15  65  37  51 -10  14   0    T  0.0    0  5.4 14 190   M    M   4        16 190
16  66  49  58  -3   7   0 0.16  0.0    0  3.8 12 180   M    M   7 1      16 190
17  68  43  56  -4   9   0 0.00  0.0    0  5.2 13 170   M    M   4 1      17 170
18  57  41  49 -11  16   0 0.01  0.0    0  6.7 15 330   M    M   8 1      20 340
19  58  32  45 -14  20   0 0.00  0.0    0  4.0 12 290   M    M   1 12     16 300
20  70  49  60   1   5   0 0.00  0.0    0 18.2 30 180   M    M   5        42 190
21  82  63  73  15   0   8 0.33  0.0    0 13.1 28 190   M    M   5 1      38 170
================================================================================
SM 1523 1087       120  66  1.61     0.0 164.0          M      104
================================================================================
AV 72.5 51.8                               7.8 FASTST   M    M   5    MAX(MPH)
                                 MISC ---->  # 32 190               # 45  180
================================================================================
NOTES:
# LAST OF SEVERAL OCCURRENCES

COLUMN 17 PEAK WIND IN M.P.H.

PRELIMINARY LOCAL CLIMATOLOGICAL DATA (WS FORM: F-6) , PAGE 2

                                          STATION:  BURLINGTON VT
                                          MONTH:    SEPTEMBER
                                          YEAR:     2014
                                          LATITUDE:   44 28 N
                                          LONGITUDE:  73  9 W

[TEMPERATURE DATA]      [PRECIPITATION DATA]       SYMBOLS USED IN COLUMN 16

AVERAGE MONTHLY: 62.1   TOTAL FOR MONTH:   1.61    1 = FOG OR MIST
DPTR FM NORMAL:  -0.3   DPTR FM NORMAL:   -0.85    2 = FOG REDUCING VISIBILITY
HIGHEST:    89 ON  2    GRTST 24HR  0.46 ON  6- 6      TO 1/4 MILE OR LESS
LOWEST:     32 ON 19                               3 = THUNDER
                        SNOW, ICE PELLETS, HAIL    4 = ICE PELLETS
                        TOTAL MONTH:   0.0 INCH    5 = HAIL
                        GRTST 24HR     0.0         6 = FREEZING RAIN OR DRIZZLE
                        GRTST DEPTH:   0           7 = DUSTSTORM OR SANDSTORM:
                                                       VSBY 1/2 MILE OR LESS
                                                   8 = SMOKE OR HAZE
[NO. OF DAYS WITH]      [WEATHER - DAYS WITH]      9 = BLOWING SNOW
                                                   X = TORNADO
MAX 32 OR BELOW:   0    0.01 INCH OR MORE:   8
MAX 90 OR ABOVE:   0    0.10 INCH OR MORE:   5
MIN 32 OR BELOW:   1    0.50 INCH OR MORE:   0
MIN  0 OR BELOW:   0    1.00 INCH OR MORE:   0

[HDD (BASE 65) ]
TOTAL THIS MO.   120    CLEAR  (SCALE 0-3)   5
DPTR FM NORMAL    29    PTCLDY (SCALE 4-7)  14
TOTAL FM JUL 1   133    CLOUDY (SCALE 8-10)  2
DPTR FM NORMAL     0

[CDD (BASE 65) ]
TOTAL THIS MO.    66
DPTR FM NORMAL    27    [PRESSURE DATA]
TOTAL FM JAN 1   559    HIGHEST SLP M ON M
DPTR FM NORMAL    72    LOWEST  SLP 29.53 ON 21

[REMARKS]
