000
CXUS51 KBUF 311205
CF6BUF
PRELIMINARY LOCAL CLIMATOLOGICAL DATA (WS FORM: F-6)

                                          STATION:   BUFFALO NY
                                          MONTH:     AUGUST
                                          YEAR:      2015
                                          LATITUDE:   42 55 N
                                          LONGITUDE:  78 44 W

  TEMPERATURE IN F:       :PCPN:    SNOW:  WIND      :SUNSHINE: SKY     :PK WND
================================================================================
1   2   3   4   5  6A  6B    7    8   9   10  11  12  13   14  15   16   17  18
                                     12Z  AVG MX 2MIN
DY MAX MIN AVG DEP HDD CDD  WTR  SNW DPTH SPD SPD DIR MIN PSBL S-S WX    SPD DR
================================================================================

 1  78  66  72   1   0   7    T  0.0    0  9.9 24 250   M    M   5 3      32 250
 2  83  62  73   2   0   8 0.00  0.0    0 12.8 26 200   M    M   6        33 200
 3  79  67  73   2   0   8    T  0.0    0 13.8 22 270   M    M   6        30 250
 4  78  63  71   0   0   6 0.08  0.0    0  9.0 26 230   M    M   6 3      35 220
 5  74  62  68  -3   0   3    T  0.0    0  9.3 21 240   M    M   6        28 240
 6  77  54  66  -5   0   1 0.00  0.0    0  4.5 10 360   M    M   5        14 360
 7  80  56  68  -3   0   3 0.00  0.0    0  7.0 18  60   M    M   5        22  50
 8  75  59  67  -4   0   2 0.00  0.0    0  9.4 18  70   M    M   7        23  50
 9  81  54  68  -2   0   3 0.00  0.0    0  4.4 14  40   M    M   3        17  60
10  85  61  73   3   0   8 0.44  0.0    0  5.4 23 280   M    M   6 13     31 270
11  78  65  72   2   0   7    T  0.0    0  9.8 21 250   M    M   8 18     27 260
12  75  60  68  -2   0   3 0.05  0.0    0  8.8 18 310   M    M   7 1      24 330
13  76  52  64  -6   1   0 0.00  0.0    0 11.1 25 240   M    M   3        33 230
14  79  68  74   4   0   9 0.05  0.0    0 13.5 24 240   M    M   7 13     33 250
15  83  65  74   4   0   9 2.85  0.0    0  7.6 25 360   M    M   6 138    33  20
16  83  63  73   3   0   8 0.00  0.0    0  8.4 17 220   M    M   4        21 250
17  85  66  76   6   0  11 0.00  0.0    0  8.5 17 240   M    M   2        21 230
18  82  69  76   6   0  11 0.02  0.0    0  5.5 23 160   M    M   7 13     28 170
19  89  69  79   9   0  14    T  0.0    0  7.4 21 140   M    M   6        26 140
20  80  68  74   5   0   9 0.81  0.0    0 14.6 28 230   M    M   6 1      37 250
21  73  61  67  -2   0   2 0.00  0.0    0 10.4 20 230   M    M   6        25 250
22  77  57  67  -2   0   2 0.00  0.0    0  3.6 12 350   M    M   3        15  30
23  80  57  69   0   0   4 0.00  0.0    0  5.4 13 160   M    M   5        16 130
24  74  66  70   1   0   5 0.00  0.0    0 12.5 24 240   M    M   7        29 250
25  67  58  63  -6   2   0 0.08  0.0    0  8.8 17 210   M    M   8 8      23 230
26  69  57  63  -5   2   0    T  0.0    0  8.3 18 250   M    M   8        23 250
27  68  55  62  -6   3   0 0.00  0.0    0  5.7 12 280   M    M   7        14 270
28  74  55  65  -3   0   0 0.00  0.0    0  5.8 13 250   M    M   5        17 240
29  77  57  67  -1   0   2 0.01  0.0    0  4.6 12 220   M    M   8        14 220
30  79  67  73   5   0   8    T  0.0    0  5.3 14 220   M    M   6        17 250
================================================================================
SM 2338 1839         8 153  4.39     0.0 251.1          M      174
================================================================================
AV 77.9 61.3                               8.4 FASTST   M    M   6    MAX(MPH)
                                 MISC ---->  # 28 230               # 37  250
================================================================================
NOTES:
# LAST OF SEVERAL OCCURRENCES

COLUMN 17 PEAK WIND IN M.P.H.

PRELIMINARY LOCAL CLIMATOLOGICAL DATA (WS FORM: F-6) , PAGE 2

                                          STATION:  BUFFALO NY
                                          MONTH:    AUGUST
                                          YEAR:     2015
                                          LATITUDE:   42 55 N
                                          LONGITUDE:  78 44 W

[TEMPERATURE DATA]      [PRECIPITATION DATA]       SYMBOLS USED IN COLUMN 16

AVERAGE MONTHLY: 69.6   TOTAL FOR MONTH:   4.39    1 = FOG OR MIST
DPTR FM NORMAL:  -0.1   DPTR FM NORMAL:    1.23    2 = FOG REDUCING VISIBILITY
HIGHEST:    89 ON 19    GRTST 24HR  2.86 ON 14-15      TO 1/4 MILE OR LESS
LOWEST:     52 ON 13                               3 = THUNDER
                        SNOW, ICE PELLETS, HAIL    4 = ICE PELLETS
                        TOTAL MONTH:   0.0 INCH    5 = HAIL
                        GRTST 24HR     0.0         6 = FREEZING RAIN OR DRIZZLE
                        GRTST DEPTH:   0           7 = DUSTSTORM OR SANDSTORM:
                                                       VSBY 1/2 MILE OR LESS
                                                   8 = SMOKE OR HAZE
[NO. OF DAYS WITH]      [WEATHER - DAYS WITH]      9 = BLOWING SNOW
                                                   X = TORNADO
MAX 32 OR BELOW:   0    0.01 INCH OR MORE:   9
MAX 90 OR ABOVE:   0    0.10 INCH OR MORE:   3
MIN 32 OR BELOW:   0    0.50 INCH OR MORE:   2
MIN  0 OR BELOW:   0    1.00 INCH OR MORE:   1

[HDD (BASE 65) ]
TOTAL THIS MO.     8    CLEAR  (SCALE 0-3)   3
DPTR FM NORMAL    -7    PTCLDY (SCALE 4-7)  27
TOTAL FM JUL 1    15    CLOUDY (SCALE 8-10)  0
DPTR FM NORMAL    -9

[CDD (BASE 65) ]
TOTAL THIS MO.   153
DPTR FM NORMAL    -4    [PRESSURE DATA]
TOTAL FM JAN 1   518    HIGHEST SLP M ON M
DPTR FM NORMAL    35    LOWEST  SLP 29.63 ON  3

[REMARKS]
