000
CXUS55 KLOX 301655
CF6BUR
PRELIMINARY LOCAL CLIMATOLOGICAL DATA (WS FORM: F-6)

                                          STATION:   BOB HOPE AIRPORT (BURBANK) CA
                                          MONTH:     AUGUST
                                          YEAR:      2015
                                          LATITUDE:   34 12 N
                                          LONGITUDE: 118 22 W

  TEMPERATURE IN F:       :PCPN:    SNOW:  WIND      :SUNSHINE: SKY     :PK WND
================================================================================
1   2   3   4   5  6A  6B    7    8   9   10  11  12  13   14  15   16   17  18
                                     12Z  AVG MX 2MIN
DY MAX MIN AVG DEP HDD CDD  WTR  SNW DPTH SPD SPD DIR MIN PSBL S-S WX    SPD DR
================================================================================

 1  88  67  78   3   0  13 0.00  0.0    0  6.7 13 170   M    M   3 18     17 170
 2  89  67  78   3   0  13 0.00  0.0    0  4.6 13 180   M    M   0        18  90
 3  87  67  77   2   0  12 0.00  0.0    0  4.7 14 160   M    M   0 8      20 170
 4  92  68  80   5   0  15 0.00  0.0    0  4.6 14 190   M    M   0        23 220
 5  95  71  83   8   0  18 0.00  0.0    0  5.5 13 170   M    M   0        18 230
 6  90  67  79   4   0  14 0.00  0.0    0  5.4 13 180   M    M   0        20 110
 7  83  66  75   0   0  10 0.00  0.0    0  6.6 14 180   M    M   3        21 110
 8  82  66  74  -1   0   9 0.00  0.0    0  5.6 14 190   M    M   4        17 190
 9  81  62  72  -3   0   7 0.00  0.0    0  5.3 15 180   M    M   1        18 150
10  83  62  73  -2   0   8 0.00  0.0    0  5.1 14 160   M    M   2 8      17 220
11  83  62  73  -2   0   8 0.00  0.0    0  4.6 14 150   M    M   2 18     18 140
12  96  62  79   4   0  14 0.00  0.0    0  3.4 10 270   M    M   0        14 210
13 103  70  87  12   0  22 0.00  0.0    0  4.4 10 260   M    M   0        17 280
14 101  71  86  11   0  21 0.00  0.0    0  3.6 12 140   M    M   0        16 100
15 104  74  89  14   0  24 0.00  0.0    0  4.5 13 150   M    M   0        17 150
16 102  73  88  13   0  23 0.00  0.0    0  5.1 15 160   M    M   0        17 160
17  89  70  80   5   0  15 0.00  0.0    0  7.9 17 130   M    M   0 8      22 140
18  86  68  77   2   0  12 0.00  0.0    0  5.5 14 180   M    M   2 8      20 170
19  84  67  76   1   0  11 0.00  0.0    0  5.8 14 200   M    M   2 8      20 180
20  84  66  75   0   0  10 0.00  0.0    0  5.3 14 180   M    M   4 8      18 180
21  82  67  75   0   0  10 0.00  0.0    0  5.8 13 150   M    M   5 8      16 180
22  85  67  76   1   0  11 0.00  0.0    0  4.4 13 160   M    M   3 8      17 160
23  92  66  79   4   0  14 0.00  0.0    0  6.3 13 170   M    M   0        16 140
24  94  67  81   6   0  16 0.00  0.0    0  5.1 14 120   M    M   0        23 110
25  87  72  80   5   0  15 0.00  0.0    0  3.5 14 160   M    M   0        18 110
26  97  75  86  11   0  21 0.00  0.0    0  5.2 10 110   M    M   0        13 110
27  98  74  86  11   0  21 0.00  0.0    0  5.1 13 180   M    M   0        18 120
28 102  75  89  14   0  24 0.00  0.0    0  4.4 14 160   M    M   0        17 160
29  99  73  86  11   0  21 0.00  0.0    0  4.2 13 150   M    M   0        16 150
================================================================================
SM 2638 1982         0 432  0.00     0.0 148.2          M       31
================================================================================
AV 91.0 68.3                               5.1 FASTST   M    M   1    MAX(MPH)
                                 MISC ---->  # 17 130               # 23  220
================================================================================
NOTES:
# LAST OF SEVERAL OCCURRENCES

COLUMN 17 PEAK WIND IN M.P.H.

PRELIMINARY LOCAL CLIMATOLOGICAL DATA (WS FORM: F-6) , PAGE 2

                                          STATION:  BOB HOPE AIRPORT (BURBANK) CA
                                          MONTH:    AUGUST
                                          YEAR:     2015
                                          LATITUDE:   34 12 N
                                          LONGITUDE: 118 22 W

[TEMPERATURE DATA]      [PRECIPITATION DATA]       SYMBOLS USED IN COLUMN 16

AVERAGE MONTHLY: 79.7   TOTAL FOR MONTH:   0.00    1 = FOG OR MIST
DPTR FM NORMAL:   4.7   DPTR FM NORMAL:   -0.07    2 = FOG REDUCING VISIBILITY
HIGHEST:   104 ON 15    GRTST 24HR  0.00 ON 29-29      TO 1/4 MILE OR LESS
LOWEST:     62 ON 12,11                            3 = THUNDER
                        SNOW, ICE PELLETS, HAIL    4 = ICE PELLETS
                        TOTAL MONTH:   0.0 INCH    5 = HAIL
                        GRTST 24HR     0.0         6 = FREEZING RAIN OR DRIZZLE
                        GRTST DEPTH:   0           7 = DUSTSTORM OR SANDSTORM:
                                                       VSBY 1/2 MILE OR LESS
                                                   8 = SMOKE OR HAZE
[NO. OF DAYS WITH]      [WEATHER - DAYS WITH]      9 = BLOWING SNOW
                                                   X = TORNADO
MAX 32 OR BELOW:   0    0.01 INCH OR MORE:   0
MAX 90 OR ABOVE:  14    0.10 INCH OR MORE:   0
MIN 32 OR BELOW:   0    0.50 INCH OR MORE:   0
MIN  0 OR BELOW:   0    1.00 INCH OR MORE:   0

[HDD (BASE 65) ]
TOTAL THIS MO.     0    CLEAR  (SCALE 0-3)  25
DPTR FM NORMAL     0    PTCLDY (SCALE 4-7)   4
TOTAL FM JUL 1     0    CLOUDY (SCALE 8-10)  0
DPTR FM NORMAL     0

[CDD (BASE 65) ]
TOTAL THIS MO.   432
DPTR FM NORMAL   142    [PRESSURE DATA]
TOTAL FM JAN 1  1321    HIGHEST SLP M ON M
DPTR FM NORMAL   467    LOWEST  SLP 29.75 ON 16

[REMARKS]
