000
CXUS55 KLOX 311655
CF6BUR
PRELIMINARY LOCAL CLIMATOLOGICAL DATA (WS FORM: F-6)

                                          STATION:   BOB HOPE AIRPORT (BURBANK) CA
                                          MONTH:     MAY
                                          YEAR:      2016
                                          LATITUDE:   34 12 N
                                          LONGITUDE: 118 22 W

  TEMPERATURE IN F:       :PCPN:    SNOW:  WIND      :SUNSHINE: SKY     :PK WND
================================================================================
1   2   3   4   5  6A  6B    7    8   9   10  11  12  13   14  15   16   17  18
                                     12Z  AVG MX 2MIN
DY MAX MIN AVG DEP HDD CDD  WTR  SNW DPTH SPD SPD DIR MIN PSBL S-S WX    SPD DR
================================================================================

 1  72  54  63  -1   2   0 0.00  0.0    0  4.9 15 170   M    M   2        21 170
 2  82  54  68   4   0   3 0.00  0.0    0  4.3 13 140   M    M   0        23 220
 3  85  58  72   8   0   7 0.00  0.0    0  4.0 14 110   M    M   0        21 120
 4  71  56  64   0   1   0 0.00  0.0    0  7.0 14 160   M    M   4 18      M  M
 5  64  57  61  -3   4   0    T  0.0    0  5.8 12 220   M    M  10        15 190
 6  65  56  61  -4   4   0    T  0.0    0  4.6 16 150   M    M   9        25  80
 7  66  54  60  -5   5   0 0.02  0.0    0  3.7 10 230   M    M   7 18     15 170
 8  69  53  61  -4   4   0 0.00  0.0    0  3.7 14 200   M    M   6        21 130
 9  69  53  61  -4   4   0 0.00  0.0    0  3.8 12 180   M    M   5 8      20 150
10  72  53  63  -2   2   0 0.00  0.0    0  3.9 12 180   M    M   4 8      20 240
11  78  57  68   3   0   3 0.00  0.0    0  4.2 13 180   M    M   5 18     24  90
12  83  56  70   5   0   5 0.00  0.0    0  5.8 14 140   M    M   1 18     23  80
13  84  57  71   6   0   6 0.00  0.0    0  6.5 13 160   M    M   3 18     17 130
14  72  60  66   1   0   1 0.00  0.0    0  6.7 15 180   M    M   7 18     18 180
15  72  60  66   1   0   1 0.00  0.0    0  5.5 14 190   M    M   9        20 160
16  71  58  65  -1   0   0 0.00  0.0    0  4.9 13 170   M    M   7        18 150
17  73  59  66   0   0   1 0.00  0.0    0  5.6 14 170   M    M   5        18 150
18  75  57  66   0   0   1 0.00  0.0    0  5.9 14 180   M    M   4 18     17 180
19  73  59  66   0   0   1 0.00  0.0    0  6.9 14 180   M    M   8 8      24 210
20  67  56  62  -4   3   0 0.00  0.0    0 10.4 20 160   M    M   7        25 150
21  67  53  60  -6   5   0 0.00  0.0    0  5.8 16 180   M    M   4        25 180
22  71  50  61  -5   4   0 0.00  0.0    0  5.3 16 220   M    M   0        21 230
23  71  53  62  -4   3   0 0.00  0.0    0  6.7 15 180   M    M   3        21 180
24  69  56  63  -3   2   0 0.00  0.0    0  6.5 14 140   M    M   7        18 160
25  68  55  62  -4   3   0 0.00  0.0    0  4.4 15 190   M    M   6 8      20 250
26  73  53  63  -3   2   0 0.00  0.0    0  5.1 15 170   M    M   1        18  90
27  76  55  66   0   0   1 0.00  0.0    0  5.2 14 180   M    M   0        22 210
28  75  58  67   1   0   2 0.00  0.0    0  6.1 15 160   M    M   6 8      17 180
29  71  57  64  -3   1   0 0.00  0.0    0  4.1 13 180   M    M   6 18     18 160
30  74  54  64  -3   1   0 0.00  0.0    0  4.5 13 170   M    M   1        20 150
================================================================================
SM 2178 1671        50  32  0.02     0.0 161.8          M      137
================================================================================
AV 72.6 55.7                               5.4 FASTST   M    M   5    MAX(MPH)
                                 MISC ---->    20   M               # 25   80
================================================================================
NOTES:
# LAST OF SEVERAL OCCURRENCES

COLUMN 17 PEAK WIND IN M.P.H.

PRELIMINARY LOCAL CLIMATOLOGICAL DATA (WS FORM: F-6) , PAGE 2

                                          STATION:  BOB HOPE AIRPORT (BURBANK) CA
                                          MONTH:    MAY
                                          YEAR:     2016
                                          LATITUDE:   34 12 N
                                          LONGITUDE: 118 22 W

[TEMPERATURE DATA]      [PRECIPITATION DATA]       SYMBOLS USED IN COLUMN 16

AVERAGE MONTHLY: 64.2   TOTAL FOR MONTH:   0.02    1 = FOG OR MIST
DPTR FM NORMAL:  -1.2   DPTR FM NORMAL:   -0.32    2 = FOG REDUCING VISIBILITY
HIGHEST:    85 ON  3    GRTST 24HR  0.02 ON  7- 7      TO 1/4 MILE OR LESS
LOWEST:     50 ON 22                               3 = THUNDER
                        SNOW, ICE PELLETS, HAIL    4 = ICE PELLETS
                        TOTAL MONTH:   0.0 INCH    5 = HAIL
                        GRTST 24HR     0.0         6 = FREEZING RAIN OR DRIZZLE
                        GRTST DEPTH:   0           7 = DUSTSTORM OR SANDSTORM:
                                                       VSBY 1/2 MILE OR LESS
                                                   8 = SMOKE OR HAZE
[NO. OF DAYS WITH]      [WEATHER - DAYS WITH]      9 = BLOWING SNOW
                                                   X = TORNADO
MAX 32 OR BELOW:   0    0.01 INCH OR MORE:   1
MAX 90 OR ABOVE:   0    0.10 INCH OR MORE:   0
MIN 32 OR BELOW:   0    0.50 INCH OR MORE:   0
MIN  0 OR BELOW:   0    1.00 INCH OR MORE:   0

[HDD (BASE 65) ]
TOTAL THIS MO.    50    CLEAR  (SCALE 0-3)  10
DPTR FM NORMAL    -6    PTCLDY (SCALE 4-7)  17
TOTAL FM JUL 1  1129    CLOUDY (SCALE 8-10)  3
DPTR FM NORMAL  -424

[CDD (BASE 65) ]
TOTAL THIS MO.    32
DPTR FM NORMAL   -35    [PRESSURE DATA]
TOTAL FM JAN 1   176    HIGHEST SLP M ON M
DPTR FM NORMAL    58    LOWEST  SLP 29.77 ON M

[REMARKS]
