000
CXUS55 KLOX 201155
CF6BUR
PRELIMINARY LOCAL CLIMATOLOGICAL DATA (WS FORM: F-6)

                                          STATION:   BOB HOPE AIRPORT (BURBANK) CA
                                          MONTH:     JANUARY
                                          YEAR:      2018
                                          LATITUDE:   34 12 N
                                          LONGITUDE: 118 22 W

  TEMPERATURE IN F:       :PCPN:    SNOW:  WIND      :SUNSHINE: SKY     :PK WND
================================================================================
1   2   3   4   5  6A  6B    7    8   9   10  11  12  13   14  15   16   17  18
                                     12Z  AVG MX 2MIN
DY MAX MIN AVG DEP HDD CDD  WTR  SNW DPTH SPD SPD DIR MIN PSBL S-S WX    SPD DR
================================================================================

 1  75  45  60   6   5   0 0.00  0.0    0  1.8  9 140   M    M   0 18     13 110
 2  81  52  67  13   0   2 0.00  0.0    0  1.9  7 350   M    M   0 8      11 330
 3  74  54  64  10   1   0 0.00  0.0    0  1.2  8 320   M    M   1        10 250
 4  76  52  64  10   1   0 0.00  0.0    0  2.4 12 210   M    M   3        14 200
 5  74  53  64  10   1   0 0.00  0.0    0  3.3 12 180   M    M   1        13 200
 6  70  57  64  10   1   0 0.00  0.0    0  4.1 10 180   M    M   1 1      13 190
 7  75  50  63   8   2   0 0.00  0.0    0  2.4  8 120   M    M   1 128    11 100
 8  66  59  63   8   2   0 0.47  0.0    0  6.9 15 120   M    M   9 1      27 130
 9  61  48  55   0  10   0 1.86    M    0  9.1 25 200   M    M   7 13     35 190
10  65  44  55   0  10   0 0.00  0.0    0  4.6 14 110   M    M   0 1      17 100
11  72  46  59   4   6   0 0.00  0.0    0  1.5  7 310   M    M   0 1       9 340
12  81  48  65  10   0   0 0.00  0.0    0  2.5 15 120   M    M   0        20 310
13  82  48  65  10   0   0 0.00  0.0    0  1.5  8 130   M    M   0        13  80
14  81  52  67  12   0   2 0.00  0.0    0  3.0  8 130   M    M   0        14 260
15  73  49  61   6   4   0 0.00  0.0    0  3.5  8 240   M    M   0        12 110
16  72  51  62   7   3   0 0.00  0.0    0  2.3  8 170   M    M   0        12 280
17  80  50  65  10   0   0 0.00  0.0    0  1.6  8 180   M    M   0        12 200
18  77  52  65  10   0   0 0.00  0.0    0  3.8 13 140   M    M   0 8      16 150
19  62  52  57   2   8   0    T  0.0    0  6.5 13 190   M    M   7 18     21 130
================================================================================
SM 1397  962        54   4  2.33     0.0  63.9          M       30
================================================================================
AV 73.5 50.6                               3.4 FASTST   M    M   2    MAX(MPH)
                                 MISC ---->    25   M                 35    M
================================================================================
NOTES:
# LAST OF SEVERAL OCCURRENCES

COLUMN 17 PEAK WIND IN M.P.H.

PRELIMINARY LOCAL CLIMATOLOGICAL DATA (WS FORM: F-6) , PAGE 2

                                          STATION:  BOB HOPE AIRPORT (BURBANK) CA
                                          MONTH:    JANUARY
                                          YEAR:     2018
                                          LATITUDE:   34 12 N
                                          LONGITUDE: 118 22 W

[TEMPERATURE DATA]      [PRECIPITATION DATA]       SYMBOLS USED IN COLUMN 16

AVERAGE MONTHLY: 62.1   TOTAL FOR MONTH:   2.33    1 = FOG OR MIST
DPTR FM NORMAL:   7.4   DPTR FM NORMAL:    0.19    2 = FOG REDUCING VISIBILITY
HIGHEST:    82 ON 13    GRTST 24HR  1.86 ON  9- 9      TO 1/4 MILE OR LESS
LOWEST:     44 ON 10                               3 = THUNDER
                        SNOW, ICE PELLETS, HAIL    4 = ICE PELLETS
                        TOTAL MONTH:   0.0 INCH    5 = HAIL
                        GRTST 24HR     0.0         6 = FREEZING RAIN OR DRIZZLE
                        GRTST DEPTH:   0           7 = DUSTSTORM OR SANDSTORM:
                                                       VSBY 1/2 MILE OR LESS
                                                   8 = SMOKE OR HAZE
[NO. OF DAYS WITH]      [WEATHER - DAYS WITH]      9 = BLOWING SNOW
                                                   X = TORNADO
MAX 32 OR BELOW:   0    0.01 INCH OR MORE:   2
MAX 90 OR ABOVE:   0    0.10 INCH OR MORE:   2
MIN 32 OR BELOW:   0    0.50 INCH OR MORE:   1
MIN  0 OR BELOW:   0    1.00 INCH OR MORE:   1

[HDD (BASE 65) ]
TOTAL THIS MO.    54    CLEAR  (SCALE 0-3)  16
DPTR FM NORMAL  -142    PTCLDY (SCALE 4-7)   2
TOTAL FM JUL 1   223    CLOUDY (SCALE 8-10)  1
DPTR FM NORMAL  -540

[CDD (BASE 65) ]
TOTAL THIS MO.     4
DPTR FM NORMAL     4    [PRESSURE DATA]
TOTAL FM JAN 1     4    HIGHEST SLP M ON M
DPTR FM NORMAL     4    LOWEST  SLP 29.55 ON  9

[REMARKS]
