000
CXUS55 KLOX 231655
CF6BUR
PRELIMINARY LOCAL CLIMATOLOGICAL DATA (WS FORM: F-6)

                                          STATION:   BOB HOPE AIRPORT (BURBANK) CA
                                          MONTH:     OCTOBER
                                          YEAR:      2014
                                          LATITUDE:   34 12 N
                                          LONGITUDE: 118 22 W

  TEMPERATURE IN F:       :PCPN:    SNOW:  WIND      :SUNSHINE: SKY     :PK WND
================================================================================
1   2   3   4   5  6A  6B    7    8   9   10  11  12  13   14  15   16   17  18
                                     12Z  AVG MX 2MIN
DY MAX MIN AVG DEP HDD CDD  WTR  SNW DPTH SPD SPD DIR MIN PSBL S-S WX    SPD DR
================================================================================

 1  83  60  72   2   0   7 0.00  0.0    0  4.4 12 190   M    M   0        16 190
 2  97  60  79   9   0  14 0.00  0.0    0  2.5 13 200   M    M   0        16 190
 3  97  61  79   9   0  14 0.00  0.0    0  2.9 13 160   M    M   0        17 160
 4  99  63  81  12   0  16 0.00  0.0    0  3.5 13 190   M    M   0         M  M
 5  97  63  80  11   0  15 0.00  0.0    0  3.9 12 170   M    M   0        17 160
 6  93  70  82  13   0  17 0.00  0.0    0  3.6 12 170   M    M   0        16 230
 7  92  63  78   9   0  13 0.00  0.0    0  4.1 12 160   M    M   0        16 150
 8  87  62  75   7   0  10 0.00  0.0    0  4.8 15 220   M    M   0        21 220
 9  79  65  72   4   0   7 0.00  0.0    0  4.0 13 180   M    M   3 8      17 170
10  79  61  70   2   0   5 0.00  0.0    0  3.8 13 200   M    M   3 18     15 180
11  85  58  72   4   0   7 0.00  0.0    0  3.9  9 120   M    M   1 18     14 120
12  82  60  71   3   0   6 0.00  0.0    0  5.0 13 140   M    M   3 18     17 170
13  86  57  72   5   0   7 0.00  0.0    0  4.6 14 170   M    M   1 128    19 100
14  76  59  68   1   0   3 0.00  0.0    0  5.8 14 200   M    M   5 18     22 220
15  76  61  69   2   0   4 0.00  0.0    0  4.8 14 180   M    M   4        18 190
16  77  57  67   0   0   2 0.00  0.0    0  3.3 13 190   M    M   1        17 160
17  74  57  66  -1   0   1 0.00  0.0    0  3.2 13 190   M    M   3        17 210
18  77  56  67   1   0   2 0.00  0.0    0  2.6 12 180   M    M   0        16 140
19  78  56  67   1   0   2 0.00  0.0    0  4.0 12 180   M    M   0 18     13 180
20  79  60  70   4   0   5 0.00  0.0    0  4.2 12 170   M    M   4 18     14 200
21  81  61  71   5   0   6 0.00  0.0    0  3.2 13 160   M    M   3 128    18 240
22  88  57  73   7   0   8 0.00  0.0    0  1.8 12 200   M    M   0        21 220
================================================================================
SM 1862 1327         0 171  0.00     0.0  83.9          M       31
================================================================================
AV 84.6 60.3                               3.8 FASTST   M    M   1    MAX(MPH)
                                 MISC ---->    15   M                 22    M
================================================================================
NOTES:
# LAST OF SEVERAL OCCURRENCES

COLUMN 17 PEAK WIND IN M.P.H.

PRELIMINARY LOCAL CLIMATOLOGICAL DATA (WS FORM: F-6) , PAGE 2

                                          STATION:  BOB HOPE AIRPORT (BURBANK) CA
                                          MONTH:    OCTOBER
                                          YEAR:     2014
                                          LATITUDE:   34 12 N
                                          LONGITUDE: 118 22 W

[TEMPERATURE DATA]      [PRECIPITATION DATA]       SYMBOLS USED IN COLUMN 16

AVERAGE MONTHLY: 72.5   TOTAL FOR MONTH:   0.00    1 = FOG OR MIST
DPTR FM NORMAL:   4.7   DPTR FM NORMAL:   -0.63    2 = FOG REDUCING VISIBILITY
HIGHEST:    99 ON  4    GRTST 24HR  0.00 ON 22-22      TO 1/4 MILE OR LESS
LOWEST:     56 ON 19,18                            3 = THUNDER
                        SNOW, ICE PELLETS, HAIL    4 = ICE PELLETS
                        TOTAL MONTH:   0.0 INCH    5 = HAIL
                        GRTST 24HR     0.0         6 = FREEZING RAIN OR DRIZZLE
                        GRTST DEPTH:   0           7 = DUSTSTORM OR SANDSTORM:
                                                       VSBY 1/2 MILE OR LESS
                                                   8 = SMOKE OR HAZE
[NO. OF DAYS WITH]      [WEATHER - DAYS WITH]      9 = BLOWING SNOW
                                                   X = TORNADO
MAX 32 OR BELOW:   0    0.01 INCH OR MORE:   0
MAX 90 OR ABOVE:   6    0.10 INCH OR MORE:   0
MIN 32 OR BELOW:   0    0.50 INCH OR MORE:   0
MIN  0 OR BELOW:   0    1.00 INCH OR MORE:   0

[HDD (BASE 65) ]
TOTAL THIS MO.     0    CLEAR  (SCALE 0-3)  19
DPTR FM NORMAL   -25    PTCLDY (SCALE 4-7)   3
TOTAL FM JUL 1     0    CLOUDY (SCALE 8-10)  0
DPTR FM NORMAL   -31

[CDD (BASE 65) ]
TOTAL THIS MO.   171
DPTR FM NORMAL    87    [PRESSURE DATA]
TOTAL FM JAN 1  1867    HIGHEST SLP M ON M
DPTR FM NORMAL   652    LOWEST  SLP 29.72 ON  1

[REMARKS]
