000
CXUS54 KTSA 300840
CF6BVO
PRELIMINARY LOCAL CLIMATOLOGICAL DATA (WS FORM: F-6)

                                          STATION:   BARTLESVILLE OKLAHOMA
                                          MONTH:     JULY
                                          YEAR:      2016
                                          LATITUDE:   36 45 N
                                          LONGITUDE:  96  0 W

  TEMPERATURE IN F:       :PCPN:    SNOW:  WIND      :SUNSHINE: SKY     :PK WND
================================================================================
1   2   3   4   5  6A  6B    7    8   9   10  11  12  13   14  15   16   17  18
                                     12Z  AVG MX 2MIN
DY MAX MIN AVG DEP HDD CDD  WTR  SNW DPTH SPD SPD DIR MIN PSBL S-S WX    SPD DR
================================================================================

 1  86  68  77  -3   0  12 0.33  0.0    0  2.4 10  60   M    M   4 1      13  60
 2  95  71  83   3   0  18 0.00  0.0    0  4.7 16 170   M    M   1 18     25 200
 3  86  70  78  -2   0  13 1.40  0.0    0  3.3 23  10   M    M   8 1      32  10
 4  92  72  82   2   0  17 0.00  0.0    0  3.1  9 210   M    M   6 1      14 160
 5  95  75  85   5   0  20 0.00  0.0    0  6.2 14 200   M    M   0 1      19 200
 6  97  69  83   2   0  18 0.25  0.0    0  6.1 18 200   M    M   2 1      26 210
 7  93  80  87   6   0  22    T  0.0    0  8.2 20 200   M    M   1        29 200
 8  88  73  81   0   0  16 0.10  0.0    0  4.1 17 230   M    M   2 1      25 230
 9  92  73  83   2   0  18 0.04  0.0    0  4.3 15 140   M    M   2 1      21 210
10  94  70  82   1   0  17 0.00  0.0    0  6.6 15 170   M    M   1 1      20 170
11  93  73  83   2   0  18 0.00  0.0    0 10.2 25 160   M    M   0        35 170
12  90  70  80  -1   0  15 0.61  0.0    0  8.4 22 170   M    M   2 13     30 170
13  94  75  85   4   0  20    T  0.0    0  8.5 25 200   M    M   1 3      39 180
14  86  65  76  -5   0  11 0.30  0.0    0  4.0 25  60   M    M   3 13     38  10
15  89  66  78  -3   0  13 0.03  0.0    0  3.3 12 150   M    M   5 3      17 180
16  90  68  79  -2   0  14 0.00  0.0    0  4.9 12 140   M    M   2 1      17 170
17  94  71  83   2   0  18 0.00  0.0    0  5.7 17 160   M    M   0        24 170
18  95  67  81   0   0  16 0.00  0.0    0  3.6 13 160   M    M   0 1      19 170
19  95  71  83   2   0  18 0.00  0.0    0  3.5 12 200   M    M   0 1      16 220
20  97  73  85   3   0  20 0.00  0.0    0  5.1 14 210   M    M   0 1      19 210
21  98  72  85   3   0  20 0.00  0.0    0  6.0 14 210   M    M   0        21 180
22 100  73  87   5   0  22 0.00  0.0    0  4.5 12 210   M    M   0        17 160
23 101  69  85   3   0  20 0.00  0.0    0  4.2 14 210   M    M   0        21 160
24 102  74  88   6   0  23 0.00  0.0    0  4.6 12 200   M    M   0        17 170
25  89  75  82   0   0  17 0.00  0.0    0  5.7 29  20   M    M   2        39  10
26  93  72  83   1   0  18    T  0.0    0  2.6 14  80   M    M   6 3      16  90
27  91  71  81  -1   0  16 1.16  0.0    0  1.5  8  20   M    M   3 13     11  70
28  92  69  81  -1   0  16 0.06  0.0    0  2.5 16  70   M    M   1 13     26  60
29  87  65  76  -6   0  11 0.01  0.0    0  2.7 13  10   M    M   1        17 260
================================================================================
SM 2694 2060         0 497  4.29     0.0 140.5          M       53
================================================================================
AV 92.9 71.0                               4.8 FASTST   M    M   2    MAX(MPH)
                                 MISC ---->  # 29  20               # 39  180
================================================================================
NOTES:
# LAST OF SEVERAL OCCURRENCES

COLUMN 17 PEAK WIND IN M.P.H.

PRELIMINARY LOCAL CLIMATOLOGICAL DATA (WS FORM: F-6) , PAGE 2

                                          STATION:  BARTLESVILLE OKLAHOMA
                                          MONTH:    JULY
                                          YEAR:     2016
                                          LATITUDE:   36 45 N
                                          LONGITUDE:  96  0 W

[TEMPERATURE DATA]      [PRECIPITATION DATA]       SYMBOLS USED IN COLUMN 16

AVERAGE MONTHLY: 82.0   TOTAL FOR MONTH:   4.29    1 = FOG OR MIST
DPTR FM NORMAL:   0.8   DPTR FM NORMAL:    1.05    2 = FOG REDUCING VISIBILITY
HIGHEST:   102 ON 24    GRTST 24HR  1.40 ON  3- 3      TO 1/4 MILE OR LESS
LOWEST:     65 ON 29,14                            3 = THUNDER
                        SNOW, ICE PELLETS, HAIL    4 = ICE PELLETS
                        TOTAL MONTH:   0.0 INCH    5 = HAIL
                        GRTST 24HR     0.0         6 = FREEZING RAIN OR DRIZZLE
                        GRTST DEPTH:   0           7 = DUSTSTORM OR SANDSTORM:
                                                       VSBY 1/2 MILE OR LESS
                                                   8 = SMOKE OR HAZE
[NO. OF DAYS WITH]      [WEATHER - DAYS WITH]      9 = BLOWING SNOW
                                                   X = TORNADO
MAX 32 OR BELOW:   0    0.01 INCH OR MORE:  11
MAX 90 OR ABOVE:  22    0.10 INCH OR MORE:   7
MIN 32 OR BELOW:   0    0.50 INCH OR MORE:   3
MIN  0 OR BELOW:   0    1.00 INCH OR MORE:   2

[HDD (BASE 65) ]
TOTAL THIS MO.     0    CLEAR  (SCALE 0-3)  22
DPTR FM NORMAL     0    PTCLDY (SCALE 4-7)   7
TOTAL FM JUL 1     0    CLOUDY (SCALE 8-10)  0
DPTR FM NORMAL     0

[CDD (BASE 65) ]
TOTAL THIS MO.   497
DPTR FM NORMAL    38    [PRESSURE DATA]
TOTAL FM JAN 1  1053    HIGHEST SLP M ON M
DPTR FM NORMAL    74    LOWEST  SLP 29.68 ON  7

[REMARKS]
