000
CXUS54 KTSA 290840
CF6BVO
PRELIMINARY LOCAL CLIMATOLOGICAL DATA (WS FORM: F-6)

                                          STATION:   BARTLESVILLE OKLAHOMA
                                          MONTH:     APRIL
                                          YEAR:      2016
                                          LATITUDE:   36 45 N
                                          LONGITUDE:  96  0 W

  TEMPERATURE IN F:       :PCPN:    SNOW:  WIND      :SUNSHINE: SKY     :PK WND
================================================================================
1   2   3   4   5  6A  6B    7    8   9   10  11  12  13   14  15   16   17  18
                                     12Z  AVG MX 2MIN
DY MAX MIN AVG DEP HDD CDD  WTR  SNW DPTH SPD SPD DIR MIN PSBL S-S WX    SPD DR
================================================================================

 1  63  36  50  -4  15   0 0.00  0.0    0  3.5 16 360   M    M   1        22  10
 2  73  28  51  -3  14   0 0.00  0.0    0  2.9 16 280   M    M   0 18     25 270
 3  80  33  57   2   8   0 0.00  0.0    0  7.8 22 220   M    M   0 18     30 200
 4  80  43  62   7   3   0 0.00  0.0    0  6.7 20  50   M    M   0 8      26  30
 5  87  39  63   8   2   0 0.00  0.0    0 12.1 24 180   M    M   0 18     39 170
 6  73  44  59   3   6   0    T    M    0  6.7 20 290   M    M   3        32 290
 7  77  44  61   5   4   0 0.00  0.0    0  4.6 17 360   M    M   0        30  10
 8  73  34  54  -2  11   0 0.00  0.0    0  3.0 12 360   M    M   0 8      19 360
 9  74  39  57   0   8   0 0.00  0.0    0  9.6 23 190   M    M   1 8      37 190
10  87  58  73  16   0   8 0.67  0.0    0 14.5 28 210   M    M   7 1      37 200
11  64  42  53  -4  12   0 0.68    M    0 10.6 24  20   M    M   6 1      33  20
12  67  40  54  -4  11   0 0.00  0.0    0  4.1 15  60   M    M   2 8      19  70
13  62  43  53  -5  12   0 0.00  0.0    0  3.9 15 150   M    M   5 1      19 150
14  72  39  56  -2   9   0 0.00  0.0    0  3.4 13 140   M    M   0 1      16 140
15  75  42  59   0   6   0 0.00  0.0    0  7.1 18 120   M    M   0 1      25 130
16  73  59  66   7   0   1 0.00  0.0    0 12.2 24 140   M    M   8        31 140
17  71  60  66   7   0   1 0.92  0.0    0  5.9 21 140   M    M   9 1      27 160
18  67  59  63   3   2   0 0.47  0.0    0  4.0 13 150   M    M   9 1      17 130
19  64  57  61   1   4   0 0.24  0.0    M  4.2 12  20   M    M  10 1      14  50
20  73  50  62   2   3   0 0.02  0.0    0  2.9  9 280   M    M   6        14 250
21  74  50  62   1   3   0 0.00  0.0    0  2.8 12 270   M    M   3        19 270
22  78  45  62   1   3   0 0.00  0.0    0  2.2 12 360   M    M   0 18     19  10
23  83  44  64   3   1   0 0.00  0.0    0  4.7 16 150   M    M   0 1      24 160
24  80  55  68   6   0   3 0.00  0.0    0 10.5 25 160   M    M   1        36 160
25  80  62  71   9   0   6 0.00  0.0    0  7.8 15 150   M    M   7        21 160
26  81  59  70   8   0   5 0.40  0.0    0  9.7 21 200   M    M   7 1      32 280
27  72  49  61  -1   4   0    T    M    0  5.3 24  90   M    M   4        33  80
28  71  43  57  -6   8   0 0.00  0.0    0  3.9 12 360   M    M   0        17 360
================================================================================
SM 2074 1296       149  24  3.40     0.0 176.6          M       89
================================================================================
AV 74.1 46.3                               6.3 FASTST   M    M   3    MAX(MPH)
                                 MISC ---->  # 28 210               # 39  170
================================================================================
NOTES:
# LAST OF SEVERAL OCCURRENCES

COLUMN 17 PEAK WIND IN M.P.H.

PRELIMINARY LOCAL CLIMATOLOGICAL DATA (WS FORM: F-6) , PAGE 2

                                          STATION:  BARTLESVILLE OKLAHOMA
                                          MONTH:    APRIL
                                          YEAR:     2016
                                          LATITUDE:   36 45 N
                                          LONGITUDE:  96  0 W

[TEMPERATURE DATA]      [PRECIPITATION DATA]       SYMBOLS USED IN COLUMN 16

AVERAGE MONTHLY: 60.2   TOTAL FOR MONTH:   3.40    1 = FOG OR MIST
DPTR FM NORMAL:   1.7   DPTR FM NORMAL:   -0.24    2 = FOG REDUCING VISIBILITY
HIGHEST:    87 ON 10, 5 GRTST 24HR  1.39 ON 17-18      TO 1/4 MILE OR LESS
LOWEST:     28 ON  2                               3 = THUNDER
                        SNOW, ICE PELLETS, HAIL    4 = ICE PELLETS
                        TOTAL MONTH:   0.0 INCH    5 = HAIL
                        GRTST 24HR     0.0         6 = FREEZING RAIN OR DRIZZLE
                        GRTST DEPTH:   0           7 = DUSTSTORM OR SANDSTORM:
                                                       VSBY 1/2 MILE OR LESS
                                                   8 = SMOKE OR HAZE
[NO. OF DAYS WITH]      [WEATHER - DAYS WITH]      9 = BLOWING SNOW
                                                   X = TORNADO
MAX 32 OR BELOW:   0    0.01 INCH OR MORE:   7
MAX 90 OR ABOVE:   0    0.10 INCH OR MORE:   6
MIN 32 OR BELOW:   1    0.50 INCH OR MORE:   3
MIN  0 OR BELOW:   0    1.00 INCH OR MORE:   0

[HDD (BASE 65) ]
TOTAL THIS MO.   149    CLEAR  (SCALE 0-3)  17
DPTR FM NORMAL   -71    PTCLDY (SCALE 4-7)   8
TOTAL FM JUL 1  3381    CLOUDY (SCALE 8-10)  3
DPTR FM NORMAL  -625

[CDD (BASE 65) ]
TOTAL THIS MO.    24
DPTR FM NORMAL   -13    [PRESSURE DATA]
TOTAL FM JAN 1    27    HIGHEST SLP M ON M
DPTR FM NORMAL   -16    LOWEST  SLP 29.42 ON 27

[REMARKS]
