000
CXUS54 KTSA 281212
CF6BVO
PRELIMINARY LOCAL CLIMATOLOGICAL DATA (WS FORM: F-6)

                                          STATION:   BARTLESVILLE OKLAHOMA
                                          MONTH:     DECEMBER
                                          YEAR:      2014
                                          LATITUDE:   36 45 N
                                          LONGITUDE:  96  0 W

  TEMPERATURE IN F:       :PCPN:    SNOW:  WIND      :SUNSHINE: SKY     :PK WND
================================================================================
1   2   3   4   5  6A  6B    7    8   9   10  11  12  13   14  15   16   17  18
                                     12Z  AVG MX 2MIN
DY MAX MIN AVG DEP HDD CDD  WTR  SNW DPTH SPD SPD DIR MIN PSBL S-S WX    SPD DR
================================================================================

 1  29  24  27 -14  38   0 0.00  0.0    0 12.7 23  20   M    M  10        31  10
 2  43  25  34  -6  31   0 0.00  0.0    0  2.9 13 190   M    M   5        17 170
 3  49  25  37  -3  28   0 0.00  0.0    0  4.1 15  70   M    M   3 1      18  70
 4  48  40  44   4  21   0 0.12  0.0    0  1.0  5  60   M    M  10 12      6  30
 5  55  44  50  11  15   0 0.23  0.0    0  4.3 10 360   M    M  10 12     17 360
 6  46  39  43   4  22   0 0.00  0.0    0  7.2 14  10   M    M  10 1      18  10
 7  47  40  44   6  21   0 0.00  0.0    0  5.8 13 150   M    M  10 1      16 140
 8  63  32  48  10  17   0 0.00  0.0    0  2.0  9 360   M    M   4 1      12  10
 9  48  27  38   0  27   0 0.00  0.0    0  5.3 16  20   M    M   0        21  10
10  51  24  38   0  27   0 0.00  0.0    0  2.7 13 160   M    M   6 1      15 160
11  54  42  48  11  17   0 0.00  0.0    0  3.3 10 150   M    M  10        12 140
12  53  46  50  13  15   0 0.00  0.0    0  6.6 10 160   M    M  10 18     13 160
13  57  47  52  15  13   0 0.00  0.0    0  7.5 15 170   M    M  10 12     22 170
14  61  50  56  20   9   0 0.51  0.0    0 12.3 23 150   M    M   9 18     29 150
15  56  37  47  11  18   0 0.00  0.0    0 10.4 20 260   M    M   8        29 290
16  46  25  36   0  29   0 0.00  0.0    0  4.1 12  10   M    M   5        22 310
17  34  29  32  -4  33   0 0.37    M    0  3.6 12 140   M    M   8 1      14 140
18  40  33  37   1  28   0 0.00  0.0    0  2.6  9  10   M    M  10 1      10  20
19  39  35  37   2  28   0 0.00  0.0    0  2.2  8  10   M    M  10 1      12 360
20  48  36  42   7  23   0 0.00  0.0    0  5.2 15 150   M    M   8 1      19 140
21  48  41  45  10  20   0 0.00  0.0    0  9.8 18 160   M    M  10 1      24 160
22  53  37  45  10  20   0 0.00  0.0    0  7.0 14 160   M    M   7 1      19 160
23  48  33  41   6  24   0 0.00  0.0    0  4.2 12 290   M    M   4        17 270
24  44  23  34  -1  31   0    T    M    0  4.0 12 270   M    M   7        19 320
25  59  22  41   6  24   0 0.00  0.0    0 11.8 28 180   M    M   0        41 180
26  60  40  50  15  15   0    T    M    0  8.2 17 200   M    M   5        24 210
27  40  19  30  -5  35   0 0.02    M    0  3.5 13 300   M    M   6 1      21 300
================================================================================
SM 1319  915       629   0  1.25     0.0 154.3          M      195
================================================================================
AV 48.9 33.9                               5.7 FASTST   M    M   7    MAX(MPH)
                                 MISC ---->  # 28 180               # 41  180
================================================================================
NOTES:
# LAST OF SEVERAL OCCURRENCES

COLUMN 17 PEAK WIND IN M.P.H.

PRELIMINARY LOCAL CLIMATOLOGICAL DATA (WS FORM: F-6) , PAGE 2

                                          STATION:  BARTLESVILLE OKLAHOMA
                                          MONTH:    DECEMBER
                                          YEAR:     2014
                                          LATITUDE:   36 45 N
                                          LONGITUDE:  96  0 W

[TEMPERATURE DATA]      [PRECIPITATION DATA]       SYMBOLS USED IN COLUMN 16

AVERAGE MONTHLY: 41.4   TOTAL FOR MONTH:   1.25    1 = FOG OR MIST
DPTR FM NORMAL:   4.4   DPTR FM NORMAL:   -0.72    2 = FOG REDUCING VISIBILITY
HIGHEST:    63 ON  8    GRTST 24HR  0.51 ON 14-14      TO 1/4 MILE OR LESS
LOWEST:     19 ON 27                               3 = THUNDER
                        SNOW, ICE PELLETS, HAIL    4 = ICE PELLETS
                        TOTAL MONTH:   0.0 INCH    5 = HAIL
                        GRTST 24HR     0.0         6 = FREEZING RAIN OR DRIZZLE
                        GRTST DEPTH:   0           7 = DUSTSTORM OR SANDSTORM:
                                                       VSBY 1/2 MILE OR LESS
                                                   8 = SMOKE OR HAZE
[NO. OF DAYS WITH]      [WEATHER - DAYS WITH]      9 = BLOWING SNOW
                                                   X = TORNADO
MAX 32 OR BELOW:   1    0.01 INCH OR MORE:   5
MAX 90 OR ABOVE:   0    0.10 INCH OR MORE:   4
MIN 32 OR BELOW:  11    0.50 INCH OR MORE:   1
MIN  0 OR BELOW:   0    1.00 INCH OR MORE:   0

[HDD (BASE 65) ]
TOTAL THIS MO.   629    CLEAR  (SCALE 0-3)   2
DPTR FM NORMAL  -130    PTCLDY (SCALE 4-7)  12
TOTAL FM JUL 1  1501    CLOUDY (SCALE 8-10) 13
DPTR FM NORMAL   -18

[CDD (BASE 65) ]
TOTAL THIS MO.     0
DPTR FM NORMAL     0    [PRESSURE DATA]
TOTAL FM JAN 1  1590    HIGHEST SLP M ON M
DPTR FM NORMAL  -167    LOWEST  SLP 29.52 ON 22

[REMARKS]
