000
CXUS54 KLZK 301130
CF6BVX
PRELIMINARY LOCAL CLIMATOLOGICAL DATA (WS FORM: F-6)

                                          STATION:   Batesville Regional Airport
                                          MONTH:     MAY
                                          YEAR:      2016
                                          LATITUDE:   35 43 N
                                          LONGITUDE:  91 39 W

  TEMPERATURE IN F:       :PCPN:    SNOW:  WIND      :SUNSHINE: SKY     :PK WND
================================================================================
1   2   3   4   5  6A  6B    7    8   9   10  11  12  13   14  15   16   17  18
                                     12Z  AVG MX 2MIN
DY MAX MIN AVG DEP HDD CDD  WTR  SNW DPTH SPD SPD DIR MIN PSBL S-S WX    SPD DR
================================================================================

 1  79  59  69   5   0   4 0.07    M    M  3.2  9 280   M    M   1         M  M
 2  66  55  61  -3   4   0 0.00    M    M  5.1 10  40   M    M   7 3       M  M
 3  70  50  60  -4   5   0 0.00    M    M  3.1  8 280   M    M   6         M  M
 4  77  46  62  -3   3   0 0.00    M    M  6.6 14 290   M    M   1        27 320
 5  73  46  60  -5   5   0 0.00    M    M  5.1  8 320   M    M   0        20 330
 6  77  45  61  -4   4   0 0.00    M    M  2.8  7 220   M    M   0         M  M
 7  86  54  70   4   0   5 0.00    M    M  6.2 15 250   M    M   0        18 210
 8  82  55  69   3   0   4 0.00    M    M  6.2 15 180   M    M   1        21 150
 9  72  64  68   2   0   3 0.29    M    M  7.0 12  90   M    M   9 3      18  90
10  84  61  73   7   0   8 0.00    M    M  7.7 13 180   M    M   5        21 160
11  88  72  80  13   0  15 0.00    M    M  7.5 14 160   M    M   3        17 160
12  77  55  66  -1   0   1 0.34    M    M  5.4 12 280   M    M   4 3      21 300
13  81  48  65  -2   0   0 0.00    M    M  4.0  8 200   M    M   0         M  M
14  66  52  59  -9   6   0 0.00    M    M  6.0 13 330   M    M   2        21 330
15  70  45  58 -10   7   0 0.00    M    M  3.8  9 100   M    M   4         M  M
16  66  55  61  -7   4   0 0.15    M    M  5.5 12 110   M    M  10         M  M
17  70  54  62  -6   3   0 0.01    M    M  4.8 10 360   M    M  10        16  10
18  68  52  60  -9   5   0 0.00    M    M  5.2 10  20   M    M   7        18  20
19  73  48  61  -8   4   0 0.15    M    M  4.7 12  60   M    M   3        20  60
20  72  54  63  -6   2   0 0.21    M    M  3.1  7 280   M    M   8         M  M
21  79  55  67  -3   0   2 0.00    M    M  3.3  9  20   M    M   2         M  M
22  82  57  70   0   0   5 0.00    M    M  2.9  7  50   M    M   1         M  M
23  82  50  66  -4   0   1 0.00    M    M  3.7 10 160   M    M   1        16 180
24  84  64  74   4   0   9 0.95    M    M  5.4 12 210   M    M   7 3      16 210
25  75  63  69  -2   0   4 0.38    M    M  4.6  9 160   M    M   5 3       M  M
26  86  68  77   6   0  12 1.85    M    M  7.3 14  90   M    M   7 3      16 190
27  79  70  75   4   0  10 0.46    M    M  7.6 13 220   M    M   8 3      23 130
28  82  66  74   2   0   9 0.00    M    M  6.6 12 220   M    M   1         M  M
29  86  64  75   3   0  10 0.00    M    M  1.2  6 290   M    M   1         M  M
================================================================================
SM 2232 1627        52 102  4.86    M    145.6          M      114
================================================================================
AV 77.0 56.1                               5.0 FASTST   M    M   4    MAX(MPH)
                                 MISC ---->  # 15 250               # 27  320
================================================================================
NOTES:
# LAST OF SEVERAL OCCURRENCES

COLUMN 17 PEAK WIND IN M.P.H.

PRELIMINARY LOCAL CLIMATOLOGICAL DATA (WS FORM: F-6) , PAGE 2

                                          STATION:  Batesville Regional Airport
                                          MONTH:    MAY
                                          YEAR:     2016
                                          LATITUDE:   35 43 N
                                          LONGITUDE:  91 39 W

[TEMPERATURE DATA]      [PRECIPITATION DATA]       SYMBOLS USED IN COLUMN 16

AVERAGE MONTHLY: 66.5   TOTAL FOR MONTH:   4.86    1 = FOG OR MIST
DPTR FM NORMAL:  -1.3   DPTR FM NORMAL:    0.19    2 = FOG REDUCING VISIBILITY
HIGHEST:    88 ON 11    GRTST 24HR  1.85 ON 26-26      TO 1/4 MILE OR LESS
LOWEST:     45 ON 15, 6                            3 = THUNDER
                        SNOW, ICE PELLETS, HAIL    4 = ICE PELLETS
                        TOTAL MONTH:    M          5 = HAIL
                        GRTST 24HR    M  ON   M    6 = FREEZING RAIN OR DRIZZLE
                        GRTST DEPTH:  M  ON   M    7 = DUSTSTORM OR SANDSTORM:
                                                       VSBY 1/2 MILE OR LESS
                                                   8 = SMOKE OR HAZE
[NO. OF DAYS WITH]      [WEATHER - DAYS WITH]      9 = BLOWING SNOW
                                                   X = TORNADO
MAX 32 OR BELOW:   0    0.01 INCH OR MORE:  11
MAX 90 OR ABOVE:   0    0.10 INCH OR MORE:   9
MIN 32 OR BELOW:   0    0.50 INCH OR MORE:   2
MIN  0 OR BELOW:   0    1.00 INCH OR MORE:   1

[HDD (BASE 65) ]
TOTAL THIS MO.    52    CLEAR  (SCALE 0-3)  15
DPTR FM NORMAL     5    PTCLDY (SCALE 4-7)  11
TOTAL FM JUL 1  2689    CLOUDY (SCALE 8-10)  3
DPTR FM NORMAL -1099

[CDD (BASE 65) ]
TOTAL THIS MO.   102
DPTR FM NORMAL   -27    [PRESSURE DATA]
TOTAL FM JAN 1   161    HIGHEST SLP M ON M
DPTR FM NORMAL    -6    LOWEST  SLP M ON M

[REMARKS]
