000
CXUS53 KLMK 250800
CF6BWG
PRELIMINARY LOCAL CLIMATOLOGICAL DATA (WS FORM: F-6)

                                          STATION:   BOWLING GREEN KY
                                          MONTH:     FEBRUARY
                                          YEAR:      2018
                                          LATITUDE:   36 58 N
                                          LONGITUDE:  86 26 W

  TEMPERATURE IN F:       :PCPN:    SNOW:  WIND      :SUNSHINE: SKY     :PK WND
================================================================================
1   2   3   4   5  6A  6B    7    8   9   10  11  12  13   14  15   16   17  18
                                     12Z  AVG MX 2MIN
DY MAX MIN AVG DEP HDD CDD  WTR  SNW DPTH SPD SPD DIR MIN PSBL S-S WX    SPD DR
================================================================================

 1  53  23  38   1  27   0 0.12  0.2    0  8.2 14 330   M    M   7 1      25 320
 2  28  15  22 -15  43   0 0.00  0.0    T  4.2 10 310   M    M   0        18 320
 3  48  18  33  -4  32   0 0.02  0.0    0  4.9 21 180   M    M   7        29 180
 4  50  25  38   1  27   0 0.41    T    0  8.2 18 300   M    M  10 1      30 300
 5  35  20  28 -10  37   0    T  0.0    0  4.2 13 100   M    M   6 8      18 360
 6  43  34  39   1  26   0 0.51  0.0    0  6.1 13  70   M    M  10 1      17  50
 7  37  30  34  -4  31   0 0.56  0.0    0  5.8 13 330   M    M  10 16     20 350
 8  43  22  33  -5  32   0 0.00  0.0    0  1.3  8 170   M    M   1 1      11 160
 9  64  25  45   7  20   0 0.00  0.0    0  5.8 23 190   M    M   3        29 190
10  57  44  51  13  14   0 1.13  0.0    0  3.0 13 170   M    M  10 12     18 160
11  50  31  41   2  24   0 0.36  0.0    0  5.8 14 290   M    M  10 1      20 280
12  43  29  36  -3  29   0 0.01  0.0    0  9.0 17  60   M    M   5 16     24  40
13  55  31  43   4  22   0 0.01  0.0    0  4.3 13  80   M    M   7 1      17 200
14  63  49  56  16   9   0 0.06  0.0    0 11.5 20 200   M    M   9 1      27 200
15  77  63  70  30   0   5    T  0.0    0 16.8 31 220   M    M   7        45 220
16  71  40  56  16   9   0 0.45  0.0    0  8.8 20 330   M    M  10 18     37 330
17  45  38  42   2  23   0 0.57  0.0    0  5.1 14 300   M    M   9 1      20 310
18  58  29  44   4  21   0 0.00  0.0    0  4.1 15 180   M    M   1 1      21 190
19  76  58  67  26   0   2 0.00  0.0    0 14.0 26 190   M    M   5        36 210
20  79  63  71  30   0   6 0.00  0.0    0 15.2 29 190   M    M   2        41 200
21  72  48  60  19   5   0 0.88  0.0    0  9.4 26 180   M    M   8 1      39 180
22  60  49  55  13  10   0 0.95  0.0    0  4.4 18 120   M    M  10 12     24 330
23  76  55  66  24   0   1 0.31  0.0    0  5.7 18 220   M    M   8 12     28 230
24  74  57  66  24   0   1 1.81  0.0    0 10.3 41 220   M    M   9 13     57 220
================================================================================
SM 1357  896       441  15  8.16     0.2 176.1          M      164
================================================================================
AV 56.5 37.3                               7.3 FASTST   M    M   7    MAX(MPH)
                                 MISC ---->  # 41 220               # 57  220
================================================================================
NOTES:
# LAST OF SEVERAL OCCURRENCES

COLUMN 17 PEAK WIND IN M.P.H.

PRELIMINARY LOCAL CLIMATOLOGICAL DATA (WS FORM: F-6) , PAGE 2

                                          STATION:  BOWLING GREEN KY
                                          MONTH:    FEBRUARY
                                          YEAR:     2018
                                          LATITUDE:   36 58 N
                                          LONGITUDE:  86 26 W

[TEMPERATURE DATA]      [PRECIPITATION DATA]       SYMBOLS USED IN COLUMN 16

AVERAGE MONTHLY: 46.9   TOTAL FOR MONTH:   8.16    1 = FOG OR MIST
DPTR FM NORMAL:   7.7   DPTR FM NORMAL:    4.74    2 = FOG REDUCING VISIBILITY
HIGHEST:    79 ON 20    GRTST 24HR  1.81 ON 24-24      TO 1/4 MILE OR LESS
LOWEST:     15 ON  2                               3 = THUNDER
                        SNOW, ICE PELLETS, HAIL    4 = ICE PELLETS
                        TOTAL MONTH:   0.2 INCH    5 = HAIL
                        GRTST 24HR   0.2 ON  1- 1  6 = FREEZING RAIN OR DRIZZLE
                        GRTST DEPTH:   T           7 = DUSTSTORM OR SANDSTORM:
                                                       VSBY 1/2 MILE OR LESS
                                                   8 = SMOKE OR HAZE
[NO. OF DAYS WITH]      [WEATHER - DAYS WITH]      9 = BLOWING SNOW
                                                   X = TORNADO
MAX 32 OR BELOW:   1    0.01 INCH OR MORE:  16
MAX 90 OR ABOVE:   0    0.10 INCH OR MORE:  12
MIN 32 OR BELOW:  12    0.50 INCH OR MORE:   7
MIN  0 OR BELOW:   0    1.00 INCH OR MORE:   2

[HDD (BASE 65) ]
TOTAL THIS MO.   441    CLEAR  (SCALE 0-3)   5
DPTR FM NORMAL  -176    PTCLDY (SCALE 4-7)   8
TOTAL FM JUL 1  2966    CLOUDY (SCALE 8-10) 11
DPTR FM NORMAL  -143

[CDD (BASE 65) ]
TOTAL THIS MO.    15
DPTR FM NORMAL    15    [PRESSURE DATA]
TOTAL FM JAN 1    15    HIGHEST SLP M ON M
DPTR FM NORMAL    15    LOWEST  SLP 29.77 ON M

[REMARKS]
