000
CXUS55 KRIW 260901
CF6BYG
PRELIMINARY LOCAL CLIMATOLOGICAL DATA (WS FORM: F-6)

                                          STATION:   BUFFALO WY
                                          MONTH:     DECEMBER
                                          YEAR:      2014
                                          LATITUDE:   44 22 N
                                          LONGITUDE: 106 43 W

  TEMPERATURE IN F:       :PCPN:    SNOW:  WIND      :SUNSHINE: SKY     :PK WND
================================================================================
1   2   3   4   5  6A  6B    7    8   9   10  11  12  13   14  15   16   17  18
                                     12Z  AVG MX 2MIN
DY MAX MIN AVG DEP HDD CDD  WTR  SNW DPTH SPD SPD DIR MIN PSBL S-S WX    SPD DR
================================================================================

 1  45   3  24  -3  41   0 0.00  0.0    M  8.2 23 160   M    M   1 8      29 170
 2  37  15  26  -1  39   0    T    M    M  9.8 26 340   M    M   4        36 340
 3  34  16  25  -2  40   0 0.00  0.0    M  8.9 20 160   M    M   2        22 150
 4  59  27  43  17  22   0 0.00  0.0    M  5.7 17 330   M    M   2        24 340
 5  50  33  42  16  23   0 0.00  0.0    M  6.3 16 160   M    M   4        20 170
 6  54  29  42  16  23   0 0.00  0.0    M  3.6 12 250   M    M   0        14 290
 7  49  29  39  13  26   0 0.00  0.0    M 10.1 31 350   M    M   0        40 330
 8  49  27  38  12  27   0 0.00  0.0    M  5.3 13 140   M    M   0        16 140
 9  55  33  44  18  21   0 0.00  0.0    M  7.4 14 170   M    M   0        16 170
10  58  37  48  23  17   0 0.00  0.0    M  6.9 18 150   M    M   0        23 170
11   M  34   M   M   M   M 0.00  0.0    M  6.5 23 170   M    M   0        27 170
12   M   M   M   M   M   M 0.00  0.0    M  8.2 17 170   M    M   0        35 200
13   M   M   M   M   M   M 0.00  0.0    M 13.3 25 330   M    M   0        38 340
14   M   M   M   M   M   M    T    M    M 28.8 36 340   M    M  10        50 340
15   M   M   M   M   M   M    T    M    M 14.1 31 350   M    M   9 128    47 340
16   M   M   M   M   M   M 0.00  0.0    M  2.9 10 150   M    M   9 128     M  M
17  35  13  24  -1  41   0 0.00  0.0    M  4.4  9 230   M    M   3 12     11 230
18  42  21  32   7  33   0 0.00  0.0    M  8.3 15 190   M    M   0        17 180
19  43  23  33   8  32   0 0.00  0.0    M  5.8 13 240   M    M   1        15 240
20  44  25  35  10  30   0 0.00  0.0    M  5.4 13 140   M    M   2        15 140
21  48  24  36  10  29   0    T    M    M 13.5 46 320   M    M   5        55 280
22  37  29  33   7  32   0    T    M    M 27.5 45 340   M    M   6        69 320
23  35  21  28   2  37   0    T    M    M 19.5 44 320   M    M   1        56 320
24  41  23  32   6  33   0 0.00  0.0    M  5.8 21 350   M    M   4        26 340
25  31  17  24  -2  41   0 0.07    M    M 18.2 30 350   M    M  10 1      36 340
================================================================================
SM  846  479       587   0  0.07     0.0 254.4          M       73
================================================================================
AV 44.5 24.0                              10.2 FASTST   M    M   3    MAX(MPH)
                                 MISC ---->  # 46 320               # 69  320
================================================================================
NOTES:
# LAST OF SEVERAL OCCURRENCES

COLUMN 17 PEAK WIND IN M.P.H.

PRELIMINARY LOCAL CLIMATOLOGICAL DATA (WS FORM: F-6) , PAGE 2

                                          STATION:  BUFFALO WY
                                          MONTH:    DECEMBER
                                          YEAR:     2014
                                          LATITUDE:   44 22 N
                                          LONGITUDE: 106 43 W

[TEMPERATURE DATA]      [PRECIPITATION DATA]       SYMBOLS USED IN COLUMN 16

AVERAGE MONTHLY: 34.2   TOTAL FOR MONTH:   0.07    1 = FOG OR MIST
DPTR FM NORMAL:   8.6   DPTR FM NORMAL:   -0.26    2 = FOG REDUCING VISIBILITY
HIGHEST:    59 ON  4    GRTST 24HR  0.07 ON 25-25      TO 1/4 MILE OR LESS
LOWEST:      3 ON  1                               3 = THUNDER
                        SNOW, ICE PELLETS, HAIL    4 = ICE PELLETS
                        TOTAL MONTH:   0.0 INCH    5 = HAIL
                        GRTST 24HR     0.0         6 = FREEZING RAIN OR DRIZZLE
                        GRTST DEPTH:  M  ON   M    7 = DUSTSTORM OR SANDSTORM:
                                                       VSBY 1/2 MILE OR LESS
                                                   8 = SMOKE OR HAZE
[NO. OF DAYS WITH]      [WEATHER - DAYS WITH]      9 = BLOWING SNOW
                                                   X = TORNADO
MAX 32 OR BELOW:   1    0.01 INCH OR MORE:   1
MAX 90 OR ABOVE:   0    0.10 INCH OR MORE:   0
MIN 32 OR BELOW:  16    0.50 INCH OR MORE:   0
MIN  0 OR BELOW:   0    1.00 INCH OR MORE:   0

[HDD (BASE 65) ]
TOTAL THIS MO.   587    CLEAR  (SCALE 0-3)  16
DPTR FM NORMAL  -396    PTCLDY (SCALE 4-7)   5
TOTAL FM JUL 1  2343    CLOUDY (SCALE 8-10)  4
DPTR FM NORMAL  -474

[CDD (BASE 65) ]
TOTAL THIS MO.     0
DPTR FM NORMAL     0    [PRESSURE DATA]
TOTAL FM JAN 1   387    HIGHEST SLP M ON M
DPTR FM NORMAL  -105    LOWEST  SLP 29.36 ON 25

[REMARKS]
