000
CXUS55 KRIW 240945
CF6BYG
PRELIMINARY LOCAL CLIMATOLOGICAL DATA (WS FORM: F-6)

                                          STATION:   BUFFALO WY
                                          MONTH:     FEBRUARY
                                          YEAR:      2018
                                          LATITUDE:   44 22 N
                                          LONGITUDE: 106 43 W

  TEMPERATURE IN F:       :PCPN:    SNOW:  WIND      :SUNSHINE: SKY     :PK WND
================================================================================
1   2   3   4   5  6A  6B    7    8   9   10  11  12  13   14  15   16   17  18
                                     12Z  AVG MX 2MIN
DY MAX MIN AVG DEP HDD CDD  WTR  SNW DPTH SPD SPD DIR MIN PSBL S-S WX    SPD DR
================================================================================

 1  29  17  23  -4  42   0    T    M    M  4.6 14 160   M    M   4 1      16 150
 2  43  22  33   6  32   0 0.00  0.0    M  4.7 14 160   M    M   6        16 160
 3  40   1  21  -6  44   0 0.02    M    M 12.8 37 330   M    M   9 189    48 340
 4  38  -3  18  -9  47   0 0.03    M    M  8.9 32 360   M    M   8 18     37 360
 5  44   8  26  -1  39   0 0.01    M    M 14.1 43 360   M    M   9 189    52 360
 6  30   8  19  -8  46   0    T    M    M  9.5 24 350   M    M   9 18     31 360
 7  43   7  25  -2  40   0    T    M    M  4.9 16 160   M    M   9        19 160
 8  53   4  29   2  36   0    T    M    M 13.1 43 340   M    M   9 18     51 340
 9   6  -7   0 -27  65   0 0.09    M    M  6.2 16 350   M    M   8 128    19 340
10  20  -6   7 -20  58   0 0.00  0.0    M  3.5 10 180   M    M   2        12 190
11  29   5  17 -10  48   0 0.01    M    M  9.6 22 360   M    M   4 1      26 350
12  10   0   5 -23  60   0 0.01    M    M  6.9 21 150   M    M   7 18     24 150
13  42   3  23  -5  42   0 0.00    M    M  5.8 12 330   M    M   0        13 150
14  47  27  37   9  28   0 0.00    M    M  5.6 12 290   M    M   1        14 320
15  33   3  18 -10  47   0    T    M    M 14.4 40 350   M    M   5 19     46 340
16  34   7  21  -7  44   0 0.00  0.0    M  4.4 15 280   M    M   3        17 290
17  45  21  33   5  32   0    T    M    M 10.1 30 250   M    M   4 1      43 250
18  45   1  23  -5  42   0 0.03    M    M 18.4 36 250   M    M   9 128    44 330
19   1 -10  -4 -32  69   0 0.02    M    M  7.5 20 350   M    M   9 18     23 350
20   7 -15  -4 -32  69   0    T    M    M  4.9 12 200   M    M   1 8      14 200
21  21  -6   8 -21  57   0    T    M    M  5.6 21 270   M    M   0        24 320
22  27   5  16 -13  49   0 0.00  0.0    M  6.2 12 320   M    M   0        15 340
23  21   2  12 -17  53   0 0.00  0.0    M  3.5 10 160   M    M   0        12 160
================================================================================
SM  708   94      1089   0  0.22     0.0 185.2          M      116
================================================================================
AV 30.8  4.1                               8.1 FASTST   M    M   5    MAX(MPH)
                                 MISC ---->  # 43 360               # 52  360
================================================================================
NOTES:
# LAST OF SEVERAL OCCURRENCES

COLUMN 17 PEAK WIND IN M.P.H.

PRELIMINARY LOCAL CLIMATOLOGICAL DATA (WS FORM: F-6) , PAGE 2

                                          STATION:  BUFFALO WY
                                          MONTH:    FEBRUARY
                                          YEAR:     2018
                                          LATITUDE:   44 22 N
                                          LONGITUDE: 106 43 W

[TEMPERATURE DATA]      [PRECIPITATION DATA]       SYMBOLS USED IN COLUMN 16

AVERAGE MONTHLY: 17.4   TOTAL FOR MONTH:   0.22    1 = FOG OR MIST
DPTR FM NORMAL: -10.2   DPTR FM NORMAL:   -0.07    2 = FOG REDUCING VISIBILITY
HIGHEST:    53 ON  8    GRTST 24HR  0.09 ON  9- 9      TO 1/4 MILE OR LESS
LOWEST:    -15 ON 20                               3 = THUNDER
                        SNOW, ICE PELLETS, HAIL    4 = ICE PELLETS
                        TOTAL MONTH:   0.0 INCH    5 = HAIL
                        GRTST 24HR     0.0         6 = FREEZING RAIN OR DRIZZLE
                        GRTST DEPTH:  M  ON   M    7 = DUSTSTORM OR SANDSTORM:
                                                       VSBY 1/2 MILE OR LESS
                                                   8 = SMOKE OR HAZE
[NO. OF DAYS WITH]      [WEATHER - DAYS WITH]      9 = BLOWING SNOW
                                                   X = TORNADO
MAX 32 OR BELOW:  11    0.01 INCH OR MORE:   8
MAX 90 OR ABOVE:   0    0.10 INCH OR MORE:   0
MIN 32 OR BELOW:  23    0.50 INCH OR MORE:   0
MIN  0 OR BELOW:   7    1.00 INCH OR MORE:   0

[HDD (BASE 65) ]
TOTAL THIS MO.  1089    CLEAR  (SCALE 0-3)   8
DPTR FM NORMAL   231    PTCLDY (SCALE 4-7)   7
TOTAL FM JUL 1  4931    CLOUDY (SCALE 8-10)  8
DPTR FM NORMAL  -134

[CDD (BASE 65) ]
TOTAL THIS MO.     0
DPTR FM NORMAL     0    [PRESSURE DATA]
TOTAL FM JAN 1     0    HIGHEST SLP M ON M
DPTR FM NORMAL     0    LOWEST  SLP 29.39 ON 18

[REMARKS]
