000
CXUS55 KRIW 240945
CF6BYG
PRELIMINARY LOCAL CLIMATOLOGICAL DATA (WS FORM: F-6)

                                          STATION:   BUFFALO WY
                                          MONTH:     MAY
                                          YEAR:      2017
                                          LATITUDE:   44 22 N
                                          LONGITUDE: 106 43 W

  TEMPERATURE IN F:       :PCPN:    SNOW:  WIND      :SUNSHINE: SKY     :PK WND
================================================================================
1   2   3   4   5  6A  6B    7    8   9   10  11  12  13   14  15   16   17  18
                                     12Z  AVG MX 2MIN
DY MAX MIN AVG DEP HDD CDD  WTR  SNW DPTH SPD SPD DIR MIN PSBL S-S WX    SPD DR
================================================================================

 1  49  38  44  -4  21   0 0.02    M    M 17.3 37 340   M    M   8        49 340
 2  48  39  44  -4  21   0 0.04    M    M 10.6 28 320   M    M  10        36 350
 3  56  37  47  -2  18   0 0.01    M    M 11.7 36 330   M    M   3        48 320
 4  71  41  56   7   9   0 0.00    M    M  6.0 14 360   M    M   2        23 360
 5  79  50  65  16   0   0 0.00    M    M 10.5 20 130   M    M   0        25 130
 6  86  57  72  22   0   7 0.00    M    M 10.8 33 200   M    M   0 3      40 200
 7  74  51  63  13   2   0 0.00  0.0    M 12.7 35 340   M    M   1        43 330
 8  56  43  50   0  15   0 0.00  0.0    M 13.1 35 340   M    M   8 18     44 340
 9  61  43  52   2  13   0 0.01    M    M  9.1 23 340   M    M   8        29 330
10  64  40  52   1  13   0 0.00  0.0    M  6.9 14 110   M    M   0        16  20
11  75  41  58   7   7   0 0.00  0.0    M  5.1 10 140   M    M   0        13 110
12  84  53  69  18   0   4 0.00  0.0    M 12.0 28 150   M    M   0        34 150
13  73  44  59   8   6   0 0.01    M    M 14.6 31 330   M    M   2        42 330
14  69  40  55   3  10   0 0.01    M    M 10.2 23 160   M    M   4 3      30 150
15  73  47  60   8   5   0 0.02    M    M 17.2 29 350   M    M   4 3      39 340
16  61  43  52   0  13   0 0.02    M    M 10.6 29 170   M    M   6        34 180
17  61  38  50  -2  15   0 1.96    M    M  6.4 23 160   M    M   8 13     29 170
18  44  34  39 -13  26   0 0.29    M    M 12.1 22 360   M    M  10 1      28  10
19  49  36  43 -10  22   0 0.03    M    M  6.0 14 170   M    M   9 1      17 170
20  62  33  48  -5  17   0 0.00    M    M 13.5 28 360   M    M   2        37 350
21  62  44  53   0  12   0    T    M    M 15.1 35 340   M    M   4        44 310
22  57  42  50  -3  15   0 0.15    M    M 13.6 44 350   M    M   6 1      52 350
23  64  38  51  -3  14   0 0.00    M    M  8.6 18 360   M    M   1        27 340
================================================================================
SM 1478  972       274  11  2.57     0.0 253.7          M       96
================================================================================
AV 64.3 42.3                              11.0 FASTST   M    M   4    MAX(MPH)
                                 MISC ---->  # 44 350               # 52  350
================================================================================
NOTES:
# LAST OF SEVERAL OCCURRENCES

COLUMN 17 PEAK WIND IN M.P.H.

PRELIMINARY LOCAL CLIMATOLOGICAL DATA (WS FORM: F-6) , PAGE 2

                                          STATION:  BUFFALO WY
                                          MONTH:    MAY
                                          YEAR:     2017
                                          LATITUDE:   44 22 N
                                          LONGITUDE: 106 43 W

[TEMPERATURE DATA]      [PRECIPITATION DATA]       SYMBOLS USED IN COLUMN 16

AVERAGE MONTHLY: 53.3   TOTAL FOR MONTH:   2.57    1 = FOG OR MIST
DPTR FM NORMAL:   2.3   DPTR FM NORMAL:    0.67    2 = FOG REDUCING VISIBILITY
HIGHEST:    86 ON  6    GRTST 24HR  1.96 ON 17-17      TO 1/4 MILE OR LESS
LOWEST:     33 ON 20                               3 = THUNDER
                        SNOW, ICE PELLETS, HAIL    4 = ICE PELLETS
                        TOTAL MONTH:   0.0 INCH    5 = HAIL
                        GRTST 24HR     0.0         6 = FREEZING RAIN OR DRIZZLE
                        GRTST DEPTH:  M  ON   M    7 = DUSTSTORM OR SANDSTORM:
                                                       VSBY 1/2 MILE OR LESS
                                                   8 = SMOKE OR HAZE
[NO. OF DAYS WITH]      [WEATHER - DAYS WITH]      9 = BLOWING SNOW
                                                   X = TORNADO
MAX 32 OR BELOW:   0    0.01 INCH OR MORE:  12
MAX 90 OR ABOVE:   0    0.10 INCH OR MORE:   3
MIN 32 OR BELOW:   0    0.50 INCH OR MORE:   1
MIN  0 OR BELOW:   0    1.00 INCH OR MORE:   1

[HDD (BASE 65) ]
TOTAL THIS MO.   274    CLEAR  (SCALE 0-3)  10
DPTR FM NORMAL   -52    PTCLDY (SCALE 4-7)   9
TOTAL FM JUL 1  6371    CLOUDY (SCALE 8-10)  4
DPTR FM NORMAL  -799

[CDD (BASE 65) ]
TOTAL THIS MO.    11
DPTR FM NORMAL    11    [PRESSURE DATA]
TOTAL FM JAN 1    11    HIGHEST SLP M ON M
DPTR FM NORMAL    11    LOWEST  SLP 29.38 ON 17

[REMARKS]
