000
CXUS55 KRIW 010902
CF6BYG
PRELIMINARY LOCAL CLIMATOLOGICAL DATA (WS FORM: F-6)

                                          STATION:   BUFFALO WY
                                          MONTH:     AUGUST
                                          YEAR:      2015
                                          LATITUDE:   44 22 N
                                          LONGITUDE: 106 43 W

  TEMPERATURE IN F:       :PCPN:    SNOW:  WIND      :SUNSHINE: SKY     :PK WND
================================================================================
1   2   3   4   5  6A  6B    7    8   9   10  11  12  13   14  15   16   17  18
                                     12Z  AVG MX 2MIN
DY MAX MIN AVG DEP HDD CDD  WTR  SNW DPTH SPD SPD DIR MIN PSBL S-S WX    SPD DR
================================================================================

 1  93  63  78   6   0  13 0.00  0.0    0  8.5 15 330   M    M   0        21  10
 2  87  62  75   3   0  10 0.00  0.0    0  9.9 25 360   M    M   0        31 350
 3  86  60  73   1   0   8    T  0.0    0 12.4 45 180   M    M   1 3      55 200
 4  80  59  70  -2   0   5 0.02  0.0    0  7.4 23 350   M    M   4 3      29 330
 5  90  54  72   0   0   7 0.58  0.0    0  8.4 33 230   M    M   1 13     45 230
 6  82  53  68  -4   0   3    T  0.0    0  7.6 32 340   M    M   0 3      41 330
 7  79  52  66  -6   0   1 0.00  0.0    0  7.8 23 330   M    M   1        35 350
 8  78  54  66  -6   0   1 0.02  0.0    0  9.8 25 350   M    M   3 3      37 350
 9  77  53  65  -6   0   0 0.01  0.0    0  5.0 15 340   M    M   4        20 340
10  87  54  71   0   0   6 0.00  0.0    0  5.6 15 100   M    M   1        19 110
11  96  60  78   7   0  13 0.00  0.0    0  7.9 18 140   M    M   0        23 140
12  95  67  81  10   0  16 0.03  0.0    0 12.6 29 320   M    M   2 3      36 320
13  92  62  77   6   0  12 0.00  0.0    0  8.7 30 230   M    M   0        37 240
14  98  67  83  12   0  18 0.00  0.0    0  9.8 22 170   M    M   1        33 150
15  98  67  83  13   0  18 0.03  0.0    0  8.8 32 310   M    M   1 3      49 310
16  74  53  64  -6   1   0 0.00  0.0    0  6.1 16  40   M    M   3 38     20 360
17  70  46  58 -12   7   0 0.22  0.0    0 11.9 45 320   M    M   8 138    59 330
18  65  43  54 -16  11   0 0.23  0.0    0 11.1 32 340   M    M   7 1      42 340
19  71  41  56 -14   9   0 0.00  0.0    0  7.1 14 140   M    M   1        19 140
20  82  51  67  -2   0   2 0.00  0.0    0  7.0 16 360   M    M   0 8      23 350
21  90  57  74   5   0   9 0.00  0.0    0  8.1 44 330   M    M   0 8      58 320
22  65  40  53 -16  12   0    T  0.0    0 26.4 43 340   M    M   3 8      55 350
23  76  36  56 -12   9   0 0.00  0.0    0  6.3 13 110   M    M   0        17 140
24  88  52  70   2   0   5 0.00  0.0    0  6.7 15 170   M    M   0        17 140
25  94  59  77   9   0  12 0.00  0.0    0  8.7 23 350   M    M   0        26 360
26  92  67  80  13   0  15 0.00  0.0    0  8.6 24 300   M    M   1        32 310
27  86  61  74   7   0   9 0.01  0.0    0  9.8 25  20   M    M   2 38     31  20
28  87  60  74   7   0   9 0.00  0.0    0  7.4 13 250   M    M   0 8      16 150
29  97  65  81  15   0  16 0.00  0.0    0  6.5 20 240   M    M   0        23 230
30  90  68  79  13   0  14    T  0.0    0  8.4 36 330   M    M   0        46 330
31  86  50  68   2   0   3 0.00  0.0    0 13.0 32 330   M    M   0 8      45 340
================================================================================
SM 2631 1736        49 225  1.15     0.0 283.3          M       44
================================================================================
AV 84.9 56.0                               9.1 FASTST   M    M   1    MAX(MPH)
                                 MISC ---->  # 45 180               # 59  330
================================================================================
NOTES:
# LAST OF SEVERAL OCCURRENCES

COLUMN 17 PEAK WIND IN M.P.H.

PRELIMINARY LOCAL CLIMATOLOGICAL DATA (WS FORM: F-6) , PAGE 2

                                          STATION:  BUFFALO WY
                                          MONTH:    AUGUST
                                          YEAR:     2015
                                          LATITUDE:   44 22 N
                                          LONGITUDE: 106 43 W

[TEMPERATURE DATA]      [PRECIPITATION DATA]       SYMBOLS USED IN COLUMN 16

AVERAGE MONTHLY: 70.4   TOTAL FOR MONTH:   1.15    1 = FOG OR MIST
DPTR FM NORMAL:   0.7   DPTR FM NORMAL:    0.34    2 = FOG REDUCING VISIBILITY
HIGHEST:    98 ON 15,14 GRTST 24HR  0.58 ON  5- 5      TO 1/4 MILE OR LESS
LOWEST:     36 ON 23                               3 = THUNDER
                        SNOW, ICE PELLETS, HAIL    4 = ICE PELLETS
                        TOTAL MONTH:   0.0 INCH    5 = HAIL
                        GRTST 24HR     0.0         6 = FREEZING RAIN OR DRIZZLE
                        GRTST DEPTH:   0           7 = DUSTSTORM OR SANDSTORM:
                                                       VSBY 1/2 MILE OR LESS
                                                   8 = SMOKE OR HAZE
[NO. OF DAYS WITH]      [WEATHER - DAYS WITH]      9 = BLOWING SNOW
                                                   X = TORNADO
MAX 32 OR BELOW:   0    0.01 INCH OR MORE:   9
MAX 90 OR ABOVE:  12    0.10 INCH OR MORE:   3
MIN 32 OR BELOW:   0    0.50 INCH OR MORE:   1
MIN  0 OR BELOW:   0    1.00 INCH OR MORE:   0

[HDD (BASE 65) ]
TOTAL THIS MO.    49    CLEAR  (SCALE 0-3)  26
DPTR FM NORMAL     9    PTCLDY (SCALE 4-7)   5
TOTAL FM JUL 1    79    CLOUDY (SCALE 8-10)  0
DPTR FM NORMAL    14

[CDD (BASE 65) ]
TOTAL THIS MO.   225
DPTR FM NORMAL    40    [PRESSURE DATA]
TOTAL FM JAN 1   443    HIGHEST SLP M ON M
DPTR FM NORMAL    -3    LOWEST  SLP 29.68 ON 22

[REMARKS]
#FINAL-08-15#
