000
CXUS55 KPIH 261200
CF6BYI

PRELIMINARY LOCAL CLIMATOLOGICAL DATA (WS FORM: F-6)

                                          STATION:   BURLEY ID
                                          MONTH:     MAY
                                          YEAR:      2017
                                          LATITUDE:   42 32 N
                                          LONGITUDE: 113 46 W

  TEMPERATURE IN F:       :PCPN:    SNOW:  WIND      :SUNSHINE: SKY     :PK WND
================================================================================
1   2   3   4   5  6A  6B    7    8   9   10  11  12  13   14  15   16   17  18
                                     12Z  AVG MX 2MIN
DY MAX MIN AVG DEP HDD CDD  WTR  SNW DPTH SPD SPD DIR MIN PSBL S-S WX    SPD DR
================================================================================

 1  60  38  49  -1  16   0    T    M    M 15.6 28 250   M    M   2        33 250
 2  62  46  54   4  11   0 0.00    M    M 15.4 24 270   M    M   3        32 260
 3  70  37  54   4  11   0 0.00    M    M  6.2 16 250   M    M   0        20 240
 4  80  39  60   9   5   0 0.00    M    M  4.1 14  60   M    M   0        18  80
 5  81  43  62  11   3   0 0.00    M    M  6.3 23 280   M    M   0 8      31 290
 6  70  46  58   7   7   0    T    M    M  9.8 21 250   M    M   3        27 260
 7  58  42  50  -2  15   0    T    M    M 12.7 21 270   M    M   6        30 280
 8  66  39  53   1  12   0 0.00    M    M  7.7 15 240   M    M   1        20 260
 9  72  39  56   4   9   0 0.00    M    M  7.9 17 250   M    M   1        23 250
10  77  39  58   5   7   0 0.00    M    M  4.2 12 270   M    M   0        15 260
11  84  42  63  10   2   0 0.00    M    M  5.9 18 190   M    M   0        24 200
12  73  42  58   5   7   0    T    M    M 13.3 38 270   M    M   4 8      54 280
13  57  36  47  -6  18   0    T    M    M 11.7 23 270   M    M   7        31 280
14  64  31  48  -6  17   0 0.00    M    M  5.8 18 290   M    M   1        22 280
15  62  42  52  -2  13   0 0.00    M    M  8.5 16 260   M    M   1        21 270
16  62  38  50  -4  15   0 0.27    M    M 14.3 28 250   M    M   6 1      38 260
17  43  33  38 -16  27   0 0.16    M    M 15.4 32 250   M    M   8 128    38 240
18  57  33  45 -10  20   0 0.00    M    M  5.3 13 260   M    M   9 12     25 260
19  64  45  55   0  10   0 0.01    M    M  3.2 13  90   M    M   7        15  80
20  72  44  58   3   7   0 0.12    M    M  6.6 17 200   M    M   3 1      23 200
21  70  49  60   4   5   0 0.24    M    M  4.5 13  70   M    M   5 1      17  80
22  76  46  61   5   4   0 0.00    M    M  6.9 15 290   M    M   0        20 290
23  80  44  62   6   3   0 0.00    M    M  4.6 13 260   M    M   0        17 290
24  73  55  64   8   1   0 0.00    M    M 15.0 28 260   M    M   1        37 290
25  63  44  54  -3  11   0    T    M    M  9.7 23 250   M    M   1 8      34 280
================================================================================
SM 1696 1032       256   0  0.80    M    220.6          M       69
================================================================================
AV 67.8 41.3                               8.8 FASTST   M    M   3    MAX(MPH)
                                 MISC ---->  # 38 270               # 54  280
================================================================================
NOTES:
# LAST OF SEVERAL OCCURRENCES
PRECIPITATION SUSPECT DURING FREEZING/FROZEN EVENTS

COLUMN 17 PEAK WIND IN M.P.H.

PRELIMINARY LOCAL CLIMATOLOGICAL DATA (WS FORM: F-6) , PAGE 2

                                          STATION:  BURLEY ID
                                          MONTH:    MAY
                                          YEAR:     2017
                                          LATITUDE:   42 32 N
                                          LONGITUDE: 113 46 W

[TEMPERATURE DATA]      [PRECIPITATION DATA]       SYMBOLS USED IN COLUMN 16

AVERAGE MONTHLY: 54.6   TOTAL FOR MONTH:   0.80    1 = FOG OR MIST
DPTR FM NORMAL:   1.2   DPTR FM NORMAL:   -0.35    2 = FOG REDUCING VISIBILITY
HIGHEST:    84 ON 11    GRTST 24HR  0.27 ON 16-16      TO 1/4 MILE OR LESS
LOWEST:     31 ON 14                               3 = THUNDER
                        SNOW, ICE PELLETS, HAIL    4 = ICE PELLETS
                        TOTAL MONTH:    M          5 = HAIL
                        GRTST 24HR    M  ON   M    6 = FREEZING RAIN OR DRIZZLE
                        GRTST DEPTH:  M  ON   M    7 = DUSTSTORM OR SANDSTORM:
                                                       VSBY 1/2 MILE OR LESS
                                                   8 = SMOKE OR HAZE
[NO. OF DAYS WITH]      [WEATHER - DAYS WITH]      9 = BLOWING SNOW
                                                   X = TORNADO
MAX 32 OR BELOW:   0    0.01 INCH OR MORE:   5
MAX 90 OR ABOVE:   0    0.10 INCH OR MORE:   4
MIN 32 OR BELOW:   1    0.50 INCH OR MORE:   0
MIN  0 OR BELOW:   0    1.00 INCH OR MORE:   0

[HDD (BASE 65) ]
TOTAL THIS MO.   256    CLEAR  (SCALE 0-3)  16
DPTR FM NORMAL   -39    PTCLDY (SCALE 4-7)   8
TOTAL FM JUL 1  6206    CLOUDY (SCALE 8-10)  1
DPTR FM NORMAL  -477

[CDD (BASE 65) ]
TOTAL THIS MO.     0
DPTR FM NORMAL     0    [PRESSURE DATA]
TOTAL FM JAN 1     0    HIGHEST SLP M ON M
DPTR FM NORMAL     0    LOWEST  SLP 29.44 ON 24

[REMARKS]
