000
CXUS54 KHGX 281426
CF6BYY
PRELIMINARY LOCAL CLIMATOLOGICAL DATA (WS FORM: F-6)

                                          STATION:   Bay City
                                          MONTH:     FEBRUARY
                                          YEAR:      2015
                                          LATITUDE:   28 58 N
                                          LONGITUDE:  95 52 W

  TEMPERATURE IN F:       :PCPN:    SNOW:  WIND      :SUNSHINE: SKY     :PK WND
================================================================================
1   2   3   4   5  6A  6B    7    8   9   10  11  12  13   14  15   16   17  18
                                     12Z  AVG MX 2MIN
DY MAX MIN AVG DEP HDD CDD  WTR  SNW DPTH SPD SPD DIR MIN PSBL S-S WX    SPD DR
================================================================================

 1  76  56  66   M   0   1 0.00  0.0    0  8.9 27  10   M    M   5 12     35  10
 2  55  40  48   M  17   0 0.00  0.0    0 12.4 24 360   M    M   0        36 360
 3  49  44  47   M  18   0 0.43    M    0  4.7  9  50   M    M   8 1       M  M
 4  60  46  53   M  12   0 0.10  0.0    0  4.4 12  70   M    M  10 1      16  70
 5  55  44  50   M  15   0 0.01  0.0    0  7.2 14 350   M    M  10 1      18 360
 6  58  43  51   M  14   0 0.00  0.0    0  3.7  8 140   M    M   8 1       M  M
 7  70  43  57   M   8   0 0.00  0.0    0  5.4 15 180   M    M   4 12     20 180
 8  75  53  64   M   1   0 0.00  0.0    0  8.3 24 210   M    M   6 12     30 210
 9  81  56  69   M   0   4 0.00  0.0    0  4.5 10  10   M    M   4 12      M  M
10  76  50  63   M   2   0 0.00  0.0    0  4.9 10 180   M    M   1 12      M  M
11  75  50  63   M   2   0 0.00  0.0    0  5.6 13 120   M    M   5 12      M  M
12  67  50  59   M   6   0 0.00  0.0    0  5.8 13  30   M    M   2 12     21 360
13  67  45  56   M   9   0 0.00  0.0    0  3.8  9 170   M    M   3         M  M
14  75  49  62   M   3   0 0.00  0.0    0  3.1 12 210   M    M   4 12      M  M
15  73  52  63   M   2   0 0.00  0.0    0  6.3 14 150   M    M   7 12     20 150
16  71  39  55   M  10   0 0.22    M    0 11.6 20 360   M    M   9 1      30 360
17  52  37  45   M  20   0 0.03  0.0    0  8.9 15 360   M    M   6        23 360
18  63  33  48   M  17   0 0.00  0.0    0  2.5 10 190   M    M   0         M  M
19  67  38  53   M  12   0 0.00  0.0    0  6.4 15 170   M    M   4        20 170
20  73  61  67   M   0   2 0.03  0.0    0 13.0 24 180   M    M  10        31 170
21  74  64  69   M   0   4 0.00  0.0    0 10.7 20 180   M    M  10 1      24 190
22  79  51  65   M   0   0 0.00  0.0    0  8.8 18 360   M    M   9 1      28 340
23  50  37  44   M  21   0 0.00  0.0    0 13.2 20  10   M    M  10 1      27  10
24  40  37  39   M  26   0 0.00  0.0    0  6.8 15 360   M    M  10 1       M  M
25  53  40  47   M  18   0 0.06  0.0    0  8.4 16 320   M    M   7 1      21 320
26  58  34  46   M  19   0 0.00  0.0    0  8.9 18  10   M    M   0 1      25  10
27  47  38  43   M  22   0 0.00  0.0    0 10.6 17  50   M    M   8        23  50
================================================================================
SM 1739 1230       274  11  0.88     0.0 198.8          M      160
================================================================================
AV 64.4 45.6                               7.4 FASTST   M    M   6    MAX(MPH)
                                 MISC ---->  # 27  10                 36    M
================================================================================
NOTES:
# LAST OF SEVERAL OCCURRENCES

COLUMN 17 PEAK WIND IN M.P.H.

PRELIMINARY LOCAL CLIMATOLOGICAL DATA (WS FORM: F-6) , PAGE 2

                                          STATION:  Bay City
                                          MONTH:    FEBRUARY
                                          YEAR:     2015
                                          LATITUDE:   28 58 N
                                          LONGITUDE:  95 52 W

[TEMPERATURE DATA]      [PRECIPITATION DATA]       SYMBOLS USED IN COLUMN 16

AVERAGE MONTHLY: 55.0   TOTAL FOR MONTH:   0.88    1 = FOG OR MIST
DPTR FM NORMAL:     M   DPTR FM NORMAL:       M    2 = FOG REDUCING VISIBILITY
HIGHEST:    81 ON  9    GRTST 24HR  0.43 ON  3- 3      TO 1/4 MILE OR LESS
LOWEST:     33 ON 18                               3 = THUNDER
                        SNOW, ICE PELLETS, HAIL    4 = ICE PELLETS
                        TOTAL MONTH:   0.0 INCH    5 = HAIL
                        GRTST 24HR     0.0         6 = FREEZING RAIN OR DRIZZLE
                        GRTST DEPTH:   0           7 = DUSTSTORM OR SANDSTORM:
                                                       VSBY 1/2 MILE OR LESS
                                                   8 = SMOKE OR HAZE
[NO. OF DAYS WITH]      [WEATHER - DAYS WITH]      9 = BLOWING SNOW
                                                   X = TORNADO
MAX 32 OR BELOW:   0    0.01 INCH OR MORE:   7
MAX 90 OR ABOVE:   0    0.10 INCH OR MORE:   3
MIN 32 OR BELOW:   0    0.50 INCH OR MORE:   0
MIN  0 OR BELOW:   0    1.00 INCH OR MORE:   0

[HDD (BASE 65) ]
TOTAL THIS MO.   274    CLEAR  (SCALE 0-3)   6
DPTR FM NORMAL     M    PTCLDY (SCALE 4-7)  11
TOTAL FM JUL 1  1105    CLOUDY (SCALE 8-10) 10
DPTR FM NORMAL     M

[CDD (BASE 65) ]
TOTAL THIS MO.    11
DPTR FM NORMAL     M    [PRESSURE DATA]
TOTAL FM JAN 1    11    HIGHEST SLP M ON M
DPTR FM NORMAL     M    LOWEST  SLP M ON M

[REMARKS]
