000
CXUS56 KTFX 011205
CF6BZN
PRELIMINARY LOCAL CLIMATOLOGICAL DATA (WS FORM: F-6)

                                          STATION:   BOZEMAN/GALLATIN FIELD MT
                                          MONTH:     JUNE
                                          YEAR:      2015
                                          LATITUDE:   45 46 N
                                          LONGITUDE: 111  9 W

  TEMPERATURE IN F:       :PCPN:    SNOW:  WIND      :SUNSHINE: SKY     :PK WND
================================================================================
1   2   3   4   5  6A  6B    7    8   9   10  11  12  13   14  15   16   17  18
                                     12Z  AVG MX 2MIN
DY MAX MIN AVG DEP HDD CDD  WTR  SNW DPTH SPD SPD DIR MIN PSBL S-S WX    SPD DR
================================================================================

 1  76  49  63   5   2   0 0.28  0.0    0  4.6 40 280   M    M   2 3      52 270
 2  73  41  57  -1   8   0 0.09  0.0    0  6.1 23 340   M    M   4 13     28 340
 3  72  44  58   0   7   0 0.02  0.0    0  6.0 33 280   M    M   3 3      42 270
 4  73  47  60   2   5   0 0.01  0.0    0  4.4 26 220   M    M   5        34 220
 5  70  44  57  -2   8   0 0.00  0.0    0  5.8 23 140   M    M   1        28 140
 6  78  43  61   2   4   0 0.00  0.0    0  3.5 10 150   M    M   0        12  60
 7  80  52  66   7   0   1 0.00  0.0    0  4.4 10 280   M    M   3        13 270
 8  87  48  68   9   0   3 0.00  0.0    0  5.5 10 140   M    M   0        17 120
 9  90  51  71  11   0   6 0.01  0.0    0  5.8 25  20   M    M   1 3      31  20
10  78  53  66   6   0   1    T  0.0    0  5.3 18 260   M    M   2 3      25 260
11  82  49  66   6   0   1 0.00  0.0    0  4.6 12 320   M    M   1        14 310
12  85  46  66   6   0   1 0.00  0.0    0  6.8 21 300   M    M   0 8      25 290
13  78  40  59  -2   6   0 0.00  0.0    0  6.8 17 340   M    M   1        22 340
14  71  43  57  -4   8   0 0.00  0.0    0  5.6 20 140   M    M   1 8      26 140
15  71  43  57  -4   8   0 0.05  0.0    0  7.9 30 140   M    M   4        36 160
16  76  43  60  -2   5   0    T  0.0    0  5.5 17 140   M    M   0 1      27 140
17  80  45  63   1   2   0 0.00  0.0    0  4.9 20  10   M    M   0        24  20
18  85  47  66   4   0   1 0.01  0.0    0  5.1 25 200   M    M   0 3      38 200
19  82  48  65   3   0   0 0.00  0.0    0  6.9 23 330   M    M   1        29 320
20  77  44  61  -2   4   0 0.00  0.0    0  5.2 14  20   M    M   2        18  20
21  83  43  63   0   2   0 0.10  0.0    0  6.1 23 310   M    M   2 13     30 300
22  78  45  62  -1   3   0 0.00  0.0    0  4.3 13 300   M    M   2        15 310
23  85  50  68   4   0   3 0.00  0.0    0  3.6 12 200   M    M   1        17 360
24  84  48  66   2   0   1 0.00  0.0    0  4.7 14 150   M    M   1        15 150
25  85  52  69   5   0   4 0.00  0.0    0  5.8 15 300   M    M   2        19 270
26  92  47  70   5   0   5 0.00  0.0    0  4.7 12 170   M    M   0 8      15 340
27  98  50  74   9   0   9 0.00  0.0    0  5.0 12 160   M    M   0 8      14 170
28  97  54  76  11   0  11 0.00  0.0    0  5.9 22 140   M    M   0        27 140
29  99  56  78  12   0  13    T  0.0    0  7.1 37 230   M    M   1 38     50 230
30  93  56  75   9   0  10 0.03  0.0    0  6.9 21 300   M    M   0 1      24 300
================================================================================
SM 2458 1421        72  70  0.60     0.0 164.8          M       40
================================================================================
AV 81.9 47.4                               5.5 FASTST   M    M   1    MAX(MPH)
                                 MISC ---->  # 40 280               # 52  270
================================================================================
NOTES:
# LAST OF SEVERAL OCCURRENCES

COLUMN 17 PEAK WIND IN M.P.H.

PRELIMINARY LOCAL CLIMATOLOGICAL DATA (WS FORM: F-6) , PAGE 2

                                          STATION:  BOZEMAN/GALLATIN FIELD MT
                                          MONTH:    JUNE
                                          YEAR:     2015
                                          LATITUDE:   45 46 N
                                          LONGITUDE: 111  9 W

[TEMPERATURE DATA]      [PRECIPITATION DATA]       SYMBOLS USED IN COLUMN 16

AVERAGE MONTHLY: 64.7   TOTAL FOR MONTH:   0.60    1 = FOG OR MIST
DPTR FM NORMAL:   3.1   DPTR FM NORMAL:   -1.80    2 = FOG REDUCING VISIBILITY
HIGHEST:    99 ON 29    GRTST 24HR  0.50 ON 31- 1      TO 1/4 MILE OR LESS
LOWEST:     40 ON 13                               3 = THUNDER
                        SNOW, ICE PELLETS, HAIL    4 = ICE PELLETS
                        TOTAL MONTH:   0.0 INCH    5 = HAIL
                        GRTST 24HR     0.0         6 = FREEZING RAIN OR DRIZZLE
                        GRTST DEPTH:   0           7 = DUSTSTORM OR SANDSTORM:
                                                       VSBY 1/2 MILE OR LESS
                                                   8 = SMOKE OR HAZE
[NO. OF DAYS WITH]      [WEATHER - DAYS WITH]      9 = BLOWING SNOW
                                                   X = TORNADO
MAX 32 OR BELOW:   0    0.01 INCH OR MORE:   9
MAX 90 OR ABOVE:   6    0.10 INCH OR MORE:   2
MIN 32 OR BELOW:   0    0.50 INCH OR MORE:   0
MIN  0 OR BELOW:   0    1.00 INCH OR MORE:   0

[HDD (BASE 65) ]
TOTAL THIS MO.    72    CLEAR  (SCALE 0-3)  27
DPTR FM NORMAL   -69    PTCLDY (SCALE 4-7)   3
TOTAL FM JUL 1  7536    CLOUDY (SCALE 8-10)  0
DPTR FM NORMAL   -22

[CDD (BASE 65) ]
TOTAL THIS MO.    70
DPTR FM NORMAL    32    [PRESSURE DATA]
TOTAL FM JAN 1    70    HIGHEST SLP 30.18 ON 26
DPTR FM NORMAL    28    LOWEST  SLP 29.66 ON 12

[REMARKS]
#FINAL-06-15#
