000
CXUS55 KGJT 221000
CF6CAG
PRELIMINARY LOCAL CLIMATOLOGICAL DATA (WS FORM: F-6)

                                          STATION:   CRAIG CO
                                          MONTH:     DECEMBER
                                          YEAR:      2014
                                          LATITUDE:   40 30 N
                                          LONGITUDE: 107 32 W

  TEMPERATURE IN F:       :PCPN:    SNOW:  WIND      :SUNSHINE: SKY     :PK WND
================================================================================
1   2   3   4   5  6A  6B    7    8   9   10  11  12  13   14  15   16   17  18
                                     12Z  AVG MX 2MIN
DY MAX MIN AVG DEP HDD CDD  WTR  SNW DPTH SPD SPD DIR MIN PSBL S-S WX    SPD DR
================================================================================

 1  51  29  40  17  25   0 0.00    M    M  5.3 24 270   M    M  10        33 250
 2  54  23  39  17  26   0 0.00    M    M  4.6 20 260   M    M   1        23 260
 3  46  26  36  14  29   0 0.00    M    M  3.4 20 230   M    M   7        24 230
 4  47  25  36  15  29   0 0.00    M    M  1.5 10 270   M    M   6 1      13 290
 5  51  25  38  17  27   0 0.00    M    M  2.3 12  80   M    M   6 18     13 300
 6  49  25  37  17  28   0 0.00    M    M  0.6  9 290   M    M   3 18     10 280
 7  51  19  35  15  30   0 0.00    M    M  1.9 14 270   M    M   3 1      18 280
 8  49  17  33  13  32   0 0.00    M    M  3.7 14  70   M    M   0        18  70
 9  50  15  33  14  32   0 0.00    M    M  1.4 12  80   M    M   0        14  70
10  50  15  33  14  32   0 0.00    M    M  1.0  6 260   M    M   0         7 240
11  54  12  33  15  32   0 0.00    M    M  3.3 18  80   M    M   0        25  80
12  51  19  35  17  30   0 0.00    M    M  3.6 13  70   M    M   1        17  70
13  48  22  35  17  30   0 0.15    M    M  4.8 22 250   M    M   6 1      26 250
14  33  26  30  12  35   0 0.19    M    M 10.7 17 240   M    M  10 1      23 260
15  27  -2  13  -4  52   0 0.01    M    M  2.9 10 250   M    M   6 1      12 250
16  32  -1  16  -1  49   0 0.14    M    M  3.3 13  70   M    M   8 12     18  80
17  30  14  22   5  43   0    T    M    M  3.0  8 220   M    M  10 12     10 220
18  29  11  20   4  45   0    T    M    M  2.1  7 160   M    M   9 128     7 160
19  29   9  19   3  46   0    T    M    M  2.7 12  80   M    M   7 128    12  80
20  34  18  26  10  39   0 0.05    M    M  3.0 12  80   M    M  10 1      14  70
21  39  19  29  13  36   0 0.03    M    M 14.3 29 250   M    M  10 12     39 250
================================================================================
SM  904  366       727   0  0.57    M     79.4          M      113
================================================================================
AV 43.0 17.4                               3.8 FASTST   M    M   5    MAX(MPH)
                                 MISC ---->    29   M                 39    M
================================================================================
NOTES:
# LAST OF SEVERAL OCCURRENCES

COLUMN 17 PEAK WIND IN M.P.H.

PRELIMINARY LOCAL CLIMATOLOGICAL DATA (WS FORM: F-6) , PAGE 2

                                          STATION:  CRAIG CO
                                          MONTH:    DECEMBER
                                          YEAR:     2014
                                          LATITUDE:   40 30 N
                                          LONGITUDE: 107 32 W

[TEMPERATURE DATA]      [PRECIPITATION DATA]       SYMBOLS USED IN COLUMN 16

AVERAGE MONTHLY: 30.2   TOTAL FOR MONTH:   0.57    1 = FOG OR MIST
DPTR FM NORMAL:  11.5   DPTR FM NORMAL:   -0.14    2 = FOG REDUCING VISIBILITY
HIGHEST:    54 ON 11, 2 GRTST 24HR  0.28 ON 13-14      TO 1/4 MILE OR LESS
LOWEST:     -2 ON 15                               3 = THUNDER
                        SNOW, ICE PELLETS, HAIL    4 = ICE PELLETS
                        TOTAL MONTH:    M          5 = HAIL
                        GRTST 24HR    M  ON   M    6 = FREEZING RAIN OR DRIZZLE
                        GRTST DEPTH:  M  ON   M    7 = DUSTSTORM OR SANDSTORM:
                                                       VSBY 1/2 MILE OR LESS
                                                   8 = SMOKE OR HAZE
[NO. OF DAYS WITH]      [WEATHER - DAYS WITH]      9 = BLOWING SNOW
                                                   X = TORNADO
MAX 32 OR BELOW:   5    0.01 INCH OR MORE:   6
MAX 90 OR ABOVE:   0    0.10 INCH OR MORE:   3
MIN 32 OR BELOW:  21    0.50 INCH OR MORE:   0
MIN  0 OR BELOW:   2    1.00 INCH OR MORE:   0

[HDD (BASE 65) ]
TOTAL THIS MO.   727    CLEAR  (SCALE 0-3)   7
DPTR FM NORMAL  -244    PTCLDY (SCALE 4-7)   8
TOTAL FM JUL 1  2630    CLOUDY (SCALE 8-10)  6
DPTR FM NORMAL  -426

[CDD (BASE 65) ]
TOTAL THIS MO.     0
DPTR FM NORMAL     0    [PRESSURE DATA]
TOTAL FM JAN 1    71    HIGHEST SLP M ON M
DPTR FM NORMAL   -71    LOWEST  SLP 29.62 ON 14

[REMARKS]
