081
CXUS55 KGJT 241000
CF6CAG
PRELIMINARY LOCAL CLIMATOLOGICAL DATA (WS FORM: F-6)

                                          STATION:   CRAIG CO
                                          MONTH:     FEBRUARY
                                          YEAR:      2018
                                          LATITUDE:   40 30 N
                                          LONGITUDE: 107 32 W

  TEMPERATURE IN F:       :PCPN:    SNOW:  WIND      :SUNSHINE: SKY     :PK WND
================================================================================
1   2   3   4   5  6A  6B    7    8   9   10  11  12  13   14  15   16   17  18
                                     12Z  AVG MX 2MIN
DY MAX MIN AVG DEP HDD CDD  WTR  SNW DPTH SPD SPD DIR MIN PSBL S-S WX    SPD DR
================================================================================

 1  40  29  35  17  30   0    T    M    M  3.0 10  70   M    M   9        13 300
 2  41  29  35  17  30   0    T    M    M  1.7  7 200   M    M  10         8  90
 3  44  32  38  20  27   0    T    M    M  8.1 21 240   M    M   6        26 270
 4  46  26  36  18  29   0 0.00    M    M  5.2 23 200   M    M   5        26 210
 5  44  30  37  19  28   0    T    M    M  9.4 29 240   M    M   8 8      36 250
 6  37  27  32  14  33   0 0.02    M    M  5.4 18 260   M    M   9 18     23 270
 7  44  17  31  13  34   0 0.00    M    M  4.2 16 280   M    M   4        18 280
 8  48  19  34  15  31   0 0.00    M    M  3.0 14 240   M    M   3        18 250
 9  51  31  41  22  24   0 0.00    M    M 10.2 31 260   M    M   4        39 260
10  35  12  24   5  41   0 0.04    M    M  4.6 16  10   M    M   7 1      25 350
11  34   7  21   2  44   0 0.00    M    M  5.9 15  70   M    M   1        18  70
12  36  20  28   8  37   0 0.07    M    M  6.0 16 230   M    M   8 18     23 230
13  42  24  33  13  32   0    T    M    M  4.0 16 230   M    M   9 18     19 210
14  45  26  36  16  29   0    T    M    M  8.5 29 220   M    M   9        38 230
15  35   3  19  -1  46   0 0.39    M    M  7.7 22 300   M    M   9 128    30 290
16  30 -11  10 -11  55   0 0.00    M    M  2.4 12  70   M    M   3 18     13  80
17  42   5  24   3  41   0 0.00    M    M  7.1 22 220   M    M   3        28 210
18  49  30  40  19  25   0 0.00    M    M 17.6 32 200   M    M   1        45 200
19  38   2  20  -2  45   0 0.27    M    M  8.9 36 240   M    M  10 1289   49 230
20  16 -11   3 -19  62   0 0.02    M    M  1.5  7 130   M    M   7 18      9  80
21  24 -20   2 -20  63   0 0.00    M    M  1.3  8 280   M    M   5         8 270
22  26   9  18  -5  47   0 0.07    M    M  2.0 12 120   M    M  10 128    16 120
23  33   9  21  -2  44   0 0.01    M    M  8.1 21 220   M    M   7 1      26 210
================================================================================
SM  880  345       877   0  0.89    M    135.8          M      147
================================================================================
AV 38.3 15.0                               5.9 FASTST   M    M   6    MAX(MPH)
                                 MISC ---->  # 36 240               # 49  230
================================================================================
NOTES:
# LAST OF SEVERAL OCCURRENCES

COLUMN 17 PEAK WIND IN M.P.H.

PRELIMINARY LOCAL CLIMATOLOGICAL DATA (WS FORM: F-6) , PAGE 2

                                          STATION:  CRAIG CO
                                          MONTH:    FEBRUARY
                                          YEAR:     2018
                                          LATITUDE:   40 30 N
                                          LONGITUDE: 107 32 W

[TEMPERATURE DATA]      [PRECIPITATION DATA]       SYMBOLS USED IN COLUMN 16

AVERAGE MONTHLY: 26.6   TOTAL FOR MONTH:   0.89    1 = FOG OR MIST
DPTR FM NORMAL:   6.8   DPTR FM NORMAL:    0.22    2 = FOG REDUCING VISIBILITY
HIGHEST:    51 ON  9    GRTST 24HR  0.39 ON 15-15      TO 1/4 MILE OR LESS
LOWEST:    -20 ON 21                               3 = THUNDER
                        SNOW, ICE PELLETS, HAIL    4 = ICE PELLETS
                        TOTAL MONTH:    M          5 = HAIL
                        GRTST 24HR    M  ON   M    6 = FREEZING RAIN OR DRIZZLE
                        GRTST DEPTH:  M  ON   M    7 = DUSTSTORM OR SANDSTORM:
                                                       VSBY 1/2 MILE OR LESS
                                                   8 = SMOKE OR HAZE
[NO. OF DAYS WITH]      [WEATHER - DAYS WITH]      9 = BLOWING SNOW
                                                   X = TORNADO
MAX 32 OR BELOW:   4    0.01 INCH OR MORE:   8
MAX 90 OR ABOVE:   0    0.10 INCH OR MORE:   2
MIN 32 OR BELOW:  23    0.50 INCH OR MORE:   0
MIN  0 OR BELOW:   3    1.00 INCH OR MORE:   0

[HDD (BASE 65) ]
TOTAL THIS MO.   877    CLEAR  (SCALE 0-3)   4
DPTR FM NORMAL  -160    PTCLDY (SCALE 4-7)  11
TOTAL FM JUL 1  5302    CLOUDY (SCALE 8-10)  8
DPTR FM NORMAL  -819

[CDD (BASE 65) ]
TOTAL THIS MO.     0
DPTR FM NORMAL     0    [PRESSURE DATA]
TOTAL FM JAN 1     0    HIGHEST SLP M ON M
DPTR FM NORMAL     0    LOWEST  SLP 29.12 ON 19

[REMARKS]
