000
CXUS55 KGJT 281000
CF6CAG
PRELIMINARY LOCAL CLIMATOLOGICAL DATA (WS FORM: F-6)

                                          STATION:   CRAIG CO
                                          MONTH:     MARCH
                                          YEAR:      2017
                                          LATITUDE:   40 30 N
                                          LONGITUDE: 107 32 W

  TEMPERATURE IN F:       :PCPN:    SNOW:  WIND      :SUNSHINE: SKY     :PK WND
================================================================================
1   2   3   4   5  6A  6B    7    8   9   10  11  12  13   14  15   16   17  18
                                     12Z  AVG MX 2MIN
DY MAX MIN AVG DEP HDD CDD  WTR  SNW DPTH SPD SPD DIR MIN PSBL S-S WX    SPD DR
================================================================================

 1  28   0  14 -12  51   0 0.00    M    M  4.2 16 240   M    M   2        20 230
 2  33  -7  13 -13  52   0 0.00    M    M  1.6  7 140   M    M   0 18      8  90
 3  45   0  23  -3  42   0 0.00    M    M  3.4 12  60   M    M   0        13  60
 4  50  16  33   6  32   0 0.00    M    M  7.4 26 200   M    M   0        35 200
 5  50  22  36   9  29   0 0.00    M    M 14.3 41 210   M    M   4        56 230
 6  44  10  27  -1  38   0 0.05    M    M 14.9 40 240   M    M   7 1289   53 220
 7  42   7  25  -3  40   0 0.00    M    M 12.3 26 240   M    M   4        34 240
 8  54  23  39  10  26   0 0.00    M    M  6.8 28 280   M    M   5        33 280
 9  60  25  43  14  22   0 0.00    M    M  3.9 18 250   M    M   1        23 270
10  65  27  46  16  19   0    T    M    M  4.2 26 280   M    M   2        31 280
11  57  29  43  13  22   0    T    M    M  2.7 13 310   M    M   3        16 320
12  53  25  39   8  26   0 0.01    M    M  8.5 33 280   M    M   3        42 280
13  57  20  39   8  26   0 0.00    M    M  5.9 22 260   M    M   4        27 260
14  66  28  47  15  18   0 0.00    M    M  5.2 24 270   M    M   2        33 320
15  71  22  47  15  18   0 0.00    M    M  7.2 24 280   M    M   0        30 270
16  67  25  46  13  19   0 0.00    M    M  7.8 28 270   M    M   0        35 280
17  67  29  48  15  17   0 0.00    M    M  3.7 16 280   M    M   2        19 280
18  75  27  51  17  14   0 0.00    M    M  7.5 25 250   M    M   0        32 250
19  71  28  50  16  15   0 0.00    M    M  6.8 24 270   M    M   1        37 280
20  70  29  50  16  15   0    T    M    M  6.1 30 280   M    M   4        43 270
21  70  37  54  19  11   0 0.00    M    M  8.6 28 210   M    M   5        34 200
22  69  38  54  19  11   0 0.00    M    M 10.0 29 250   M    M   5        37 210
23  63  33  48  12  17   0 0.06    M    M 10.6 31 240   M    M   5        42 230
24  57  28  43   7  22   0 0.00    M    M  7.9 22 350   M    M   3        29 350
25  62  23  43   7  22   0    T    M    M  7.1 25 240   M    M   4        33 260
26  53  27  40   3  25   0 0.01    M    M  7.5 16 280   M    M   6        19 280
27  55  27  41   4  24   0    T    M    M  4.2 21 290   M    M   7        26 290
================================================================================
SM 1554  598       673   0  0.13    M    190.3          M       79
================================================================================
AV 57.6 22.2                               7.0 FASTST   M    M   3    MAX(MPH)
                                 MISC ---->  # 41 210               # 56  230
================================================================================
NOTES:
# LAST OF SEVERAL OCCURRENCES

COLUMN 17 PEAK WIND IN M.P.H.

PRELIMINARY LOCAL CLIMATOLOGICAL DATA (WS FORM: F-6) , PAGE 2

                                          STATION:  CRAIG CO
                                          MONTH:    MARCH
                                          YEAR:     2017
                                          LATITUDE:   40 30 N
                                          LONGITUDE: 107 32 W

[TEMPERATURE DATA]      [PRECIPITATION DATA]       SYMBOLS USED IN COLUMN 16

AVERAGE MONTHLY: 39.9   TOTAL FOR MONTH:   0.13    1 = FOG OR MIST
DPTR FM NORMAL:   8.3   DPTR FM NORMAL:   -0.95    2 = FOG REDUCING VISIBILITY
HIGHEST:    75 ON 18    GRTST 24HR  0.06 ON 23-23      TO 1/4 MILE OR LESS
LOWEST:     -7 ON  2                               3 = THUNDER
                        SNOW, ICE PELLETS, HAIL    4 = ICE PELLETS
                        TOTAL MONTH:    M          5 = HAIL
                        GRTST 24HR    M  ON   M    6 = FREEZING RAIN OR DRIZZLE
                        GRTST DEPTH:  M  ON   M    7 = DUSTSTORM OR SANDSTORM:
                                                       VSBY 1/2 MILE OR LESS
                                                   8 = SMOKE OR HAZE
[NO. OF DAYS WITH]      [WEATHER - DAYS WITH]      9 = BLOWING SNOW
                                                   X = TORNADO
MAX 32 OR BELOW:   1    0.01 INCH OR MORE:   4
MAX 90 OR ABOVE:   0    0.10 INCH OR MORE:   0
MIN 32 OR BELOW:  24    0.50 INCH OR MORE:   0
MIN  0 OR BELOW:   3    1.00 INCH OR MORE:   0

[HDD (BASE 65) ]
TOTAL THIS MO.   673    CLEAR  (SCALE 0-3)  15
DPTR FM NORMAL  -231    PTCLDY (SCALE 4-7)  12
TOTAL FM JUL 1  6193    CLOUDY (SCALE 8-10)  0
DPTR FM NORMAL -1037

[CDD (BASE 65) ]
TOTAL THIS MO.     0
DPTR FM NORMAL     0    [PRESSURE DATA]
TOTAL FM JAN 1     0    HIGHEST SLP M ON M
DPTR FM NORMAL     0    LOWEST  SLP 29.29 ON  6

[REMARKS]
