000
CXUS55 KGJT 251000
CF6CAG
PRELIMINARY LOCAL CLIMATOLOGICAL DATA (WS FORM: F-6)

                                          STATION:   CRAIG CO
                                          MONTH:     JULY
                                          YEAR:      2016
                                          LATITUDE:   40 30 N
                                          LONGITUDE: 107 32 W

  TEMPERATURE IN F:       :PCPN:    SNOW:  WIND      :SUNSHINE: SKY     :PK WND
================================================================================
1   2   3   4   5  6A  6B    7    8   9   10  11  12  13   14  15   16   17  18
                                     12Z  AVG MX 2MIN
DY MAX MIN AVG DEP HDD CDD  WTR  SNW DPTH SPD SPD DIR MIN PSBL S-S WX    SPD DR
================================================================================

 1  75  56  66   2   0   1 0.07    M    M  5.4 21 200   M    M   8 3      25 200
 2  83  55  69   5   0   4 0.08    M    M  5.2 26 150   M    M   4 13     32 150
 3  85  51  68   4   0   3    T    M    M  7.0 26 230   M    M   1        35 240
 4  85  48  67   2   0   2 0.02    M    M  7.5 25 210   M    M   2 3      33 210
 5  87  56  72   7   0   7 0.09    M    M  7.3 22 210   M    M   3 3      28 200
 6  89  46  68   3   0   3    T    M    M 10.4 28 240   M    M   0        35 240
 7  87  42  65  -1   0   0 0.00    M    M  6.0 23 240   M    M   0        29 240
 8  91  44  68   2   0   3 0.00    M    M  7.9 26 240   M    M   0        34 230
 9  92  42  67   1   0   2 0.00    M    M  8.4 25 230   M    M   0        35 220
10  90  47  69   3   0   4 0.00    M    M 10.7 31 240   M    M   0        40 230
11  78  41  60  -6   5   0 0.00    M    M  7.4 24 260   M    M   0        30 260
12  86  31  59  -8   6   0 0.00    M    M  5.9 25 260   M    M   0        33 260
13  88  39  64  -3   1   0 0.00    M    M  5.6 25 260   M    M   0        34 260
14  90  38  64  -3   1   0 0.00    M    M  4.5 16 290   M    M   0        23 270
15  91  44  68   1   0   3 0.00    M    M  6.3 25 180   M    M   0        32 190
16  91  52  72   5   0   7 0.00    M    M  6.1 30 270   M    M   0        45 270
17  92  49  71   4   0   6 0.00    M    M  7.0 28 210   M    M   0        33 200
18  76  51  64  -4   1   0 0.01    M    M  5.1 29 240   M    M   3        36 240
19  86  56  71   3   0   6    T    M    M  4.9 22 210   M    M   5        26 220
20  87  48  68   0   0   3    T    M    M  6.9 22 210   M    M   1        26 210
21  89  50  70   2   0   5    T    M    M  6.7 29 170   M    M   1 3      38 180
22  92  47  70   2   0   5 0.00    M    M  6.9 31 270   M    M   0        39 280
23  94  47  71   3   0   6 0.00    M    M  7.0 23 230   M    M   0        32 230
24  94  49  72   4   0   7    T    M    M  5.6 22 260   M    M   0        36 270
================================================================================
SM 2098 1129        14  77  0.27    M    161.7          M       28
================================================================================
AV 87.4 47.0                               6.7 FASTST   M    M   1    MAX(MPH)
                                 MISC ---->  # 31 240               # 45  270
================================================================================
NOTES:
# LAST OF SEVERAL OCCURRENCES

COLUMN 17 PEAK WIND IN M.P.H.

PRELIMINARY LOCAL CLIMATOLOGICAL DATA (WS FORM: F-6) , PAGE 2

                                          STATION:  CRAIG CO
                                          MONTH:    JULY
                                          YEAR:     2016
                                          LATITUDE:   40 30 N
                                          LONGITUDE: 107 32 W

[TEMPERATURE DATA]      [PRECIPITATION DATA]       SYMBOLS USED IN COLUMN 16

AVERAGE MONTHLY: 67.2   TOTAL FOR MONTH:   0.27    1 = FOG OR MIST
DPTR FM NORMAL:   0.8   DPTR FM NORMAL:   -0.55    2 = FOG REDUCING VISIBILITY
HIGHEST:    94 ON 24,23 GRTST 24HR  0.36 ON 30- 1      TO 1/4 MILE OR LESS
LOWEST:     31 ON 12                               3 = THUNDER
                        SNOW, ICE PELLETS, HAIL    4 = ICE PELLETS
                        TOTAL MONTH:    M          5 = HAIL
                        GRTST 24HR    M  ON   M    6 = FREEZING RAIN OR DRIZZLE
                        GRTST DEPTH:  M  ON   M    7 = DUSTSTORM OR SANDSTORM:
                                                       VSBY 1/2 MILE OR LESS
                                                   8 = SMOKE OR HAZE
[NO. OF DAYS WITH]      [WEATHER - DAYS WITH]      9 = BLOWING SNOW
                                                   X = TORNADO
MAX 32 OR BELOW:   0    0.01 INCH OR MORE:   5
MAX 90 OR ABOVE:  10    0.10 INCH OR MORE:   0
MIN 32 OR BELOW:   1    0.50 INCH OR MORE:   0
MIN  0 OR BELOW:   0    1.00 INCH OR MORE:   0

[HDD (BASE 65) ]
TOTAL THIS MO.    14    CLEAR  (SCALE 0-3)  19
DPTR FM NORMAL    -6    PTCLDY (SCALE 4-7)   5
TOTAL FM JUL 1    14    CLOUDY (SCALE 8-10)  0
DPTR FM NORMAL    -6

[CDD (BASE 65) ]
TOTAL THIS MO.    77
DPTR FM NORMAL    22    [PRESSURE DATA]
TOTAL FM JAN 1   118    HIGHEST SLP M ON M
DPTR FM NORMAL    53    LOWEST  SLP 29.58 ON 10

[REMARKS]
