000
CXUS55 KGJT 251000
CF6CAG
PRELIMINARY LOCAL CLIMATOLOGICAL DATA (WS FORM: F-6)

                                          STATION:   CRAIG CO
                                          MONTH:     NOVEMBER
                                          YEAR:      2014
                                          LATITUDE:   40 30 N
                                          LONGITUDE: 107 32 W

  TEMPERATURE IN F:       :PCPN:    SNOW:  WIND      :SUNSHINE: SKY     :PK WND
================================================================================
1   2   3   4   5  6A  6B    7    8   9   10  11  12  13   14  15   16   17  18
                                     12Z  AVG MX 2MIN
DY MAX MIN AVG DEP HDD CDD  WTR  SNW DPTH SPD SPD DIR MIN PSBL S-S WX    SPD DR
================================================================================

 1  71  30  51  14  14   0    T    M    M  7.4 24 200   M    M   2        34 190
 2  49  32  41   5  24   0 0.40    M    M  5.9 25 280   M    M   5 13     36 270
 3  37  22  30  -6  35   0 0.13    M    M  7.3 16 230   M    M   7 1      20 230
 4  48  18  33  -3  32   0 0.00    M    M  0.6  6 300   M    M   2 128     8  60
 5  53  23  38   3  27   0 0.00    M    M  2.1  8 210   M    M   2         9  20
 6  63  21  42   7  23   0 0.00    M    M  1.1  8 230   M    M   0        10 220
 7  59  22  41   7  24   0 0.00    M    M  3.3 17 250   M    M   2        21 260
 8  59  20  40   6  25   0 0.00    M    M  2.9 16 270   M    M   0        20 280
 9  65  22  44  10  21   0 0.00    M    M  6.1 23 220   M    M   0        28 260
10  52  19  36   3  29   0    T    M    M  9.4 29 300   M    M   6        44 290
11  38  12  25  -8  40   0 0.00    M    M  6.3 18 350   M    M   4        23 350
12  17   0   9 -23  56   0    T    M    M  5.1 12 230   M    M   8 8      14 230
13  21  -3   9 -23  56   0 0.05    M    M  2.4  9 250   M    M   4 18     10 240
14  47  16  32   1  33   0    T    M    M  5.2 18 220   M    M   8        25 220
15  38  -7  16 -15  49   0 0.18    M    M  6.4 23 300   M    M   9 128    30 300
16  17 -18   0 -30  65   0 0.00    M    M  1.6 12 210   M    M   3 18     13 210
17  30 -14   8 -22  57   0 0.00    M    M  1.3  8 250   M    M   1        11 270
18  35  -4  16 -13  49   0 0.00    M    M  2.8 10  70   M    M   0        13  60
19  47  12  30   1  35   0 0.00    M    M  2.5  9  90   M    M   0        12 270
20  42   9  26  -2  39   0 0.00    M    M  2.2 10  60   M    M   4        15  70
21  50  14  32   4  33   0 0.00    M    M  1.4  7 280   M    M   2         9 260
22  50  14  32   5  33   0 0.08    M    M  9.0 30 250   M    M   6 1      38 260
23  32  15  24  -3  41   0 0.05    M    M 10.3 21 280   M    M   6 18     28 300
24  34   5  20  -6  45   0 0.07    M    M  7.7 26 360   M    M   6 1      33 350
================================================================================
SM 1054  280       885   0  0.96    M    110.3          M       87
================================================================================
AV 43.9 11.7                               4.6 FASTST   M    M   4    MAX(MPH)
                                 MISC ---->  # 30 250               # 44  290
================================================================================
NOTES:
# LAST OF SEVERAL OCCURRENCES

COLUMN 17 PEAK WIND IN M.P.H.

PRELIMINARY LOCAL CLIMATOLOGICAL DATA (WS FORM: F-6) , PAGE 2

                                          STATION:  CRAIG CO
                                          MONTH:    NOVEMBER
                                          YEAR:     2014
                                          LATITUDE:   40 30 N
                                          LONGITUDE: 107 32 W

[TEMPERATURE DATA]      [PRECIPITATION DATA]       SYMBOLS USED IN COLUMN 16

AVERAGE MONTHLY: 27.8   TOTAL FOR MONTH:   0.96    1 = FOG OR MIST
DPTR FM NORMAL:  -4.0   DPTR FM NORMAL:   -0.25    2 = FOG REDUCING VISIBILITY
HIGHEST:    71 ON  1    GRTST 24HR  0.41 ON  2- 3      TO 1/4 MILE OR LESS
LOWEST:    -18 ON 16                               3 = THUNDER
                        SNOW, ICE PELLETS, HAIL    4 = ICE PELLETS
                        TOTAL MONTH:    M          5 = HAIL
                        GRTST 24HR    M  ON   M    6 = FREEZING RAIN OR DRIZZLE
                        GRTST DEPTH:  M  ON   M    7 = DUSTSTORM OR SANDSTORM:
                                                       VSBY 1/2 MILE OR LESS
                                                   8 = SMOKE OR HAZE
[NO. OF DAYS WITH]      [WEATHER - DAYS WITH]      9 = BLOWING SNOW
                                                   X = TORNADO
MAX 32 OR BELOW:   5    0.01 INCH OR MORE:   7
MAX 90 OR ABOVE:   0    0.10 INCH OR MORE:   3
MIN 32 OR BELOW:  24    0.50 INCH OR MORE:   0
MIN  0 OR BELOW:   6    1.00 INCH OR MORE:   0

[HDD (BASE 65) ]
TOTAL THIS MO.   885    CLEAR  (SCALE 0-3)  11
DPTR FM NORMAL    88    PTCLDY (SCALE 4-7)  11
TOTAL FM JUL 1  1724    CLOUDY (SCALE 8-10)  2
DPTR FM NORMAL  -118

[CDD (BASE 65) ]
TOTAL THIS MO.     0
DPTR FM NORMAL     0    [PRESSURE DATA]
TOTAL FM JAN 1    71    HIGHEST SLP M ON M
DPTR FM NORMAL   -71    LOWEST  SLP 29.41 ON 10

[REMARKS]
