000
CXUS55 KABQ 281000
CF6CAO
PRELIMINARY LOCAL CLIMATOLOGICAL DATA (WS FORM: F-6)

                                          STATION:   CLAYTON  NM
                                          MONTH:     JUNE
                                          YEAR:      2017
                                          LATITUDE:   36 27 N
                                          LONGITUDE: 103  9 W

  TEMPERATURE IN F:       :PCPN:    SNOW:  WIND      :SUNSHINE: SKY     :PK WND
================================================================================
1   2   3   4   5  6A  6B    7    8   9   10  11  12  13   14  15   16   17  18
                                     12Z  AVG MX 2MIN
DY MAX MIN AVG DEP HDD CDD  WTR  SNW DPTH SPD SPD DIR MIN PSBL S-S WX    SPD DR
================================================================================

 1  79  50  65  -1   0   0 0.00  0.0    0 10.9 23 160   M    M   0        28 170
 2  78  53  66   0   0   1 0.00  0.0    0 11.0 25 140   M    M   1 3      29 150
 3  80  52  66  -1   0   1 0.00  0.0    0 12.1 23  30   M    M   4        27  40
 4  79  50  65  -2   0   0 0.00  0.0    0  8.5 18  20   M    M   1        26  20
 5  82  54  68   1   0   3 0.00  0.0    0  4.6 14 150   M    M   1        18 140
 6  83  55  69   1   0   4 0.06  0.0    0 10.1 26 310   M    M   2 3      32 320
 7  81  49  65  -3   0   0 0.12  0.0    0  7.2 30 320   M    M   2 13     36 320
 8  82  52  67  -1   0   2 0.00  0.0    0  4.8 13 100   M    M   1 12     19  70
 9  92  52  72   3   0   7 0.00  0.0    0  7.9 16 140   M    M   0        20 160
10  97  58  78   9   0  13 0.00  0.0    0 13.5 31 190   M    M   0        40 190
11  95  57  76   7   0  11 0.00  0.0    0 14.6 33 190   M    M   0        43 190
12  95  55  75   5   0  10 0.00  0.0    0 14.8 33 200   M    M   0 8      44 190
13  90  52  71   1   0   6 0.00  0.0    0 16.4 38 200   M    M   0        47 200
14  86  57  72   2   0   7 0.00  0.0    0 10.2 18 160   M    M   0        26  50
15  95  49  72   2   0   7 0.00  0.0    0  9.7 21 310   M    M   0        25 320
16  97  50  74   3   0   9 0.00  0.0    0  9.9 25 300   M    M   0        32 310
17  99  63  81  10   0  16 0.00  0.0    0 15.6 38  10   M    M   0        45  10
18  79  56  68  -3   0   3 0.00  0.0    0 12.7 31  10   M    M   4        40  10
19  89  55  72   0   0   7 0.00  0.0    0  7.5 18  30   M    M   0        27  40
20  95  61  78   6   0  13 0.00  0.0    0 12.7 25 180   M    M   0        32 200
21  98  63  81   9   0  16 0.06  0.0    0 11.6 32 180   M    M   1 3      46 130
22 101  61  81   9   0  16    T  0.0    0 12.4 33 270   M    M   0        46 270
23  74  58  66  -6   0   1 0.00  0.0    0 15.4 31  20   M    M   4        39  50
24  70  55  63 -10   2   0 0.00  0.0    0  9.2 22 150   M    M   9        27 150
25  79  57  68  -5   0   3 0.34  0.0    0 12.0 35 340   M    M   7 13     48 340
26  84  54  69  -4   0   4 0.03  0.0    0 13.3 39 130   M    M   2 3      47 140
27  92  58  75   2   0  10 0.07  0.0    0 17.5 31 190   M    M   0 3      37 210
================================================================================
SM 2351 1486         2 170  0.68     0.0 306.1          M       39
================================================================================
AV 87.1 55.0                              11.3 FASTST   M    M   1    MAX(MPH)
                                 MISC ---->  # 39 130               # 48  340
================================================================================
NOTES:
# LAST OF SEVERAL OCCURRENCES

COLUMN 17 PEAK WIND IN M.P.H.

PRELIMINARY LOCAL CLIMATOLOGICAL DATA (WS FORM: F-6) , PAGE 2

                                          STATION:  CLAYTON  NM
                                          MONTH:    JUNE
                                          YEAR:     2017
                                          LATITUDE:   36 27 N
                                          LONGITUDE: 103  9 W

[TEMPERATURE DATA]      [PRECIPITATION DATA]       SYMBOLS USED IN COLUMN 16

AVERAGE MONTHLY: 71.1   TOTAL FOR MONTH:   0.68    1 = FOG OR MIST
DPTR FM NORMAL:   1.1   DPTR FM NORMAL:   -1.22    2 = FOG REDUCING VISIBILITY
HIGHEST:   101 ON 22    GRTST 24HR  0.34 ON 25-25      TO 1/4 MILE OR LESS
LOWEST:     49 ON 15, 7                            3 = THUNDER
                        SNOW, ICE PELLETS, HAIL    4 = ICE PELLETS
                        TOTAL MONTH:   0.0 INCH    5 = HAIL
                        GRTST 24HR     0.0         6 = FREEZING RAIN OR DRIZZLE
                        GRTST DEPTH:   0           7 = DUSTSTORM OR SANDSTORM:
                                                       VSBY 1/2 MILE OR LESS
                                                   8 = SMOKE OR HAZE
[NO. OF DAYS WITH]      [WEATHER - DAYS WITH]      9 = BLOWING SNOW
                                                   X = TORNADO
MAX 32 OR BELOW:   0    0.01 INCH OR MORE:   6
MAX 90 OR ABOVE:  12    0.10 INCH OR MORE:   2
MIN 32 OR BELOW:   0    0.50 INCH OR MORE:   0
MIN  0 OR BELOW:   0    1.00 INCH OR MORE:   0

[HDD (BASE 65) ]
TOTAL THIS MO.     2    CLEAR  (SCALE 0-3)  22
DPTR FM NORMAL   -19    PTCLDY (SCALE 4-7)   4
TOTAL FM JUL 1  4014    CLOUDY (SCALE 8-10)  1
DPTR FM NORMAL  -868

[CDD (BASE 65) ]
TOTAL THIS MO.   170
DPTR FM NORMAL    13    [PRESSURE DATA]
TOTAL FM JAN 1   202    HIGHEST SLP M ON M
DPTR FM NORMAL    -6    LOWEST  SLP 29.50 ON 10

[REMARKS]
