000
CXUS54 KLZK 271330
CF6CCA
PRELIMINARY LOCAL CLIMATOLOGICAL DATA (WS FORM: F-6)

                                          STATION:   Clinton
                                          MONTH:     MARCH
                                          YEAR:      2015
                                          LATITUDE:   35 32 N
                                          LONGITUDE:  92 22 W

  TEMPERATURE IN F:       :PCPN:    SNOW:  WIND      :SUNSHINE: SKY     :PK WND
================================================================================
1   2   3   4   5  6A  6B    7    8   9   10  11  12  13   14  15   16   17  18
                                     12Z  AVG MX 2MIN
DY MAX MIN AVG DEP HDD CDD  WTR  SNW DPTH SPD SPD DIR MIN PSBL S-S WX    SPD DR
================================================================================

 1  41  32  37   M  28   0 0.01    M    0  1.4  6 350   M    M  10 18      M  M
 2  41  34  38   M  27   0 0.00  0.0    M  4.0  6  70   M    M  10 18      M  M
 3  48  32  40   M  25   0 0.55    M    0  0.1  4 210   M    M  10 18      M  M
 4  48  23  36   M  29   0 0.79    M    0  2.1  8 350   M    M  10 1       M  M
 5  37  18  28   M  37   0 0.00  0.0    0  3.7 15 300   M    M   1 8      21 340
 6  46  12  29   M  36   0 0.00  0.0    0  1.6  8 170   M    M   0 1       M  M
 7  63  21  42   M  23   0 0.00  0.0    0  2.6 13 200   M    M   0 18      M  M
 8  54  27  41   M  24   0 0.01    M    0  1.5  6 150   M    M   7 18      M  M
 9  48  45  47   M  18   0 0.65    M    0  1.2  5 100   M    M  10 12      M  M
10  55  46  51   M  14   0 0.20    M    0  2.5  8 310   M    M  10 18      M  M
11  72  39  56   M   9   0 0.00  0.0    0  2.0  8 320   M    M   3 12      M  M
12  59  39  49   M  16   0 0.27    M    0  1.1  9  80   M    M   6 1       M  M
13  63  54  59   M   6   0 1.21  0.0    0  1.2  5  90   M    M  10 12      M  M
14  59  52  56   M   9   0 0.24  0.0    0  1.2  7  20   M    M  10 18      M  M
15  72  39  56   M   9   0 0.00  0.0    0  0.7  5 270   M    M   1 18      M  M
16  75  41  58   M   7   0 0.00  0.0    0  2.6 12 170   M    M   3 12      M  M
17  75  45  60   M   5   0 0.00  0.0    0  3.0  8  20   M    M   2 18     16  80
18  55  41  48   M  17   0 0.10    M    0  2.8  7  70   M    M   9 1       M  M
19  55  41  48   M  17   0 0.00  0.0    0  1.4  7  90   M    M   9 1       M  M
20  68  48  58   M   7   0 0.00  0.0    0  2.3  9 300   M    M   4 8       M  M
21  64  41  53   M  12   0 0.00  0.0    0  0.6  4 100   M    M   0 18      M  M
22  59  43  51   M  14   0 0.19    M    0  0.5  5  50   M    M   6 18      M  M
23  73  37  55   M  10   0 0.00  0.0    0  1.1  7 220   M    M   3 128     M  M
24  75  41  58   M   7   0 0.00  0.0    0  5.1 17 170   M    M   1 18     23 160
25  77  45  61   M   4   0 0.29    M    0  4.2 10 150   M    M   4 138    17 150
26  57  36  47   M  18   0 0.32    M    0  3.4 10 320   M    M   6 1      18 330
================================================================================
SM 1539  972       428   0  4.83     0.0  53.9          M      145
================================================================================
AV 59.2 37.4                               2.1 FASTST   M    M   6    MAX(MPH)
                                 MISC ---->    17   M               # 23  160
================================================================================
NOTES:
# LAST OF SEVERAL OCCURRENCES

COLUMN 17 PEAK WIND IN M.P.H.

PRELIMINARY LOCAL CLIMATOLOGICAL DATA (WS FORM: F-6) , PAGE 2

                                          STATION:  Clinton
                                          MONTH:    MARCH
                                          YEAR:     2015
                                          LATITUDE:   35 32 N
                                          LONGITUDE:  92 22 W

[TEMPERATURE DATA]      [PRECIPITATION DATA]       SYMBOLS USED IN COLUMN 16

AVERAGE MONTHLY: 48.3   TOTAL FOR MONTH:   4.83    1 = FOG OR MIST
DPTR FM NORMAL:     M   DPTR FM NORMAL:       M    2 = FOG REDUCING VISIBILITY
HIGHEST:    77 ON 25    GRTST 24HR  1.21 ON 13-13      TO 1/4 MILE OR LESS
LOWEST:     12 ON  6                               3 = THUNDER
                        SNOW, ICE PELLETS, HAIL    4 = ICE PELLETS
                        TOTAL MONTH:   0.0 INCH    5 = HAIL
                        GRTST 24HR     0.0         6 = FREEZING RAIN OR DRIZZLE
                        GRTST DEPTH:   0           7 = DUSTSTORM OR SANDSTORM:
                                                       VSBY 1/2 MILE OR LESS
                                                   8 = SMOKE OR HAZE
[NO. OF DAYS WITH]      [WEATHER - DAYS WITH]      9 = BLOWING SNOW
                                                   X = TORNADO
MAX 32 OR BELOW:   0    0.01 INCH OR MORE:  13
MAX 90 OR ABOVE:   0    0.10 INCH OR MORE:  11
MIN 32 OR BELOW:   7    0.50 INCH OR MORE:   4
MIN  0 OR BELOW:   0    1.00 INCH OR MORE:   1

[HDD (BASE 65) ]
TOTAL THIS MO.   428    CLEAR  (SCALE 0-3)  10
DPTR FM NORMAL     M    PTCLDY (SCALE 4-7)   6
TOTAL FM JUL 1  3481    CLOUDY (SCALE 8-10) 10
DPTR FM NORMAL     M

[CDD (BASE 65) ]
TOTAL THIS MO.     0
DPTR FM NORMAL     M    [PRESSURE DATA]
TOTAL FM JAN 1     0    HIGHEST SLP M ON M
DPTR FM NORMAL     M    LOWEST  SLP M ON M

[REMARKS]
