000
CXUS54 KLZK 011330
CF6CCA
PRELIMINARY LOCAL CLIMATOLOGICAL DATA (WS FORM: F-6)

                                          STATION:   Clinton
                                          MONTH:     JUNE
                                          YEAR:      2015
                                          LATITUDE:   35 32 N
                                          LONGITUDE:  92 22 W

  TEMPERATURE IN F:       :PCPN:    SNOW:  WIND      :SUNSHINE: SKY     :PK WND
================================================================================
1   2   3   4   5  6A  6B    7    8   9   10  11  12  13   14  15   16   17  18
                                     12Z  AVG MX 2MIN
DY MAX MIN AVG DEP HDD CDD  WTR  SNW DPTH SPD SPD DIR MIN PSBL S-S WX    SPD DR
================================================================================

 1  73  63  68   M   0   3 0.00  0.0    0  1.2  5 120   M    M   9 1       M  M
 2  77  63  70   M   0   5 0.00  0.0    0  0.5  6 110   M    M   5 18      M  M
 3  77  59  68   M   0   3 0.00  0.0    0  1.2  6  80   M    M   5 18      M  M
 4  86  63  75   M   0  10 0.00  0.0    0  1.1  5 110   M    M   3 18      M  M
 5  90  64  77   M   0  12 0.00  0.0    0  1.5  7 210   M    M   2 138     M  M
 6  90  68  79   M   0  14 0.00  0.0    0  0.9  6 100   M    M   2 1       M  M
 7  91  66  79   M   0  14 0.00  0.0    0  2.2  7 220   M    M   3 128     M  M
 8  90  68  79   M   0  14 0.00  0.0    0  3.2 10 230   M    M   1 138     M  M
 9  90  63  77   M   0  12 0.00  0.0    0  0.7  6 290   M    M   1 1       M  M
10  91  63  77   M   0  12 0.00  0.0    0  1.2  7 120   M    M   0         M  M
11  91  64  78   M   0  13 0.00  0.0    0  2.4  9 140   M    M   1 1       M  M
12  90  72  81   M   0  16 0.00  0.0    0  3.5 10 200   M    M   2 1      16 190
13  84  72  78   M   0  13 0.00  0.0    0  5.1  9 170   M    M   5 1      17 190
14  86  72  79   M   0  14 0.08  0.0    0  3.4  9 190   M    M   5         M  M
15  88  70  79   M   0  14 0.00  0.0    0  3.0  9 190   M    M   5 1       M  M
16  88  72  80   M   0  15 0.35  0.0    0  1.3  7 110   M    M   1 3       M  M
17  86  70  78   M   0  13 0.21  0.0    0  1.8  6 150   M    M   5 123     M  M
18  82  72  77   M   0  12 0.56  0.0    0  6.3 16 150   M    M   9 1      22 150
19  82  68  75   M   0  10 0.34  0.0    0  6.0 13 250   M    M   7 1      18 180
20  91  64  78   M   0  13 0.00  0.0    0  1.7 10 210   M    M   3 12      M  M
21  90  72  81   M   0  16 0.00  0.0    0  3.2 12 220   M    M   0 1       M  M
22  91  68  80   M   0  15 0.00  0.0    0  3.8 13 190   M    M   2 1      21 190
23  95  72  84   M   0  19 0.00  0.0    0  3.1  9 200   M    M   0 1       M  M
24  95  72  84   M   0  19 0.00  0.0    0  0.7  7 210   M    M   0 1       M  M
25  93  72  83   M   0  18 0.00  0.0    0  2.6  9 190   M    M   0 1       M  M
26  91  72  82   M   0  17 0.47  0.0    0  2.2 12 330   M    M   2 13     16 330
27  84  64  74   M   0   9 0.00  0.0    0  2.0  8 330   M    M   3         M  M
28  84  61  73   M   0   8 0.00  0.0    0  2.2  7 200   M    M   1 1       M  M
29  91  66  79   M   0  14 0.00  0.0    0  2.7 10 260   M    M   1 1      16 240
30  90  64  77   M   0  12 0.00  0.0    0  1.7  8 290   M    M   0 1       M  M
================================================================================
SM 2627 2019         0 379  2.01     0.0  72.4          M       83
================================================================================
AV 87.6 67.3                               2.4 FASTST   M    M   3    MAX(MPH)
                                 MISC ---->    16   M                 22    M
================================================================================
NOTES:
# LAST OF SEVERAL OCCURRENCES

COLUMN 17 PEAK WIND IN M.P.H.

PRELIMINARY LOCAL CLIMATOLOGICAL DATA (WS FORM: F-6) , PAGE 2

                                          STATION:  Clinton
                                          MONTH:    JUNE
                                          YEAR:     2015
                                          LATITUDE:   35 32 N
                                          LONGITUDE:  92 22 W

[TEMPERATURE DATA]      [PRECIPITATION DATA]       SYMBOLS USED IN COLUMN 16

AVERAGE MONTHLY: 77.4   TOTAL FOR MONTH:   2.01    1 = FOG OR MIST
DPTR FM NORMAL:     M   DPTR FM NORMAL:       M    2 = FOG REDUCING VISIBILITY
HIGHEST:    95 ON 24,23 GRTST 24HR  0.56 ON 18-18      TO 1/4 MILE OR LESS
LOWEST:     59 ON  3                               3 = THUNDER
                        SNOW, ICE PELLETS, HAIL    4 = ICE PELLETS
                        TOTAL MONTH:   0.0 INCH    5 = HAIL
                        GRTST 24HR     0.0         6 = FREEZING RAIN OR DRIZZLE
                        GRTST DEPTH:   0           7 = DUSTSTORM OR SANDSTORM:
                                                       VSBY 1/2 MILE OR LESS
                                                   8 = SMOKE OR HAZE
[NO. OF DAYS WITH]      [WEATHER - DAYS WITH]      9 = BLOWING SNOW
                                                   X = TORNADO
MAX 32 OR BELOW:   0    0.01 INCH OR MORE:   6
MAX 90 OR ABOVE:  17    0.10 INCH OR MORE:   5
MIN 32 OR BELOW:   0    0.50 INCH OR MORE:   1
MIN  0 OR BELOW:   0    1.00 INCH OR MORE:   0

[HDD (BASE 65) ]
TOTAL THIS MO.     0    CLEAR  (SCALE 0-3)  20
DPTR FM NORMAL     M    PTCLDY (SCALE 4-7)   8
TOTAL FM JUL 1  3760    CLOUDY (SCALE 8-10)  2
DPTR FM NORMAL     M

[CDD (BASE 65) ]
TOTAL THIS MO.   379
DPTR FM NORMAL     M    [PRESSURE DATA]
TOTAL FM JAN 1   541    HIGHEST SLP M ON M
DPTR FM NORMAL     M    LOWEST  SLP M ON M

[REMARKS]
#FINAL-06-15#
