000
CXUS54 KLZK 011430
CF6CCA
PRELIMINARY LOCAL CLIMATOLOGICAL DATA (WS FORM: F-6)

                                          STATION:   Clinton
                                          MONTH:     FEBRUARY
                                          YEAR:      2015
                                          LATITUDE:   35 32 N
                                          LONGITUDE:  92 22 W

  TEMPERATURE IN F:       :PCPN:    SNOW:  WIND      :SUNSHINE: SKY     :PK WND
================================================================================
1   2   3   4   5  6A  6B    7    8   9   10  11  12  13   14  15   16   17  18
                                     12Z  AVG MX 2MIN
DY MAX MIN AVG DEP HDD CDD  WTR  SNW DPTH SPD SPD DIR MIN PSBL S-S WX    SPD DR
================================================================================

 1  52  28  40   M  25   0 0.33    M    0  5.2 18 290   M    M  10 1      27 290
 2  39  23  31   M  34   0 0.00  0.0    0  5.8 15 310   M    M   4        27 310
 3  54  18  36   M  29   0 0.00  0.0    0  2.0  9 200   M    M   0         M  M
 4  54  27  41   M  24   0 0.00  0.0    0  2.2  9 350   M    M   5        21 360
 5  39  21  30   M  35   0 0.00  0.0    0  3.1  7 120   M    M   2 8       M  M
 6  55  19  37   M  28   0 0.00  0.0    M  3.1 10 220   M    M   1 8       M  M
 7  64  25  45   M  20   0 0.00  0.0    0  3.4 14 200   M    M   0 18     24 190
 8  68  32  50   M  15   0 0.00  0.0    0  3.1 15 200   M    M   3 18     20 200
 9  55  34  45   M  20   0 0.00  0.0    0  3.8 14 310   M    M   1 18      M  M
10  50  30  40   M  25   0 0.00  0.0    0  2.7  7 140   M    M   3 18      M  M
11  63  27  45   M  20   0 0.00  0.0    0  4.0 13 320   M    M   0 18     20 320
12  41  27  34   M  31   0 0.00  0.0    0  4.7 14 310   M    M   0 8      21 310
13  46  27  37   M  28   0 0.00  0.0    0  3.5  9 220   M    M   1 8       M  M
14  72  23  48   M  17   0 0.00  0.0    0  4.8 15 240   M    M   0 18     23 290
15  34  23  29   M  36   0 0.08    M    0  5.3 12  80   M    M   4        17 110
16  27  21  24   M  41   0 0.32    M    0  1.7 14 310   M    M   7 18      M  M
17  39  14  27   M  38   0 0.00  0.0    0  2.3 12 210   M    M   2 1       M  M
18  36  18  27   M  38   0 0.00  0.0    0  8.7 16 310   M    M   0        25 310
19  30  12  21   M  44   0 0.00  0.0    0  2.2  7 140   M    M   5         M  M
20  32  21  27   M  38   0 0.17    M    0  3.1  8 150   M    M  10 13      M  M
21  45  32  39   M  26   0 0.70    M    0  1.9  7 320   M    M   9 13      M  M
22  37  28  33   M  32   0 0.00  0.0    0  5.0  8 350   M    M   8 8      20 350
23  28  21  25   M  40   0 0.00  0.0    0  5.7 12 360   M    M   8        22 360
24  43  25  34   M  31   0 0.00  0.0    0  3.3  8 200   M    M   5 18      M  M
25  45  23  34   M  31   0 0.00  0.0    0  0.5  5 130   M    M   1 18      M  M
26  34  21  28   M  37   0 0.00  0.0    0  5.7 16 320   M    M   4 138    27 310
27  28  16  22   M  43   0 0.00  0.0    0  3.8  7  60   M    M   3        17  30
28  32  23  28   M  37   0 0.07    M    0  2.0  7  80   M    M   9 18      M  M
================================================================================
SM 1242  659       863   0  1.67     0.0 102.6          M      105
================================================================================
AV 44.4 23.5                               3.7 FASTST   M    M   4    MAX(MPH)
                                 MISC ---->    18   M               # 27  290
================================================================================
NOTES:
# LAST OF SEVERAL OCCURRENCES

COLUMN 17 PEAK WIND IN M.P.H.

PRELIMINARY LOCAL CLIMATOLOGICAL DATA (WS FORM: F-6) , PAGE 2

                                          STATION:  Clinton
                                          MONTH:    FEBRUARY
                                          YEAR:     2015
                                          LATITUDE:   35 32 N
                                          LONGITUDE:  92 22 W

[TEMPERATURE DATA]      [PRECIPITATION DATA]       SYMBOLS USED IN COLUMN 16

AVERAGE MONTHLY: 33.9   TOTAL FOR MONTH:   1.67    1 = FOG OR MIST
DPTR FM NORMAL:     M   DPTR FM NORMAL:       M    2 = FOG REDUCING VISIBILITY
HIGHEST:    72 ON 14    GRTST 24HR  0.70 ON 21-21      TO 1/4 MILE OR LESS
LOWEST:     12 ON 19                               3 = THUNDER
                        SNOW, ICE PELLETS, HAIL    4 = ICE PELLETS
                        TOTAL MONTH:   0.0 INCH    5 = HAIL
                        GRTST 24HR     0.0         6 = FREEZING RAIN OR DRIZZLE
                        GRTST DEPTH:   0           7 = DUSTSTORM OR SANDSTORM:
                                                       VSBY 1/2 MILE OR LESS
                                                   8 = SMOKE OR HAZE
[NO. OF DAYS WITH]      [WEATHER - DAYS WITH]      9 = BLOWING SNOW
                                                   X = TORNADO
MAX 32 OR BELOW:   6    0.01 INCH OR MORE:   6
MAX 90 OR ABOVE:   0    0.10 INCH OR MORE:   4
MIN 32 OR BELOW:  27    0.50 INCH OR MORE:   1
MIN  0 OR BELOW:   0    1.00 INCH OR MORE:   0

[HDD (BASE 65) ]
TOTAL THIS MO.   863    CLEAR  (SCALE 0-3)  15
DPTR FM NORMAL     M    PTCLDY (SCALE 4-7)   9
TOTAL FM JUL 1  3053    CLOUDY (SCALE 8-10)  4
DPTR FM NORMAL     M

[CDD (BASE 65) ]
TOTAL THIS MO.     0
DPTR FM NORMAL     M    [PRESSURE DATA]
TOTAL FM JAN 1     0    HIGHEST SLP M ON M
DPTR FM NORMAL     M    LOWEST  SLP M ON M

[REMARKS]
#FINAL-02-15#
