364
CXUS55 KBOU 260800
CF6CCU
PRELIMINARY LOCAL CLIMATOLOGICAL DATA (WS FORM: F-6)

                                          STATION:   COPPER MTN CO
                                          MONTH:     JULY
                                          YEAR:      2016
                                          LATITUDE:   39 28 N
                                          LONGITUDE: 106  9 W

  TEMPERATURE IN F:       :PCPN:    SNOW:  WIND      :SUNSHINE: SKY     :PK WND
================================================================================
1   2   3   4   5  6A  6B    7    8   9   10  11  12  13   14  15   16   17  18
                                     12Z  AVG MX 2MIN
DY MAX MIN AVG DEP HDD CDD  WTR  SNW DPTH SPD SPD DIR MIN PSBL S-S WX    SPD DR
================================================================================

 1  52  45  49   M  16   0    M    M    M  7.1 17 190   M    M  10 238    22 280
 2  54  45  50   M  15   0    M    M    M  6.7 18 310   M    M   9 38     30 310
 3  59  45  52   M  13   0    M    M    M  8.7 17 290   M    M   6 38     28 310
 4  64  45  55   M  10   0    M    M    M  9.0 18 300   M    M   3 3      23 330
 5  64  46  55   M  10   0    M    M    M 10.8 24 300   M    M   4 3      36 300
 6  64  54  59   M   6   0    M    M    M 17.4 27 270   M    M   1        38 270
 7  64  54  59   M   6   0    M    M    M 14.7 24 270   M    M   2        38 270
 8  68  54  61   M   4   0    M    M    M 11.1 24 270   M    M   1        32 280
 9  70  54  62   M   3   0    M    M    M 10.3 16 280   M    M   1        28 300
10  70  59  65   M   0   0    M    M    M 11.1 20 240   M    M   0        39 240
11  61  46  54   M  11   0    M    M    M 20.1 33 270   M    M   2        43 280
12  64  50  57   M   8   0    M    M    M 15.8 24 260   M    M   0        47 280
13  64  52  58   M   7   0    M    M    M 13.5 24 290   M    M   0        36 290
14  64  46  55   M  10   0    M    M    M 12.5 27 310   M    M   2        38 310
15  64  52  58   M   7   0    M    M    M 12.5 31 310   M    M   3        46 310
16  68  54  61   M   4   0    M    M    M 14.9 30 260   M    M   3        43 260
17  72  55  64   M   1   0    M    M    M 11.2 22 280   M    M   3        30 290
18  64  50  57   M   8   0    M    M    M  5.8 16 280   M    M   7 3      28 170
19  64  48  56   M   9   0    M    M    M  8.3 22 190   M    M   7 3      28 190
20  64  50  57   M   8   0    M    M    M  6.1 16 320   M    M   4 3      24 320
21  70  52  61   M   4   0    M    M    M  6.9 17 130   M    M   5 38     23 130
22  64  54  59   M   6   0    M    M    M  8.6 18 190   M    M   4 3      22 310
23  70  52  61   M   4   0    M    M    M  9.3 21 310   M    M   1        30 310
24  68  45  57   M   8   0    M    M    M  9.2 22 180   M    M   6 3      36 290
25  68  54  61   M   4   0    M    M    M 10.0 18 320   M    M   3        27 320
================================================================================
SM 1618 1261       182   0    M     M    271.6          M       87
================================================================================
AV 64.7 50.4                              10.9 FASTST   M    M   3    MAX(MPH)
                                 MISC ---->    33   M                 47    M
================================================================================
NOTES:
# LAST OF SEVERAL OCCURRENCES

COLUMN 17 PEAK WIND IN M.P.H.

PRELIMINARY LOCAL CLIMATOLOGICAL DATA (WS FORM: F-6) , PAGE 2

                                          STATION:  COPPER MTN CO
                                          MONTH:    JULY
                                          YEAR:     2016
                                          LATITUDE:   39 28 N
                                          LONGITUDE: 106  9 W

[TEMPERATURE DATA]      [PRECIPITATION DATA]       SYMBOLS USED IN COLUMN 16

AVERAGE MONTHLY: 57.6   TOTAL FOR MONTH:      M    1 = FOG OR MIST
DPTR FM NORMAL:     M   DPTR FM NORMAL:       M    2 = FOG REDUCING VISIBILITY
HIGHEST:    72 ON 17    GRTST 24HR    M  ON   M        TO 1/4 MILE OR LESS
LOWEST:     45 ON 24, 4                            3 = THUNDER
                        SNOW, ICE PELLETS, HAIL    4 = ICE PELLETS
                        TOTAL MONTH:    M          5 = HAIL
                        GRTST 24HR    M  ON   M    6 = FREEZING RAIN OR DRIZZLE
                        GRTST DEPTH:  M  ON   M    7 = DUSTSTORM OR SANDSTORM:
                                                       VSBY 1/2 MILE OR LESS
                                                   8 = SMOKE OR HAZE
[NO. OF DAYS WITH]      [WEATHER - DAYS WITH]      9 = BLOWING SNOW
                                                   X = TORNADO
MAX 32 OR BELOW:   0    0.01 INCH OR MORE:   0
MAX 90 OR ABOVE:   0    0.10 INCH OR MORE:   0
MIN 32 OR BELOW:   0    0.50 INCH OR MORE:   0
MIN  0 OR BELOW:   0    1.00 INCH OR MORE:   0

[HDD (BASE 65) ]
TOTAL THIS MO.   182    CLEAR  (SCALE 0-3)  14
DPTR FM NORMAL     M    PTCLDY (SCALE 4-7)   9
TOTAL FM JUL 1   182    CLOUDY (SCALE 8-10)  2
DPTR FM NORMAL     M

[CDD (BASE 65) ]
TOTAL THIS MO.     0
DPTR FM NORMAL     M    [PRESSURE DATA]
TOTAL FM JAN 1     8    HIGHEST SLP M ON M
DPTR FM NORMAL     M    LOWEST  SLP M ON M

[REMARKS]
