342
CXAK56 PAFC 011412
CF6CDB

PRELIMINARY LOCAL CLIMATOLOGICAL DATA (WS FORM: F-6)

                                          STATION:   COLD BAY
                                          MONTH:     MAY
                                          YEAR:      2017
                                          LATITUDE:   55 13 N
                                          LONGITUDE: 162 44 W

  TEMPERATURE IN F:       :PCPN:    SNOW:  WIND      :SUNSHINE: SKY     :PK WND
================================================================================
1   2   3   4   5  6A  6B    7    8   9   10  11  12  13   14  15   16   17  18
                                     12Z  AVG MX 2MIN
DY MAX MIN AVG DEP HDD CDD  WTR  SNW DPTH SPD SPD DIR MIN PSBL S-S WX    SPD DR
================================================================================

 1  47  27  37   0  28   0 0.01  0.0    0  5.8 14 360   M    M   8        17 360
 2  43  33  38   0  27   0    T  0.0    0 14.6 25 320   M    M  10 18     29 320
 3  37  32  35  -3  30   0 0.00  0.0    0 21.8 31 290   M    M  10 1      38 290
 4  46  31  39   1  26   0    T    M    0 11.1 26 130   M    M   6 1      35 130
 5  48  37  43   5  22   0 0.14    M    0 25.4 44 120   M    M   9 1      58 120
 6  46  38  42   4  23   0 0.17    M    0 12.0 28 140   M    M  10 1      34 140
 7  43  37  40   2  25   0 0.25    M    0 10.4 17 280   M    M  10 1      20 130
 8  52  33  43   4  22   0    T  0.0    0  8.0 17 310   M    M   7 8      22 300
 9  51  33  42   3  23   0 0.00  0.0    0  8.1 14 290   M    M   6        17 290
10  48  29  39   0  26   0 0.01  0.0    0 18.7 33 160   M    M   4 1      39 140
11  47  38  43   4  22   0 0.41    M    0 22.3 31 140   M    M   8 1      41 140
12  52  39  46   6  19   0 0.01    M    0 16.5 30 200   M    M   8 8      36 220
13  47  38  43   3  22   0    T  0.0    0 15.4 31 270   M    M   8        37 250
14  52  37  45   5  20   0    T    M    0 13.0 26 160   M    M   8        32 150
15  44  40  42   2  23   0 0.20    M    0 23.4 33 140   M    M  10        53 140
16  50  41  46   6  19   0 0.04  0.0    0 18.8 25 150   M    M   9 18     37 140
17  47  40  44   4  21   0 0.04  0.0    0 14.5 27 140   M    M  10 1      31 150
18  48  31  40  -1  25   0 0.00  0.0    0  8.6 15 140   M    M   9 8      19 160
19  55  27  41   0  24   0 0.00  0.0    0  8.2 15 160   M    M   3        17 140
20  50  29  40  -1  25   0 0.00  0.0    0  7.2 12 310   M    M   7 12      M  M
21  49  36  43   2  22   0 0.06    M    0 10.4 24 170   M    M   9        32 170
22  51  39  45   3  20   0    T    M    0 19.1 28 270   M    M   8        35 180
23  49  42  46   4  19   0 0.10    M    0 23.9 37 160   M    M  10        48 150
24  49  37  43   1  22   0 0.27    M    0 18.8 31 270   M    M   5 1      37 270
25  46  36  41  -1  24   0 0.13  0.0    0 14.9 22 230   M    M   9         M  M
26  48  36  42   0  23   0 0.03  0.0    0 11.7 20 340   M    M  10        24 330
27  47  36  42   0  23   0 0.01  0.0    0 13.8 22 360   M    M   5        27 350
28  52  33  43   0  22   0    T  0.0    0 10.9 20 350   M    M   6        24 350
29  56  27  42  -1  23   0 0.00  0.0    0  7.8 17 150   M    M   2        25 160
30  47  41  44   1  21   0 0.06  0.0    0 15.6 23 140   M    M   9        35 130
31  56  41  49   6  16   0 0.00  0.0    0 11.2 21 130   M    M   5         M  M
================================================================================
SM 1503 1094       707   0  1.94     0.0 441.9          M      238
================================================================================
AV 48.5 35.3                              14.3 FASTST   M    M   8    MAX(MPH)
                                 MISC ---->  # 44 120               # 58  120
================================================================================
NOTES:
# LAST OF SEVERAL OCCURRENCES

COLUMN 17 PEAK WIND IN M.P.H.

PRELIMINARY LOCAL CLIMATOLOGICAL DATA (WS FORM: F-6) , PAGE 2

                                          STATION:  COLD BAY
                                          MONTH:    MAY
                                          YEAR:     2017
                                          LATITUDE:   55 13 N
                                          LONGITUDE: 162 44 W

[TEMPERATURE DATA]      [PRECIPITATION DATA]       SYMBOLS USED IN COLUMN 16

AVERAGE MONTHLY: 41.9   TOTAL FOR MONTH:   1.94    1 = FOG OR MIST
DPTR FM NORMAL:   1.6   DPTR FM NORMAL:   -0.66    2 = FOG REDUCING VISIBILITY
HIGHEST:    56 ON 31,29 GRTST 24HR  0.41 ON 11-11      TO 1/4 MILE OR LESS
LOWEST:     27 ON 29,19                            3 = THUNDER
                        SNOW, ICE PELLETS, HAIL    4 = ICE PELLETS
                        TOTAL MONTH:   0.0 INCH    5 = HAIL
                        GRTST 24HR     0.0         6 = FREEZING RAIN OR DRIZZLE
                        GRTST DEPTH:   0           7 = DUSTSTORM OR SANDSTORM:
                                                       VSBY 1/2 MILE OR LESS
                                                   8 = SMOKE OR HAZE
[NO. OF DAYS WITH]      [WEATHER - DAYS WITH]      9 = BLOWING SNOW
                                                   X = TORNADO
MAX 32 OR BELOW:   0    0.01 INCH OR MORE:  17
MAX 90 OR ABOVE:   0    0.10 INCH OR MORE:   8
MIN 32 OR BELOW:   8    0.50 INCH OR MORE:   0
MIN  0 OR BELOW:   0    1.00 INCH OR MORE:   0

[HDD (BASE 65) ]
TOTAL THIS MO.   707    CLEAR  (SCALE 0-3)   1
DPTR FM NORMAL   -59    PTCLDY (SCALE 4-7)  15
TOTAL FM JUL 1  8322    CLOUDY (SCALE 8-10) 15
DPTR FM NORMAL  -674

[CDD (BASE 65) ]
TOTAL THIS MO.     0
DPTR FM NORMAL     0    [PRESSURE DATA]
TOTAL FM JAN 1     0    HIGHEST SLP M ON M
DPTR FM NORMAL     0    LOWEST  SLP 29.22 ON  7

[REMARKS]
