000
CXAK56 PACD 291202
CF6CDB

PRELIMINARY LOCAL CLIMATOLOGICAL DATA (WS FORM: F-6)

                                          STATION:   COLD BAY
                                          MONTH:     06
                                          YEAR:      2015
                                          LATITUDE:   55 13 N
                                          LONGITUDE: 162 44 W

  TEMPERATURE IN F:       :PCPN:    SNOW:  WIND      :SUNSHINE: SKY     :PK WND
================================================================================
1   2   3   4   5  6A  6B    7     8   9   10  11  12  13   14  15   16  17  18
                                      12Z  AVG MX 2MIN
DY MAX MIN AVG DEP HDD CDD  WTR   SNW DPTH SPD SPD DIR MIN PSBL S-S WX   SPD DR
================================================================================

 1  47  42  45   2  20   0  0.18  0.0   0  6.9 12  320   M    M   M 1     14 300
 2  53  41  47   3  18   0  0.01  0.0   0  8.7 16  160   M    M   M 1     20 170
 3  52  41  47   3  18   0     T  0.0   0 11.0 18  330   M    M   M       22 330
 4  50  42  46   2  19   0  0.43  0.0   0 19.0 26  290   M    M   M 1     32 270
 5  45  39  42  -2  23   0  0.01  0.0   0 14.7 23  300   M    M   M 1     33  70
 6  59  38  49   5  16   0     T  0.0   0  5.4 12  320   M    M   M       15 340
 7  56  33  45   0  20   0     T  0.0   0 15.6 31  140   M    M   M       35 130
 8  53  44  49   4  16   0  0.12  0.0   0 22.1 38  130   M    M   M 1     45 130
 9  49  43  46   1  19   0  0.05  0.0   0 14.1 29  150   M    M   M 1     36 150
10  53  44  49   4  16   0  0.01  0.0   0 20.8 30  280   M    M   M       35 280
11  49  42  46   0  19   0  0.00  0.0   0 17.3 29  280   M    M   M       34 280
12  68  43  56  10   9   0  0.00  0.0   0  8.9 17  140   M    M   M       25 160
13  66  43  55   9  10   0  0.00  0.0   0 16.9 26  150   M    M   M       32 140
14  50  37  44  -2  21   0  0.00  0.0   0  9.8 18  340   M    M   M 2     22 320
15  57  41  49   3  16   0  0.00  0.0   0 10.7 17  290   M    M   M 12    22 300
16  66  42  54   7  11   0  0.00  0.0   0 13.6 21  300   M    M   M 12    25 290
17  58  45  52   5  13   0  0.00  0.0   0 14.0 20  290   M    M   M 1     23 280
18  58  43  51   4  14   0  0.00  0.0   0 11.3 17  290   M    M   M 1     21 310
19  68  44  56   9   9   0  0.00  0.0   0  7.6 14  290   M    M   M 2     16 290
20  57  44  51   4  14   0  0.00  0.0   0 22.8 32  160   M    M   M 2     39 150
21  58  47  53   6  12   0  0.00  0.0   0  0.0 30  160   M    M   M       36 160
22  59  45  52   4  13   0  0.00  0.0   0  7.3 16  150   M    M   M       20 140
23  61  44  53   5  12   0  0.00  0.0   0  6.0 15  330   M    M   M 1     19 330
24  59  49  54   6  11   0  0.00  0.0   0 12.2 21  290   M    M   M 1     26 290
25  50  47  49   1  16   0  0.02  0.0   0 15.0 22  280   M    M   M 1     25 290
26  50  45  48   0  17   0  0.02  0.0   0 14.4 21  330   M    M   M 1     24 330
27  50  44  47  -2  18   0  0.24  0.0   0 16.1 25  280   M    M   M 1     30 240
28  54  43  49   0  16   0  0.02  0.0   0 11.6 18  340   M    M   M 1     23 340
================================================================================
SM 1555 1195       436   0  1.11 0.0    353.8           M        M
================================================================================
AV 55.5 42.7                             12.6 FASTST  PSBL  %   M    MAX(MPH)
                                 MISC ---->     38  130                 45 130
================================================================================
NOTES:
# LAST OF SEVERAL OCCURRENCES

COLUMN 17 PEAK WIND IN M.P.H.

PRELIMINARY LOCAL CLIMATOLOGICAL DATA (WS FORM: F-6) , PAGE 2

                                          STATION:   COLD BAY
                                          MONTH:     06
                                          YEAR:      2015
                                          LATITUDE:  55 13 N
                                          LONGITUDE: 162 44 W

[TEMPERATURE DATA]      [PRECIPITATION DATA]       SYMBOLS USED IN COLUMN 16

AVERAGE MONTHLY:49.1   TOTAL FOR MONTH: 1.11       1 = FOG
DPTR FM NORMAL:  2.9   DPTR FM NORMAL: -1.44       2 = FOG REDUCING VISIBILITY
HIGHEST:    68 ON 19    GRTST 24HR   0.43 ON  4        TO 1/4 MILE OR LESS
LOWEST:     33 ON  7                               3 = THUNDER
                        SNOW, ICE PELLETS, HAIL    4 = ICE PELLETS
                        TOTAL MONTH: 0.0         5 = HAIL
                        GRTST 24HR   0.0           6 = GLAZE OR RIME
                        GRTST DEPTH:    0          7 = BLOWING DUST OR SAND:
                                                       VSBY 1/2 MILE OR LESS
                                                   8 = SMOKE OR HAZE
[NO. OF DAYS WITH]      [WEATHER - DAYS WITH]      9 = BLOWING SNOW
                                                   X = TORNADO
MAX 32 OR BELOW:   0    0.01 INCH OR MORE:  11
MAX 70 OR ABOVE:   0    0.10 INCH OR MORE:   4
MIN 32 OR BELOW:   0    0.50 INCH OR MORE:   0
MIN  0 OR BELOW:   0    1.00 INCH OR MORE:   0

[HDD (BASE 65) ]
TOTAL THIS MO.   436    CLEAR  (SCALE 0-3)   M
DPTR FM NORMAL   -94    PTCLDY (SCALE 4-7)   M
SEASONAL TOTAL  8314    CLOUDY (SCALE 8-10)  M
DPTR FM NORMAL -1214

[CDD (BASE 65) ]
TOTAL THIS MO.     0
DPTR FM NORMAL     0    [PRESSURE DATA]
SEASONAL TOTAL     0    HIGHEST SLP     M
DPTR FM NORMAL     0    LOWEST  SLP     M

[REMARKS]
