000
CXAK56 PAFC 180341
CF6CDB

PRELIMINARY LOCAL CLIMATOLOGICAL DATA (WS FORM: F-6)

                                          STATION:   COLD BAY
                                          MONTH:     NOVEMBER
                                          YEAR:      2016
                                          LATITUDE:   55 13 N
                                          LONGITUDE: 162 44 W

  TEMPERATURE IN F:       :PCPN:    SNOW:  WIND      :SUNSHINE: SKY     :PK WND
================================================================================
1   2   3   4   5  6A  6B    7    8   9   10  11  12  13   14  15   16   17  18
                                     12Z  AVG MX 2MIN
DY MAX MIN AVG DEP HDD CDD  WTR  SNW DPTH SPD SPD DIR MIN PSBL S-S WX    SPD DR
================================================================================

 1  43  35  39   2  26   0 0.71  0.0    0 18.1 26 240   M    M   8 1      32 240
 2  44  34  39   2  26   0 0.26    T    0 12.7 29 250   M    M   5 1      35 250
 3  44  34  39   3  26   0 0.31    T    0 17.8 31 290   M    M   8 1      35 290
 4  45  31  38   2  27   0 0.04  0.0    0  8.4 23 280   M    M   2        27 240
 5  43  26  35  -1  30   0 0.02  0.0    0  6.0 18 150   M    M   2        21 150
 6  40  29  35  -1  30   0 0.07  0.0    0 15.7 30 360   M    M   6 1      38 350
 7  39  34  37   1  28   0    T    T    0 12.3 25 130   M    M  10 1      37 120
 8  44  38  41   5  24   0 0.16  0.0    0 20.3 31 120   M    M  10 1      42  90
 9  44  38  41   6  24   0 0.08  0.0    0 15.2 28 340   M    M   9 1      35 330
10  40  33  37   2  28   0 0.18  0.0    0 18.6 32 330   M    M  10 1      37 330
11  39  30  35   0  30   0 0.01    T    0  5.3 12 230   M    M   8 1      15 280
12  40  32  36   1  29   0 0.04  0.0    0  8.1 17  30   M    M   7        23  10
13  45  34  40   5  25   0    T    T    0 21.5 39 330   M    M   7 1      51 330
14  38  31  35   0  30   0 0.04    T    0 29.3 43 320   M    M   8 18     55 320
15  38  27  33  -1  32   0    T    T    0 12.9 29 330   M    M   3        37  30
16  36  23  30  -4  35   0 0.00  0.0    0 14.6 35  30   M    M   1        42  20
================================================================================
SM  662  509       450   0  1.92    T    236.8          M      104
================================================================================
AV 41.4 31.8                              14.8 FASTST   M    M   7    MAX(MPH)
                                 MISC ---->  # 43 320               # 55  320
================================================================================
NOTES:
# LAST OF SEVERAL OCCURRENCES

COLUMN 17 PEAK WIND IN M.P.H.

PRELIMINARY LOCAL CLIMATOLOGICAL DATA (WS FORM: F-6) , PAGE 2

                                          STATION:  COLD BAY
                                          MONTH:    NOVEMBER
                                          YEAR:     2016
                                          LATITUDE:   55 13 N
                                          LONGITUDE: 162 44 W

[TEMPERATURE DATA]      [PRECIPITATION DATA]       SYMBOLS USED IN COLUMN 16

AVERAGE MONTHLY: 36.6   TOTAL FOR MONTH:   1.92    1 = FOG OR MIST
DPTR FM NORMAL:   1.1   DPTR FM NORMAL:   -0.63    2 = FOG REDUCING VISIBILITY
HIGHEST:    45 ON 13, 4 GRTST 24HR  0.89 ON  1- 2      TO 1/4 MILE OR LESS
LOWEST:     23 ON 16                               3 = THUNDER
                        SNOW, ICE PELLETS, HAIL    4 = ICE PELLETS
                        TOTAL MONTH:    T          5 = HAIL
                        GRTST 24HR    T  ON 15-15  6 = FREEZING RAIN OR DRIZZLE
                        GRTST DEPTH:   0           7 = DUSTSTORM OR SANDSTORM:
                                                       VSBY 1/2 MILE OR LESS
                                                   8 = SMOKE OR HAZE
[NO. OF DAYS WITH]      [WEATHER - DAYS WITH]      9 = BLOWING SNOW
                                                   X = TORNADO
MAX 32 OR BELOW:   0    0.01 INCH OR MORE:  12
MAX 90 OR ABOVE:   0    0.10 INCH OR MORE:   5
MIN 32 OR BELOW:   8    0.50 INCH OR MORE:   1
MIN  0 OR BELOW:   0    1.00 INCH OR MORE:   0

[HDD (BASE 65) ]
TOTAL THIS MO.   450    CLEAR  (SCALE 0-3)   3
DPTR FM NORMAL   -22    PTCLDY (SCALE 4-7)   8
TOTAL FM JUL 1  1932    CLOUDY (SCALE 8-10)  5
DPTR FM NORMAL  -647

[CDD (BASE 65) ]
TOTAL THIS MO.     0
DPTR FM NORMAL     0    [PRESSURE DATA]
TOTAL FM JAN 1     0    HIGHEST SLP M ON M
DPTR FM NORMAL     0    LOWEST  SLP 28.60 ON 12

[REMARKS]
