000
CXUS56 KSLC 301244
CF6CDC
PRELIMINARY LOCAL CLIMATOLOGICAL DATA (WS FORM: F-6)

                                          STATION:   CEDAR CITY UT
                                          MONTH:     AUGUST
                                          YEAR:      2016
                                          LATITUDE:   37 42 N
                                          LONGITUDE: 113  6 W

  TEMPERATURE IN F:       :PCPN:    SNOW:  WIND      :SUNSHINE: SKY     :PK WND
================================================================================
1   2   3   4   5  6A  6B    7    8   9   10  11  12  13   14  15   16   17  18
                                     12Z  AVG MX 2MIN
DY MAX MIN AVG DEP HDD CDD  WTR  SNW DPTH SPD SPD DIR MIN PSBL S-S WX    SPD DR
================================================================================

 1  90  60  75   1   0  10 0.66  0.0    0  8.1 30 120   M    M   0 3      39  50
 2  91  57  74   1   0   9 0.00  0.0    0  5.4 28  30   M    M   1 3      40  40
 3  91  62  77   4   0  12 0.12  0.0    0  7.9 29 120   M    M   3 3      37 120
 4  83  59  71  -2   0   6 0.00  0.0    0  5.7 17 120   M    M   0 3      21 110
 5  85  61  73   0   0   8    T  0.0    0  7.1 17 200   M    M   3        25 230
 6  86  60  73   0   0   8 0.10  0.0    0  9.2 23 230   M    M   2 3      30 230
 7  90  65  78   5   0  13 0.00  0.0    0 11.4 25 230   M    M   2        35 230
 8  90  60  75   2   0  10 0.00  0.0    0 12.0 28 210   M    M   0        38 210
 9  88  61  75   2   0  10 0.00  0.0    0 14.0 30 210   M    M   0        40 220
10  85  61  73   1   0   8 0.00  0.0    0 14.2 26 200   M    M   1        34 210
11  86  56  71  -1   0   6 0.00  0.0    0  7.7 16 230   M    M   0        26 230
12  90  52  71  -1   0   6 0.00  0.0    0  5.5 14  40   M    M   0        18 320
13  93  52  73   1   0   8 0.00  0.0    0  4.6 15 290   M    M   0        21 290
14  95  51  73   1   0   8 0.00  0.0    0  4.5 15 210   M    M   0        19 220
15  93  60  77   5   0  12 0.00  0.0    0  9.7 29  60   M    M   0        40  60
16  93  58  76   5   0  11 0.00  0.0    0  6.9 20 230   M    M   0        25 220
17  92  62  77   6   0  12 0.01  0.0    0 10.1 28 200   M    M   1 3      35 200
18  88  60  74   3   0   9 0.10  0.0    0  9.1 31 130   M    M   2 3      38 120
19  90  56  73   2   0   8 0.00  0.0    0  6.0 23 220   M    M   0 3      27 220
20  90  51  71   0   0   6 0.00  0.0    0  4.5 13 110   M    M   0        16 110
21  88  53  71   1   0   6 0.03  0.0    0  7.5 26 350   M    M   3 3      35 350
22  84  57  71   1   0   6 0.04  0.0    0  9.2 22 130   M    M   3 3      27 120
23  83  54  69  -1   0   4    T  0.0    0  8.7 23  40   M    M   3 3      28  40
24  87  52  70   0   0   5    T  0.0    0  7.2 21 270   M    M   1 3      28 260
25  79  48  64  -6   1   0 0.17    M    0  7.6 24  30   M    M   3 3      33  30
26  80  53  67  -2   0   2 0.07  0.0    0 12.5 26 200   M    M   1 3      33 200
27  71  52  62  -7   3   0 0.17  0.0    0  6.6 20 140   M    M   3        25 140
28  84  45  65  -4   0   0 0.00  0.0    0  3.7 16 210   M    M   0        21 210
29  91  48  70   2   0   5 0.00  0.0    0  6.0 15 350   M    M   0        21 350
================================================================================
SM 2536 1626         4 208  1.47     0.0 232.6          M       32
================================================================================
AV 87.4 56.1                               8.0 FASTST   M    M   1    MAX(MPH)
                                 MISC ---->  # 31 130               # 40   40
================================================================================
NOTES:
# LAST OF SEVERAL OCCURRENCES

COLUMN 17 PEAK WIND IN M.P.H.

PRELIMINARY LOCAL CLIMATOLOGICAL DATA (WS FORM: F-6) , PAGE 2

                                          STATION:  CEDAR CITY UT
                                          MONTH:    AUGUST
                                          YEAR:     2016
                                          LATITUDE:   37 42 N
                                          LONGITUDE: 113  6 W

[TEMPERATURE DATA]      [PRECIPITATION DATA]       SYMBOLS USED IN COLUMN 16

AVERAGE MONTHLY: 71.8   TOTAL FOR MONTH:   1.47    1 = FOG OR MIST
DPTR FM NORMAL:   0.4   DPTR FM NORMAL:    0.40    2 = FOG REDUCING VISIBILITY
HIGHEST:    95 ON 14    GRTST 24HR  0.66 ON  1- 1      TO 1/4 MILE OR LESS
LOWEST:     45 ON 28                               3 = THUNDER
                        SNOW, ICE PELLETS, HAIL    4 = ICE PELLETS
                        TOTAL MONTH:   0.0 INCH    5 = HAIL
                        GRTST 24HR     0.0         6 = FREEZING RAIN OR DRIZZLE
                        GRTST DEPTH:   0           7 = DUSTSTORM OR SANDSTORM:
                                                       VSBY 1/2 MILE OR LESS
                                                   8 = SMOKE OR HAZE
[NO. OF DAYS WITH]      [WEATHER - DAYS WITH]      9 = BLOWING SNOW
                                                   X = TORNADO
MAX 32 OR BELOW:   0    0.01 INCH OR MORE:  10
MAX 90 OR ABOVE:  14    0.10 INCH OR MORE:   6
MIN 32 OR BELOW:   0    0.50 INCH OR MORE:   1
MIN  0 OR BELOW:   0    1.00 INCH OR MORE:   0

[HDD (BASE 65) ]
TOTAL THIS MO.     4    CLEAR  (SCALE 0-3)  28
DPTR FM NORMAL     2    PTCLDY (SCALE 4-7)   1
TOTAL FM JUL 1     4    CLOUDY (SCALE 8-10)  0
DPTR FM NORMAL    -1

[CDD (BASE 65) ]
TOTAL THIS MO.   208
DPTR FM NORMAL    21    [PRESSURE DATA]
TOTAL FM JAN 1   779    HIGHEST SLP M ON M
DPTR FM NORMAL   239    LOWEST  SLP 29.71 ON M

[REMARKS]
