000
CXUS56 KSLC 241247
CF6CDC
PRELIMINARY LOCAL CLIMATOLOGICAL DATA (WS FORM: F-6)

                                          STATION:   CEDAR CITY UT
                                          MONTH:     MARCH
                                          YEAR:      2017
                                          LATITUDE:   37 42 N
                                          LONGITUDE: 113  6 W

  TEMPERATURE IN F:       :PCPN:    SNOW:  WIND      :SUNSHINE: SKY     :PK WND
================================================================================
1   2   3   4   5  6A  6B    7    8   9   10  11  12  13   14  15   16   17  18
                                     12Z  AVG MX 2MIN
DY MAX MIN AVG DEP HDD CDD  WTR  SNW DPTH SPD SPD DIR MIN PSBL S-S WX    SPD DR
================================================================================

 1  47  15  31  -6  34   0 0.00  0.0    0  4.3 17 360   M    M   0        21 350
 2  54  16  35  -2  30   0 0.00  0.0    0  3.1  9 300   M    M   0        14  20
 3  62  20  41   4  24   0 0.00  0.0    0  6.1 24 200   M    M   0        29 210
 4  59  36  48  10  17   0 0.00  0.0    0 16.7 35 180   M    M   0        46 190
 5  55  26  41   3  24   0 0.12    M    0 29.6 53 200   M    M   4 18     67 190
 6  40  12  26 -12  39   0 0.01    M    0  6.1 20 260   M    M   1 1      24 150
 7  56  17  37  -1  28   0 0.00  0.0    0  6.5 21 290   M    M   1        25 310
 8  65  24  45   6  20   0 0.00  0.0    0  4.5 13 150   M    M   0        14 150
 9  69  28  49  10  16   0 0.00  0.0    0  4.7 12 210   M    M   0        15 210
10  70  29  50  11  15   0 0.00  0.0    0  6.4 18 210   M    M   0        25 230
11  66  31  49  10  16   0 0.00  0.0    0  4.8 15 350   M    M   0        20 360
12  68  28  48   8  17   0 0.00  0.0    0  6.3 18 360   M    M   0        24  20
13  70  28  49   9  16   0 0.00  0.0    0  3.4 10 140   M    M   0        14  30
14  76  32  54  14  11   0 0.00  0.0    0  6.4 17 230   M    M   0        22 230
15  74  31  53  13  12   0 0.00  0.0    0  8.1 23 210   M    M   0        31 210
16  74  44  59  19   6   0 0.00  0.0    0  8.0 18 210   M    M   0        26 200
17  76  35  56  16   9   0 0.00  0.0    0  6.6 17 230   M    M   0        24 210
18  73  37  55  14  10   0 0.00  0.0    0 11.0 25 220   M    M   0 8      34 230
19  73  43  58  17   7   0 0.00  0.0    0 12.5 28 210   M    M   0        36 210
20  72  48  60  19   5   0 0.00  0.0    0 14.2 31 200   M    M   0        43 220
21  70  48  59  18   6   0 0.00  0.0    0 14.6 35 210   M    M   3        46 210
22  65  38  52  11  13   0 0.35    M    0 14.2 29 210   M    M   3 1      36 200
23  45  29  37  -5  28   0 0.26    M    0  7.4 22 270   M    M   7 1      30 280
================================================================================
SM 1479  695       403   0  0.74     0.0 205.5          M       19
================================================================================
AV 64.3 30.2                               8.9 FASTST   M    M   1    MAX(MPH)
                                 MISC ---->  # 53 200               # 67  190
================================================================================
NOTES:
# LAST OF SEVERAL OCCURRENCES

COLUMN 17 PEAK WIND IN M.P.H.

PRELIMINARY LOCAL CLIMATOLOGICAL DATA (WS FORM: F-6) , PAGE 2

                                          STATION:  CEDAR CITY UT
                                          MONTH:    MARCH
                                          YEAR:     2017
                                          LATITUDE:   37 42 N
                                          LONGITUDE: 113  6 W

[TEMPERATURE DATA]      [PRECIPITATION DATA]       SYMBOLS USED IN COLUMN 16

AVERAGE MONTHLY: 47.3   TOTAL FOR MONTH:   0.74    1 = FOG OR MIST
DPTR FM NORMAL:   7.9   DPTR FM NORMAL:   -0.27    2 = FOG REDUCING VISIBILITY
HIGHEST:    76 ON 17,14 GRTST 24HR  0.35 ON 22-22      TO 1/4 MILE OR LESS
LOWEST:     12 ON  6                               3 = THUNDER
                        SNOW, ICE PELLETS, HAIL    4 = ICE PELLETS
                        TOTAL MONTH:   0.0 INCH    5 = HAIL
                        GRTST 24HR     0.0         6 = FREEZING RAIN OR DRIZZLE
                        GRTST DEPTH:   0           7 = DUSTSTORM OR SANDSTORM:
                                                       VSBY 1/2 MILE OR LESS
                                                   8 = SMOKE OR HAZE
[NO. OF DAYS WITH]      [WEATHER - DAYS WITH]      9 = BLOWING SNOW
                                                   X = TORNADO
MAX 32 OR BELOW:   0    0.01 INCH OR MORE:   4
MAX 90 OR ABOVE:   0    0.10 INCH OR MORE:   3
MIN 32 OR BELOW:  15    0.50 INCH OR MORE:   0
MIN  0 OR BELOW:   0    1.00 INCH OR MORE:   0

[HDD (BASE 65) ]
TOTAL THIS MO.   403    CLEAR  (SCALE 0-3)  20
DPTR FM NORMAL  -188    PTCLDY (SCALE 4-7)   3
TOTAL FM JUL 1  4424    CLOUDY (SCALE 8-10)  0
DPTR FM NORMAL  -729

[CDD (BASE 65) ]
TOTAL THIS MO.     0
DPTR FM NORMAL     0    [PRESSURE DATA]
TOTAL FM JAN 1     0    HIGHEST SLP M ON M
DPTR FM NORMAL     0    LOWEST  SLP 29.36 ON  5

[REMARKS]
