000
CXUS55 KEAX 200736
CF6CDJ
PRELIMINARY LOCAL CLIMATOLOGICAL DATA (WS FORM: F-6)

                                          STATION:   CHILLICOTHE
                                          MONTH:     SEPTEMBER
                                          YEAR:      2017
                                          LATITUDE:   39 49 N
                                          LONGITUDE:  93 35 W

  TEMPERATURE IN F:       :PCPN:    SNOW:  WIND      :SUNSHINE: SKY     :PK WND
================================================================================
1   2   3   4   5  6A  6B    7    8   9   10  11  12  13   14  15   16   17  18
                                     12Z  AVG MX 2MIN
DY MAX MIN AVG DEP HDD CDD  WTR  SNW DPTH SPD SPD DIR MIN PSBL S-S WX    SPD DR
================================================================================

 1  78  55  67  -4   0   2 0.00    M    M  2.9  9  40   M    M   0        15  50
 2  82  54  68  -3   0   3 0.00    M    M  2.6 12 200   M    M   0        16 200
 3  85  60  73   2   0   8 0.00    M    M  2.0  9 200   M    M   0        11 200
 4  85  65  75   5   0  10 0.00    M    M  5.3 14 300   M    M   0        21 320
 5  74  51  63  -7   2   0 0.00    M    M  4.6 16 310   M    M   0        25 310
 6  73  45  59 -11   6   0 0.00    M    M  2.4 13 310   M    M   0        20 280
 7  77  44  61  -8   4   0 0.00    M    M  1.0  8 190   M    M   0        12 280
 8  86  51  69   0   0   4 0.00    M    M  2.9 10 180   M    M   0        15 180
 9  85  57  71   3   0   6 0.00    M    M  1.6  8 170   M    M   0        11 210
10  84  63  74   6   0   9 0.00    M    M  3.8 12 180   M    M   0        15 190
11  82  51  67  -1   0   2 0.00    M    M  1.9 10  60   M    M   0        14 120
12  82  52  67   0   0   2 0.00    M    M  2.4 13  40   M    M   0        18  60
13  87  54  71   4   0   6 0.00    M    M  1.2  8  20   M    M   0        12  10
14  87  59  73   7   0   8 0.00    M    M  4.6 14 190   M    M   0        18 180
15  90  63  77  11   0  12 0.00    M    M  6.5 16 190   M    M   0        25 190
16  89  66  78  12   0  13 1.58    M    M  5.8 26 280   M    M   0        49 260
17  75  65  70   5   0   5 0.24    M    M  3.3  9  20   M    M   0        14 120
18  75  60  68   3   0   3 0.04    M    M  2.2  9 200   M    M   0        14 120
19  86  61  74  10   0   9 0.11    M    M  5.9 14 150   M    M   0        21 160
================================================================================
SM 1562 1076        12 102  1.97    M     62.9          M        0
================================================================================
AV 82.2 56.6                               3.3 FASTST   M    M   0    MAX(MPH)
                                 MISC ---->  # 26 280               # 49  260
================================================================================
NOTES:
# LAST OF SEVERAL OCCURRENCES

COLUMN 17 PEAK WIND IN M.P.H.

PRELIMINARY LOCAL CLIMATOLOGICAL DATA (WS FORM: F-6) , PAGE 2

                                          STATION:  CHILLICOTHE
                                          MONTH:    SEPTEMBER
                                          YEAR:     2017
                                          LATITUDE:   39 49 N
                                          LONGITUDE:  93 35 W

[TEMPERATURE DATA]      [PRECIPITATION DATA]       SYMBOLS USED IN COLUMN 16

AVERAGE MONTHLY: 69.4   TOTAL FOR MONTH:   1.97    1 = FOG OR MIST
DPTR FM NORMAL:   1.5   DPTR FM NORMAL:   -0.65    2 = FOG REDUCING VISIBILITY
HIGHEST:    90 ON 15    GRTST 24HR  1.58 ON 16-16      TO 1/4 MILE OR LESS
LOWEST:     44 ON  7                               3 = THUNDER
                        SNOW, ICE PELLETS, HAIL    4 = ICE PELLETS
                        TOTAL MONTH:    M          5 = HAIL
                        GRTST 24HR    M  ON   M    6 = FREEZING RAIN OR DRIZZLE
                        GRTST DEPTH:  M  ON   M    7 = DUSTSTORM OR SANDSTORM:
                                                       VSBY 1/2 MILE OR LESS
                                                   8 = SMOKE OR HAZE
[NO. OF DAYS WITH]      [WEATHER - DAYS WITH]      9 = BLOWING SNOW
                                                   X = TORNADO
MAX 32 OR BELOW:   0    0.01 INCH OR MORE:   4
MAX 90 OR ABOVE:   1    0.10 INCH OR MORE:   3
MIN 32 OR BELOW:   0    0.50 INCH OR MORE:   1
MIN  0 OR BELOW:   0    1.00 INCH OR MORE:   1

[HDD (BASE 65) ]
TOTAL THIS MO.    12    CLEAR  (SCALE 0-3)  19
DPTR FM NORMAL   -15    PTCLDY (SCALE 4-7)   0
TOTAL FM JUL 1    16    CLOUDY (SCALE 8-10)  0
DPTR FM NORMAL   -15

[CDD (BASE 65) ]
TOTAL THIS MO.   102
DPTR FM NORMAL    20    [PRESSURE DATA]
TOTAL FM JAN 1  1168    HIGHEST SLP  0.00 ON M
DPTR FM NORMAL    85    LOWEST  SLP  0.00 ON M

[REMARKS]
