000
CXUS55 KEAX 180736
CF6CDJ
PRELIMINARY LOCAL CLIMATOLOGICAL DATA (WS FORM: F-6)

                                          STATION:   CHILLICOTHE MO
                                          MONTH:     DECEMBER
                                          YEAR:      2014
                                          LATITUDE:   39 49 N
                                          LONGITUDE:  93 35 W

  TEMPERATURE IN F:       :PCPN:    SNOW:  WIND      :SUNSHINE: SKY     :PK WND
================================================================================
1   2   3   4   5  6A  6B    7    8   9   10  11  12  13   14  15   16   17  18
                                     12Z  AVG MX 2MIN
DY MAX MIN AVG DEP HDD CDD  WTR  SNW DPTH SPD SPD DIR MIN PSBL S-S WX    SPD DR
================================================================================

 1  26  15  21 -13  44   0 0.00    M    M  7.3 20  10   M    M   0        27  10
 2  37  14  26  -8  39   0 0.00    M    M  5.7 16 190   M    M   0        22 180
 3  44  21  33   0  32   0 0.00    M    M  3.0 12  10   M    M   0        18 360
 4  36  32  34   1  31   0 0.00    M    M  5.8 10 110   M    M   0        15 120
 5  43  35  39   7  26   0 0.39    M    M  4.0 13  20   M    M   0        17  10
 6  39  33  36   4  29   0 0.00    M    M  5.8 10  30   M    M   0        16  30
 7  39  34  37   5  28   0 0.00    M    M  6.9 14 160   M    M   0        19 130
 8  53  32  43  12  22   0 0.00    M    M  5.7 16 310   M    M   0        23 310
 9  35  26  31   0  34   0 0.00    M    M  4.6 12  10   M    M   0        18 340
10  35  28  32   1  33   0 0.00    M    M  3.6  9 130   M    M   0        13 120
11  38  34  36   6  29   0 0.00    M    M  3.3  9 110   M    M   0        12 130
12  51  35  43  13  22   0 0.00    M    M  3.1 10 150   M    M   0        13 150
13  55  37  46  16  19   0 0.00    M    M  4.8 12 150   M    M   0        16 150
14  61  51  56  26   9   0 0.09    M    M  7.6 13 160   M    M   0        20 150
15  56  37  47  18  18   0 0.33    M    M 10.4 21 300   M    M   0        30 320
16  37  25  31   2  34   0 0.00    M    M 11.5 22 310   M    M   0        34 310
17  31  21  26  -3  39   0 0.00    M    M  3.9  8 320   M    M   0        12 320
================================================================================
SM  716  510       488   0  0.81    M     97.0          M        0
================================================================================
AV 42.1 30.0                               5.7 FASTST   M    M   0    MAX(MPH)
                                 MISC ---->  # 22 310               # 34  310
================================================================================
NOTES:
# LAST OF SEVERAL OCCURRENCES

COLUMN 17 PEAK WIND IN M.P.H.

PRELIMINARY LOCAL CLIMATOLOGICAL DATA (WS FORM: F-6) , PAGE 2

                                          STATION:  CHILLICOTHE MO
                                          MONTH:    DECEMBER
                                          YEAR:     2014
                                          LATITUDE:   39 49 N
                                          LONGITUDE:  93 35 W

[TEMPERATURE DATA]      [PRECIPITATION DATA]       SYMBOLS USED IN COLUMN 16

AVERAGE MONTHLY: 36.1   TOTAL FOR MONTH:   0.81    1 = FOG OR MIST
DPTR FM NORMAL:   4.9   DPTR FM NORMAL:   -0.16    2 = FOG REDUCING VISIBILITY
HIGHEST:    61 ON 14    GRTST 24HR  0.42 ON 14-15      TO 1/4 MILE OR LESS
LOWEST:     14 ON  2                               3 = THUNDER
                        SNOW, ICE PELLETS, HAIL    4 = ICE PELLETS
                        TOTAL MONTH:    M          5 = HAIL
                        GRTST 24HR    M  ON   M    6 = FREEZING RAIN OR DRIZZLE
                        GRTST DEPTH:  M  ON   M    7 = DUSTSTORM OR SANDSTORM:
                                                       VSBY 1/2 MILE OR LESS
                                                   8 = SMOKE OR HAZE
[NO. OF DAYS WITH]      [WEATHER - DAYS WITH]      9 = BLOWING SNOW
                                                   X = TORNADO
MAX 32 OR BELOW:   2    0.01 INCH OR MORE:   3
MAX 90 OR ABOVE:   0    0.10 INCH OR MORE:   2
MIN 32 OR BELOW:   9    0.50 INCH OR MORE:   0
MIN  0 OR BELOW:   0    1.00 INCH OR MORE:   0

[HDD (BASE 65) ]
TOTAL THIS MO.   488    CLEAR  (SCALE 0-3)  17
DPTR FM NORMAL   -87    PTCLDY (SCALE 4-7)   0
TOTAL FM JUL 1  1656    CLOUDY (SCALE 8-10)  0
DPTR FM NORMAL   -40

[CDD (BASE 65) ]
TOTAL THIS MO.     0
DPTR FM NORMAL     0    [PRESSURE DATA]
TOTAL FM JAN 1  1208    HIGHEST SLP  0.00 ON M
DPTR FM NORMAL    85    LOWEST  SLP  0.00 ON M

[REMARKS]
