000
CXUS54 KLUB 170755
CF6CDS
PRELIMINARY LOCAL CLIMATOLOGICAL DATA (WS FORM: F-6)

                                          STATION:   CHILDRESS
                                          MONTH:     OCTOBER
                                          YEAR:      2017
                                          LATITUDE:   34 25 N
                                          LONGITUDE: 100 17 W

  TEMPERATURE IN F:       :PCPN:    SNOW:  WIND      :SUNSHINE: SKY     :PK WND
================================================================================
1   2   3   4   5  6A  6B    7    8   9   10  11  12  13   14  15   16   17  18
                                     12Z  AVG MX 2MIN
DY MAX MIN AVG DEP HDD CDD  WTR  SNW DPTH SPD SPD DIR MIN PSBL S-S WX    SPD DR
================================================================================

 1  82  59  71   3   0   6 0.00  0.0    0 11.1 22 190   M    M   2 1      29 160
 2  86  65  76   8   0  11 0.00  0.0    0 14.3 24 170   M    M   2 1      33 180
 3  84  68  76   8   0  11    T  0.0    0 10.3 20 190   M    M   7        24 180
 4  81  71  76   9   0  11 0.76  0.0    0  7.4 21 220   M    M   9 13     26 210
 5  80  69  75   8   0  10    T  0.0    0  8.4 15 150   M    M   4 13     20 150
 6  86  66  76  10   0  11 0.38  0.0    0 13.1 36 300   M    M   1 123    48 310
 7  81  54  68   2   0   3 0.00  0.0    0  7.8 21 350   M    M   0        27 350
 8  87  50  69   3   0   4 0.00  0.0    0 10.8 21 190   M    M   0        26 200
 9  69  49  59  -6   6   0    T    M    0 18.2 30 340   M    M   0        36 340
10  65  43  54 -11  11   0 0.00  0.0    0 11.8 28 360   M    M   1        38 330
11  75  42  59  -6   6   0 0.00  0.0    0  6.9 15 170   M    M   0        21 200
12  86  51  69   5   0   4 0.00  0.0    0 10.7 18 190   M    M   0        25 220
13  90  61  76  12   0  11 0.00  0.0    0  8.7 15 170   M    M   0        20 160
14  90  63  77  13   0  12    T  0.0    0 14.4 37 360   M    M   0        47 360
15  70  46  58  -5   7   0 0.00  0.0    0 12.4 29 360   M    M   0        37 360
16  71  42  57  -6   8   0 0.00  0.0    0  6.0 13 170   M    M   0        16 200
================================================================================
SM 1283  899        38  94  1.14     0.0 172.3          M       26
================================================================================
AV 80.2 56.2                              10.8 FASTST   M    M   2    MAX(MPH)
                                 MISC ---->  # 37 360               # 48  310
================================================================================
NOTES:
# LAST OF SEVERAL OCCURRENCES

COLUMN 17 PEAK WIND IN M.P.H.

PRELIMINARY LOCAL CLIMATOLOGICAL DATA (WS FORM: F-6) , PAGE 2

                                          STATION:  CHILDRESS
                                          MONTH:    OCTOBER
                                          YEAR:     2017
                                          LATITUDE:   34 25 N
                                          LONGITUDE: 100 17 W

[TEMPERATURE DATA]      [PRECIPITATION DATA]       SYMBOLS USED IN COLUMN 16

AVERAGE MONTHLY: 68.2   TOTAL FOR MONTH:   1.14    1 = FOG OR MIST
DPTR FM NORMAL:   2.6   DPTR FM NORMAL:   -0.07    2 = FOG REDUCING VISIBILITY
HIGHEST:    90 ON 14,13 GRTST 24HR  0.76 ON  4- 4      TO 1/4 MILE OR LESS
LOWEST:     42 ON 16,11                            3 = THUNDER
                        SNOW, ICE PELLETS, HAIL    4 = ICE PELLETS
                        TOTAL MONTH:   0.0 INCH    5 = HAIL
                        GRTST 24HR     0.0         6 = FREEZING RAIN OR DRIZZLE
                        GRTST DEPTH:   0           7 = DUSTSTORM OR SANDSTORM:
                                                       VSBY 1/2 MILE OR LESS
                                                   8 = SMOKE OR HAZE
[NO. OF DAYS WITH]      [WEATHER - DAYS WITH]      9 = BLOWING SNOW
                                                   X = TORNADO
MAX 32 OR BELOW:   0    0.01 INCH OR MORE:   2
MAX 90 OR ABOVE:   2    0.10 INCH OR MORE:   2
MIN 32 OR BELOW:   0    0.50 INCH OR MORE:   1
MIN  0 OR BELOW:   0    1.00 INCH OR MORE:   0

[HDD (BASE 65) ]
TOTAL THIS MO.    38    CLEAR  (SCALE 0-3)  13
DPTR FM NORMAL    -8    PTCLDY (SCALE 4-7)   2
TOTAL FM JUL 1    44    CLOUDY (SCALE 8-10)  1
DPTR FM NORMAL   -19

[CDD (BASE 65) ]
TOTAL THIS MO.    94
DPTR FM NORMAL    39    [PRESSURE DATA]
TOTAL FM JAN 1  2282    HIGHEST SLP M ON M
DPTR FM NORMAL   103    LOWEST  SLP 29.50 ON  8

[REMARKS]
