000
CXUS54 KLUB 210812
CF6CDS
PRELIMINARY LOCAL CLIMATOLOGICAL DATA (WS FORM: F-6)

                                          STATION:   CHILDRESS
                                          MONTH:     JANUARY
                                          YEAR:      2015
                                          LATITUDE:   34 25 N
                                          LONGITUDE: 100 17 W

  TEMPERATURE IN F:       :PCPN:    SNOW:  WIND      :SUNSHINE: SKY     :PK WND
================================================================================
1   2   3   4   5  6A  6B    7    8   9   10  11  12  13   14  15   16   17  18
                                     12Z  AVG MX 2MIN
DY MAX MIN AVG DEP HDD CDD  WTR  SNW DPTH SPD SPD DIR MIN PSBL S-S WX    SPD DR
================================================================================

 1  29  20  25 -16  40   0 0.00  0.0    0  4.2  9 200   M    M  10 18     11 200
 2  35  29  32  -9  33   0 0.29    M    0  3.4  9 310   M    M  10 16     12 280
 3  42  32  37  -4  28   0 0.01    M    0  9.9 30 360   M    M   9 16     36 360
 4  37  18  28 -13  37   0 0.00  0.0    0 11.0 30 350   M    M   1        39 340
 5  54  20  37  -4  28   0 0.00  0.0    0 14.2 28 200   M    M   0        33 190
 6  53  33  43   2  22   0 0.00  0.0    0  8.0 17  50   M    M   0        23  50
 7  34  18  26 -15  39   0 0.00  0.0    0 12.0 32  20   M    M   4        42  20
 8  53  16  35  -6  30   0 0.00  0.0    0 12.9 26 200   M    M   1        31 200
 9  38  23  31 -10  34   0 0.00  0.0    0  8.4 20  60   M    M   2        27  50
10  42  23  33  -8  32   0 0.00  0.0    0 12.9 23 200   M    M   6 8      28 190
11  56  30  43   2  22   0 0.00  0.0    0  8.6 15 190   M    M   4 1      18 190
12  36  29  33  -8  32   0 0.00  0.0    0 13.7 22 360   M    M  10 12     28  20
13  35  26  31 -10  34   0 0.00  0.0    0  5.2 13  40   M    M  10        16  40
14  37  30  34  -7  31   0 0.02    T    0  1.7  6 200   M    M  10         7  50
15  62  30  46   5  19   0 0.00  0.0    0  6.3 15  10   M    M   3 18     18 320
16  69  28  49   8  16   0 0.00  0.0    0 11.1 23 220   M    M   0        27 210
17  67  36  52  11  13   0 0.00  0.0    0 15.3 37  10   M    M   0        44 360
18  77  33  55  13  10   0 0.00  0.0    0 13.8 31 240   M    M   0        38 240
19  73  37  55  13  10   0 0.00  0.0    0  5.7 15 320   M    M   0        17 340
20  62  40  51   9  14   0 0.00  0.0    0 10.4 25  50   M    M   0        32  60
================================================================================
SM  991  551       524   0  0.32    T    188.7          M       80
================================================================================
AV 49.5 27.5                               9.4 FASTST   M    M   4    MAX(MPH)
                                 MISC ---->  # 37  10               # 44  360
================================================================================
NOTES:
# LAST OF SEVERAL OCCURRENCES

COLUMN 17 PEAK WIND IN M.P.H.

PRELIMINARY LOCAL CLIMATOLOGICAL DATA (WS FORM: F-6) , PAGE 2

                                          STATION:  CHILDRESS
                                          MONTH:    JANUARY
                                          YEAR:     2015
                                          LATITUDE:   34 25 N
                                          LONGITUDE: 100 17 W

[TEMPERATURE DATA]      [PRECIPITATION DATA]       SYMBOLS USED IN COLUMN 16

AVERAGE MONTHLY: 38.5   TOTAL FOR MONTH:   0.32    1 = FOG OR MIST
DPTR FM NORMAL:  -2.6   DPTR FM NORMAL:   -0.08    2 = FOG REDUCING VISIBILITY
HIGHEST:    77 ON 18    GRTST 24HR  0.30 ON  2- 3      TO 1/4 MILE OR LESS
LOWEST:     16 ON  8                               3 = THUNDER
                        SNOW, ICE PELLETS, HAIL    4 = ICE PELLETS
                        TOTAL MONTH:    T          5 = HAIL
                        GRTST 24HR    T  ON 14-14  6 = FREEZING RAIN OR DRIZZLE
                        GRTST DEPTH:   0           7 = DUSTSTORM OR SANDSTORM:
                                                       VSBY 1/2 MILE OR LESS
                                                   8 = SMOKE OR HAZE
[NO. OF DAYS WITH]      [WEATHER - DAYS WITH]      9 = BLOWING SNOW
                                                   X = TORNADO
MAX 32 OR BELOW:   1    0.01 INCH OR MORE:   3
MAX 90 OR ABOVE:   0    0.10 INCH OR MORE:   1
MIN 32 OR BELOW:  15    0.50 INCH OR MORE:   0
MIN  0 OR BELOW:   0    1.00 INCH OR MORE:   0

[HDD (BASE 65) ]
TOTAL THIS MO.   524    CLEAR  (SCALE 0-3)  11
DPTR FM NORMAL    46    PTCLDY (SCALE 4-7)   3
TOTAL FM JUL 1  1709    CLOUDY (SCALE 8-10)  6
DPTR FM NORMAL   -42

[CDD (BASE 65) ]
TOTAL THIS MO.     0
DPTR FM NORMAL     0    [PRESSURE DATA]
TOTAL FM JAN 1     0    HIGHEST SLP M ON M
DPTR FM NORMAL     0    LOWEST  SLP 29.79 ON 17

[REMARKS]
