000
CXUS54 KLUB 220755
CF6CDS
PRELIMINARY LOCAL CLIMATOLOGICAL DATA (WS FORM: F-6)

                                          STATION:   CHILDRESS
                                          MONTH:     MAY
                                          YEAR:      2017
                                          LATITUDE:   34 25 N
                                          LONGITUDE: 100 17 W

  TEMPERATURE IN F:       :PCPN:    SNOW:  WIND      :SUNSHINE: SKY     :PK WND
================================================================================
1   2   3   4   5  6A  6B    7    8   9   10  11  12  13   14  15   16   17  18
                                     12Z  AVG MX 2MIN
DY MAX MIN AVG DEP HDD CDD  WTR  SNW DPTH SPD SPD DIR MIN PSBL S-S WX    SPD DR
================================================================================

 1  78  38  58  -9   7   0 0.00  0.0    0  5.4 12  40   M    M   0        14 290
 2  85  52  69   2   0   4 0.00  0.0    0  8.2 18 120   M    M   0        27 110
 3  71  49  60  -8   5   0 0.24  0.0    0 18.6 49  10   M    M   3 38     63  10
 4  74  46  60  -8   5   0 0.00  0.0    0 13.1 22 360   M    M   0        28  10
 5  79  47  63  -5   2   0 0.00  0.0    0  4.7 10 140   M    M   0        14 120
 6  88  53  71   3   0   6 0.00  0.0    0  9.0 16 170   M    M   0        26 140
 7  91  57  74   5   0   9 0.00  0.0    0 13.8 26 170   M    M   0        35 170
 8  84  57  71   2   0   6 0.00  0.0    0 12.5 26 160   M    M   3        33 170
 9  83  65  74   5   0   9    T  0.0    0 11.9 24 170   M    M   9        30 170
10  78  60  69  -1   0   4 0.49  0.0    0  7.8 21 140   M    M   5 13     24 130
11  77  58  68  -2   0   3 0.00  0.0    0 14.1 29 350   M    M   1        35  10
12  77  54  66  -4   0   1 0.00  0.0    0 11.4 22 350   M    M   0        29  10
13  84  52  68  -2   0   3 0.00  0.0    0  8.6 17 200   M    M   0        23 180
14  96  58  77   6   0  12 0.21  0.0    0 13.5 37 180   M    M   1 38     44 290
15  93  65  79   8   0  14 0.02  0.0    0 17.7 39 140   M    M   1 8      51 150
16  87  70  79   8   0  14    T  0.0    0 17.4 36 160   M    M   5 38     42 150
17  90  60  75   3   0  10 0.00  0.0    0 17.0 30 250   M    M   0 8      37 260
18  94  60  77   5   0  12 0.00  0.0    0 13.6 31 190   M    M   1 8      36 200
19  78  60  69  -3   0   4 0.00  0.0    0 11.3 23  10   M    M   6 128    27 340
20  77  51  64  -8   1   0 0.00  0.0    0 11.0 23 350   M    M   0        27 340
21  81  51  66  -7   0   1 0.00  0.0    0 10.5 23 140   M    M   0        27 150
================================================================================
SM 1745 1163        20 112  0.96     0.0 251.1          M       35
================================================================================
AV 83.1 55.4                              12.0 FASTST   M    M   2    MAX(MPH)
                                 MISC ---->  # 49  10               # 63   10
================================================================================
NOTES:
# LAST OF SEVERAL OCCURRENCES

COLUMN 17 PEAK WIND IN M.P.H.

PRELIMINARY LOCAL CLIMATOLOGICAL DATA (WS FORM: F-6) , PAGE 2

                                          STATION:  CHILDRESS
                                          MONTH:    MAY
                                          YEAR:     2017
                                          LATITUDE:   34 25 N
                                          LONGITUDE: 100 17 W

[TEMPERATURE DATA]      [PRECIPITATION DATA]       SYMBOLS USED IN COLUMN 16

AVERAGE MONTHLY: 69.2   TOTAL FOR MONTH:   0.96    1 = FOG OR MIST
DPTR FM NORMAL:  -0.6   DPTR FM NORMAL:   -0.94    2 = FOG REDUCING VISIBILITY
HIGHEST:    96 ON 14    GRTST 24HR  0.49 ON 10-10      TO 1/4 MILE OR LESS
LOWEST:     38 ON  1                               3 = THUNDER
                        SNOW, ICE PELLETS, HAIL    4 = ICE PELLETS
                        TOTAL MONTH:   0.0 INCH    5 = HAIL
                        GRTST 24HR     0.0         6 = FREEZING RAIN OR DRIZZLE
                        GRTST DEPTH:   0           7 = DUSTSTORM OR SANDSTORM:
                                                       VSBY 1/2 MILE OR LESS
                                                   8 = SMOKE OR HAZE
[NO. OF DAYS WITH]      [WEATHER - DAYS WITH]      9 = BLOWING SNOW
                                                   X = TORNADO
MAX 32 OR BELOW:   0    0.01 INCH OR MORE:   4
MAX 90 OR ABOVE:   5    0.10 INCH OR MORE:   3
MIN 32 OR BELOW:   0    0.50 INCH OR MORE:   0
MIN  0 OR BELOW:   0    1.00 INCH OR MORE:   0

[HDD (BASE 65) ]
TOTAL THIS MO.    20    CLEAR  (SCALE 0-3)  17
DPTR FM NORMAL    -6    PTCLDY (SCALE 4-7)   3
TOTAL FM JUL 1  2327    CLOUDY (SCALE 8-10)  1
DPTR FM NORMAL  -787

[CDD (BASE 65) ]
TOTAL THIS MO.   112
DPTR FM NORMAL   -14    [PRESSURE DATA]
TOTAL FM JAN 1   262    HIGHEST SLP M ON M
DPTR FM NORMAL    45    LOWEST  SLP 29.39 ON 16

[REMARKS]
