000
CXUS56 KEKA 271230
CF6CEC
PRELIMINARY LOCAL CLIMATOLOGICAL DATA (WS FORM: F-6)

                                          STATION:   CRESCENT CITY CA
                                          MONTH:     FEBRUARY
                                          YEAR:      2017
                                          LATITUDE:   41 46 N
                                          LONGITUDE: 124 14 W

  TEMPERATURE IN F:       :PCPN:    SNOW:  WIND      :SUNSHINE: SKY     :PK WND
================================================================================
1   2   3   4   5  6A  6B    7    8   9   10  11  12  13   14  15   16   17  18
                                     12Z  AVG MX 2MIN
DY MAX MIN AVG DEP HDD CDD  WTR  SNW DPTH SPD SPD DIR MIN PSBL S-S WX    SPD DR
================================================================================

 1  63  43  53   5  12   0 0.00  0.0    0  5.1 16 190   M    M   3 8      24 190
 2  64  49  57   9   8   0 0.45  0.0    0 11.9 26 150   M    M   8 18     34 150
 3  55  51  53   6  12   0 1.00  0.0    0 21.3 35 190   M    M  10 1      43 200
 4   M   M   M   M   M   M 0.31  0.0    0 22.2 27 180   M    M  10 1      37 180
 5  58  48  53   6  12   0 0.90  0.0    0 20.7 47 190   M    M  10 1      62 190
 6  49  44  47   0  18   0 0.24  0.0    0 10.9 20 190   M    M   8 1      25 210
 7  55  45  50   3  15   0 0.44    M    0 17.5 35 180   M    M  10 1      41 170
 8  60  52  56   9   9   0 0.98  0.0    0 21.1 37 180   M    M  10 1      45 200
 9  61  51  56   9   9   0 1.43  0.0    0 20.4 35 200   M    M  10 1      47 200
10  53  42  48   1  17   0 1.35    M    0 10.4 21 180   M    M   8 13     27 160
11  54  37  46  -1  19   0 0.00  0.0    0  7.5 15 340   M    M   0 1      21 340
12  53  38  46  -1  19   0 0.00  0.0    0  5.0 14 320   M    M   0        17 310
13  53  43  48   0  17   0 0.00  0.0    0  5.4 15 180   M    M   0 1      18 190
14  59  43  51   3  14   0    T    M    0  9.8 21 150   M    M   3        27 150
15  60  51  56   8   9   0 2.59  0.0    0 16.2 37 170   M    M  10 1      44 170
16  54  47  51   3  14   0 0.59    M    0 18.7 39 190   M    M  10 1      49 190
17  54  44  49   1  16   0 0.25    M    0  4.6 17 340   M    M   6 18     24 330
18  53  45  49   1  16   0 0.13    M    0 17.1 29 180   M    M  10 18     36 170
19   M   M   M   M   M   M 0.23    M    0 11.2 25 160   M    M  10 18     44 180
20   M   M   M   M   M   M 0.85    M    0 19.0 43 180   M    M   9 18     60 180
21  55  44  50   2  15   0 0.37    M    0 12.7 43 180   M    M   7 18     52 190
22  49  37  43  -5  22   0 0.28    M    0 11.5 20 340   M    M   7 1      26 330
23  49  34  42  -6  23   0    T    M    0  5.5 13 340   M    M   2        16 320
24  44  34  39  -9  26   0 0.73    M    0  9.4 21 150   M    M   8 1      25 150
25  52  38  45  -3  20   0 0.01    M    0  8.0 16 340   M    M   3        21 340
26  50  36  43  -5  22   0 0.26    M    0  7.6 24 280   M    M   8 1      33 200
================================================================================
SM 1257  996       364   0 13.39     0.0 330.7          M      180
================================================================================
AV 54.7 43.3                              12.7 FASTST   M    M   7    MAX(MPH)
                                 MISC ---->  # 47 190               # 62  190
================================================================================
NOTES:
# LAST OF SEVERAL OCCURRENCES

COLUMN 17 PEAK WIND IN M.P.H.

PRELIMINARY LOCAL CLIMATOLOGICAL DATA (WS FORM: F-6) , PAGE 2

                                          STATION:  CRESCENT CITY CA
                                          MONTH:    FEBRUARY
                                          YEAR:     2017
                                          LATITUDE:   41 46 N
                                          LONGITUDE: 124 14 W

[TEMPERATURE DATA]      [PRECIPITATION DATA]       SYMBOLS USED IN COLUMN 16

AVERAGE MONTHLY: 49.0   TOTAL FOR MONTH:  13.39    1 = FOG OR MIST
DPTR FM NORMAL:   1.4   DPTR FM NORMAL:    5.12    2 = FOG REDUCING VISIBILITY
HIGHEST:    64 ON  2    GRTST 24HR  2.92 ON 15-16      TO 1/4 MILE OR LESS
LOWEST:     34 ON 24,23                            3 = THUNDER
                        SNOW, ICE PELLETS, HAIL    4 = ICE PELLETS
                        TOTAL MONTH:   0.0 INCH    5 = HAIL
                        GRTST 24HR     0.0         6 = FREEZING RAIN OR DRIZZLE
                        GRTST DEPTH:   0           7 = DUSTSTORM OR SANDSTORM:
                                                       VSBY 1/2 MILE OR LESS
                                                   8 = SMOKE OR HAZE
[NO. OF DAYS WITH]      [WEATHER - DAYS WITH]      9 = BLOWING SNOW
                                                   X = TORNADO
MAX 32 OR BELOW:   0    0.01 INCH OR MORE:  20
MAX 90 OR ABOVE:   0    0.10 INCH OR MORE:  19
MIN 32 OR BELOW:   0    0.50 INCH OR MORE:   9
MIN  0 OR BELOW:   0    1.00 INCH OR MORE:   4

[HDD (BASE 65) ]
TOTAL THIS MO.   364    CLEAR  (SCALE 0-3)   6
DPTR FM NORMAL   -92    PTCLDY (SCALE 4-7)   9
TOTAL FM JUL 1  2889    CLOUDY (SCALE 8-10) 11
DPTR FM NORMAL  -253

[CDD (BASE 65) ]
TOTAL THIS MO.     0
DPTR FM NORMAL     0    [PRESSURE DATA]
TOTAL FM JAN 1     0    HIGHEST SLP M ON M
DPTR FM NORMAL     0    LOWEST  SLP 29.30 ON  7

[REMARKS]
