000
CXUS56 KEKA 201230
CF6CEC
PRELIMINARY LOCAL CLIMATOLOGICAL DATA (WS FORM: F-6)

                                          STATION:   CRESCENT CITY CA
                                          MONTH:     OCTOBER
                                          YEAR:      2014
                                          LATITUDE:   41 46 N
                                          LONGITUDE: 124 14 W

  TEMPERATURE IN F:       :PCPN:    SNOW:  WIND      :SUNSHINE: SKY     :PK WND
================================================================================
1   2   3   4   5  6A  6B    7    8   9   10  11  12  13   14  15   16   17  18
                                     12Z  AVG MX 2MIN
DY MAX MIN AVG DEP HDD CDD  WTR  SNW DPTH SPD SPD DIR MIN PSBL S-S WX    SPD DR
================================================================================

 1  64  51  58   4   7   0 0.00  0.0    0 12.4 23 340   M    M   0 1      33 340
 2  67  47  57   3   8   0 0.00  0.0    0  5.9 14 160   M    M   0 18     21 350
 3  78  51  65  11   0   0 0.00  0.0    0  4.4 10 190   M    M   0 8      13 180
 4  72  49  61   7   4   0 0.00  0.0    0  3.9 10 330   M    M   0 8      13 340
 5  71  50  61   7   4   0 0.00  0.0    0  3.6 10 160   M    M   0 18     13 190
 6  67  51  59   5   6   0 0.00  0.0    0  3.5  9 200   M    M   5 2      12 180
 7  59  53  56   2   9   0 0.00  0.0    0  4.7 10 200   M    M  10 2      13 210
 8  62  54  58   4   7   0 0.00  0.0    0  5.6 13 320   M    M   7        16 320
 9  58  54  56   2   9   0 0.00  0.0    0  4.2  9 350   M    M  10 1      12 330
10  58  54  56   2   9   0 0.00  0.0    0  2.8  9 320   M    M  10 1      11 330
11  64  54  59   5   6   0 0.00  0.0    0  7.4 21 340   M    M   7 28     28 330
12  68  51  60   6   5   0 0.00  0.0    0  7.3 14 340   M    M   1 18     21 350
13  62  44  53  -1  12   0 0.05    M    0  7.0 16 250   M    M   6 2      21 240
14  57  52  55   1  10   0 1.48  0.0    0 11.7 30 180   M    M   8 1      39 190
15  64  52  58   4   7   0 0.00  0.0    0 11.5 21 180   M    M   4 1      25 170
16  66  49  58   4   7   0 0.00  0.0    0  8.6 16 180   M    M   2        22 160
17  66  59  63  10   2   0 0.29  0.0    0 10.7 17 160   M    M   9 1      23 170
18  69  59  64  11   1   0 0.00  0.0    0  6.9 13 160   M    M   8 1      18 170
19  68  58  63  10   2   0 0.28  0.0    0 11.6 21 210   M    M  10 1      27 200
================================================================================
SM 1240  992       115   0  2.10     0.0 133.7          M       97
================================================================================
AV 65.3 52.2                               7.0 FASTST   M    M   5    MAX(MPH)
                                 MISC ---->  # 30 180               # 39  190
================================================================================
NOTES:
# LAST OF SEVERAL OCCURRENCES

COLUMN 17 PEAK WIND IN M.P.H.

PRELIMINARY LOCAL CLIMATOLOGICAL DATA (WS FORM: F-6) , PAGE 2

                                          STATION:  CRESCENT CITY CA
                                          MONTH:    OCTOBER
                                          YEAR:     2014
                                          LATITUDE:   41 46 N
                                          LONGITUDE: 124 14 W

[TEMPERATURE DATA]      [PRECIPITATION DATA]       SYMBOLS USED IN COLUMN 16

AVERAGE MONTHLY: 58.7   TOTAL FOR MONTH:   2.10    1 = FOG OR MIST
DPTR FM NORMAL:   4.9   DPTR FM NORMAL:    0.25    2 = FOG REDUCING VISIBILITY
HIGHEST:    78 ON  3    GRTST 24HR  1.48 ON 14-14      TO 1/4 MILE OR LESS
LOWEST:     44 ON 13                               3 = THUNDER
                        SNOW, ICE PELLETS, HAIL    4 = ICE PELLETS
                        TOTAL MONTH:   0.0 INCH    5 = HAIL
                        GRTST 24HR     0.0         6 = FREEZING RAIN OR DRIZZLE
                        GRTST DEPTH:   0           7 = DUSTSTORM OR SANDSTORM:
                                                       VSBY 1/2 MILE OR LESS
                                                   8 = SMOKE OR HAZE
[NO. OF DAYS WITH]      [WEATHER - DAYS WITH]      9 = BLOWING SNOW
                                                   X = TORNADO
MAX 32 OR BELOW:   0    0.01 INCH OR MORE:   4
MAX 90 OR ABOVE:   0    0.10 INCH OR MORE:   3
MIN 32 OR BELOW:   0    0.50 INCH OR MORE:   1
MIN  0 OR BELOW:   0    1.00 INCH OR MORE:   1

[HDD (BASE 65) ]
TOTAL THIS MO.   115    CLEAR  (SCALE 0-3)   7
DPTR FM NORMAL   -98    PTCLDY (SCALE 4-7)   5
TOTAL FM JUL 1   722    CLOUDY (SCALE 8-10)  7
DPTR FM NORMAL  -295

[CDD (BASE 65) ]
TOTAL THIS MO.     0
DPTR FM NORMAL     0    [PRESSURE DATA]
TOTAL FM JAN 1     1    HIGHEST SLP M ON M
DPTR FM NORMAL     1    LOWEST  SLP 29.65 ON 14

[REMARKS]
