000
CXUS55 KGJT 201000
CF6CEZ
PRELIMINARY LOCAL CLIMATOLOGICAL DATA (WS FORM: F-6)

                                          STATION:   CORTEZ CO
                                          MONTH:     JANUARY
                                          YEAR:      2018
                                          LATITUDE:   37 17 N
                                          LONGITUDE: 108 38 W

  TEMPERATURE IN F:       :PCPN:    SNOW:  WIND      :SUNSHINE: SKY     :PK WND
================================================================================
1   2   3   4   5  6A  6B    7    8   9   10  11  12  13   14  15   16   17  18
                                     12Z  AVG MX 2MIN
DY MAX MIN AVG DEP HDD CDD  WTR  SNW DPTH SPD SPD DIR MIN PSBL S-S WX    SPD DR
================================================================================

 1  52  14  33   6  32   0 0.00    M    M  7.9 16 290   M    M   0        18 280
 2  54  14  34   7  31   0 0.00    M    M  9.6 20 350   M    M   0        27 360
 3  47   8  28   1  37   0 0.00    M    M  4.8 18 220   M    M   0        21 220
 4  47  10  29   2  36   0 0.00    M    M  4.7 12  50   M    M   0        13 210
 5  46  12  29   2  36   0 0.00    M    M  3.3  9  80   M    M   0        10  40
 6  49  18  34   7  31   0 0.16    M    M  5.6 21 180   M    M   5 1      26 210
 7  50  24  37  10  28   0    T    M    M  6.3 18 310   M    M   1        25 310
 8  47  17  32   5  33   0    T    M    M  3.8 20 210   M    M   3 1      23 210
 9  61  26  44  16  21   0 0.00    M    M  7.3 20 170   M    M   6        27 170
10  51  35  43  15  22   0 0.30    M    M  6.5 20 310   M    M   9 1      24 310
11  41  22  32   4  33   0 0.00    M    M  6.8 18 330   M    M   0        24 330
12  50  17  34   6  31   0 0.00    M    M  5.8 18 320   M    M   1        24 350
13  47  16  32   4  33   0 0.00    M    M  6.0 15 280   M    M   0        19 270
14  49  14  32   4  33   0 0.00    M    M  4.2 12  60   M    M   0        12  60
15  48  16  32   4  33   0 0.00    M    M  5.0 16 270   M    M   0        20 270
16  44  13  29   1  36   0 0.00    M    M  4.5 13 200   M    M   0 1      15 200
17  44  14  29   1  36   0 0.00    M    M  5.3 13 190   M    M   0        15 210
18  48  12  30   2  35   0 0.00    M    M  3.6 13 290   M    M   0        18 270
19  58  16  37   9  28   0 0.00    M    M  4.0 14 210   M    M   0 1      18 200
================================================================================
SM  933  318       605   0  0.46    M    105.0          M       25
================================================================================
AV 49.1 16.7                               5.5 FASTST   M    M   1    MAX(MPH)
                                 MISC ---->  # 21 180               # 27  360
================================================================================
NOTES:
# LAST OF SEVERAL OCCURRENCES

COLUMN 17 PEAK WIND IN M.P.H.

PRELIMINARY LOCAL CLIMATOLOGICAL DATA (WS FORM: F-6) , PAGE 2

                                          STATION:  CORTEZ CO
                                          MONTH:    JANUARY
                                          YEAR:     2018
                                          LATITUDE:   37 17 N
                                          LONGITUDE: 108 38 W

[TEMPERATURE DATA]      [PRECIPITATION DATA]       SYMBOLS USED IN COLUMN 16

AVERAGE MONTHLY: 32.9   TOTAL FOR MONTH:   0.46    1 = FOG OR MIST
DPTR FM NORMAL:   5.3   DPTR FM NORMAL:   -0.13    2 = FOG REDUCING VISIBILITY
HIGHEST:    61 ON  9    GRTST 24HR  0.30 ON 10-10      TO 1/4 MILE OR LESS
LOWEST:      8 ON  3                               3 = THUNDER
                        SNOW, ICE PELLETS, HAIL    4 = ICE PELLETS
                        TOTAL MONTH:    M          5 = HAIL
                        GRTST 24HR    M  ON   M    6 = FREEZING RAIN OR DRIZZLE
                        GRTST DEPTH:  M  ON   M    7 = DUSTSTORM OR SANDSTORM:
                                                       VSBY 1/2 MILE OR LESS
                                                   8 = SMOKE OR HAZE
[NO. OF DAYS WITH]      [WEATHER - DAYS WITH]      9 = BLOWING SNOW
                                                   X = TORNADO
MAX 32 OR BELOW:   0    0.01 INCH OR MORE:   2
MAX 90 OR ABOVE:   0    0.10 INCH OR MORE:   2
MIN 32 OR BELOW:  18    0.50 INCH OR MORE:   0
MIN  0 OR BELOW:   0    1.00 INCH OR MORE:   0

[HDD (BASE 65) ]
TOTAL THIS MO.   605    CLEAR  (SCALE 0-3)  16
DPTR FM NORMAL  -107    PTCLDY (SCALE 4-7)   2
TOTAL FM JUL 1  2894    CLOUDY (SCALE 8-10)  1
DPTR FM NORMAL  -476

[CDD (BASE 65) ]
TOTAL THIS MO.     0
DPTR FM NORMAL     0    [PRESSURE DATA]
TOTAL FM JAN 1     0    HIGHEST SLP M ON M
DPTR FM NORMAL     0    LOWEST  SLP 29.39 ON 10

[REMARKS]
