000
CXUS55 KGJT 271000
CF6CEZ
PRELIMINARY LOCAL CLIMATOLOGICAL DATA (WS FORM: F-6)

                                          STATION:   CORTEZ CO
                                          MONTH:     AUGUST
                                          YEAR:      2016
                                          LATITUDE:   37 17 N
                                          LONGITUDE: 108 38 W

  TEMPERATURE IN F:       :PCPN:    SNOW:  WIND      :SUNSHINE: SKY     :PK WND
================================================================================
1   2   3   4   5  6A  6B    7    8   9   10  11  12  13   14  15   16   17  18
                                     12Z  AVG MX 2MIN
DY MAX MIN AVG DEP HDD CDD  WTR  SNW DPTH SPD SPD DIR MIN PSBL S-S WX    SPD DR
================================================================================

 1  93  56  75   3   0  10 0.01    M    M  5.0 28 150   M    M   2 8      36 160
 2  92  57  75   3   0  10 0.02    M    M  7.4 24  90   M    M   4 3      33  90
 3  85  59  72   0   0   7 0.05    M    M  5.3 20  50   M    M   4 13     27  30
 4  76  62  69  -3   0   4 0.65    M    M  3.0 25 180   M    M   7 13     28 180
 5  79  60  70  -2   0   5 0.51    M    M  5.4 26 210   M    M   8 138    32 200
 6  80  57  69  -2   0   4    T    M    M  4.1 16 290   M    M   3 3      20 290
 7  87  55  71   0   0   6 0.00    M    M  4.6 18 210   M    M   0 3      25 220
 8  89  57  73   2   0   8 0.00    M    M  5.8 17 240   M    M   1 3      24 210
 9  89  58  74   3   0   9 0.00    M    M  5.5 20 220   M    M   3 3      22 200
10  85  60  73   2   0   8 0.02    M    M  4.8 31 280   M    M   3 3      43 270
11  86  53  70  -1   0   5 0.00    M    M  7.3 18 290   M    M   1        24 280
12  88  50  69  -1   0   4 0.00    M    M  6.9 18  10   M    M   0        28  30
13  88  43  66  -4   0   1 0.00    M    M  5.6 17 340   M    M   0        27  30
14  88  47  68  -2   0   3 0.00    M    M  6.1 15 210   M    M   0        21 190
15  91  46  69  -1   0   4 0.00    M    M  4.6 20 330   M    M   0        26 330
16  87  59  73   3   0   8    T    M    M  7.5 20  80   M    M   2 3      23  80
17  86  52  69  -1   0   4 0.00    M    M  4.4 21  60   M    M   2 3      25  70
18  80  51  66  -3   0   1    T    M    M  4.3 23  40   M    M   3        32  60
19  84  48  66  -3   0   1 0.09    M    M  4.8 26 310   M    M   0 3      37 300
20  88  47  68  -1   0   3 0.00    M    M  4.4 15 340   M    M   0        20 340
21  87  51  69   1   0   4    T    M    M  6.0 30 140   M    M   2 3      40 150
22  75  57  66  -2   0   1    T    M    M  5.8 17 300   M    M   6 3      21 310
23  79  51  65  -3   0   0 1.77    M    M  4.7 21 140   M    M   6 138    26  70
24  79  53  66  -2   0   1 0.00    M    M  5.0 20  20   M    M   2 3      25  20
25  81  47  64  -4   1   0 0.35    M    M  5.6 25 330   M    M   3 13     40 330
26  74  50  62  -5   3   0 0.00    M    M  4.3 13 300   M    M   1        15 300
================================================================================
SM 2196 1386         4 111  3.47    M    138.2          M       63
================================================================================
AV 84.5 53.3                               5.3 FASTST   M    M   2    MAX(MPH)
                                 MISC ---->  # 31 280               # 43  270
================================================================================
NOTES:
# LAST OF SEVERAL OCCURRENCES

COLUMN 17 PEAK WIND IN M.P.H.

PRELIMINARY LOCAL CLIMATOLOGICAL DATA (WS FORM: F-6) , PAGE 2

                                          STATION:  CORTEZ CO
                                          MONTH:    AUGUST
                                          YEAR:     2016
                                          LATITUDE:   37 17 N
                                          LONGITUDE: 108 38 W

[TEMPERATURE DATA]      [PRECIPITATION DATA]       SYMBOLS USED IN COLUMN 16

AVERAGE MONTHLY: 68.9   TOTAL FOR MONTH:   3.47    1 = FOG OR MIST
DPTR FM NORMAL:  -1.1   DPTR FM NORMAL:    2.22    2 = FOG REDUCING VISIBILITY
HIGHEST:    93 ON  1    GRTST 24HR  1.77 ON 22-23      TO 1/4 MILE OR LESS
LOWEST:     43 ON 13                               3 = THUNDER
                        SNOW, ICE PELLETS, HAIL    4 = ICE PELLETS
                        TOTAL MONTH:    M          5 = HAIL
                        GRTST 24HR    M  ON   M    6 = FREEZING RAIN OR DRIZZLE
                        GRTST DEPTH:  M  ON   M    7 = DUSTSTORM OR SANDSTORM:
                                                       VSBY 1/2 MILE OR LESS
                                                   8 = SMOKE OR HAZE
[NO. OF DAYS WITH]      [WEATHER - DAYS WITH]      9 = BLOWING SNOW
                                                   X = TORNADO
MAX 32 OR BELOW:   0    0.01 INCH OR MORE:   9
MAX 90 OR ABOVE:   3    0.10 INCH OR MORE:   4
MIN 32 OR BELOW:   0    0.50 INCH OR MORE:   3
MIN  0 OR BELOW:   0    1.00 INCH OR MORE:   1

[HDD (BASE 65) ]
TOTAL THIS MO.     4    CLEAR  (SCALE 0-3)  18
DPTR FM NORMAL     2    PTCLDY (SCALE 4-7)   7
TOTAL FM JUL 1     6    CLOUDY (SCALE 8-10)  1
DPTR FM NORMAL     1

[CDD (BASE 65) ]
TOTAL THIS MO.   111
DPTR FM NORMAL   -23    [PRESSURE DATA]
TOTAL FM JAN 1   514    HIGHEST SLP M ON M
DPTR FM NORMAL   116    LOWEST  SLP 29.75 ON 22

[REMARKS]
