000
CXUS55 KGJT 201000
CF6CEZ
PRELIMINARY LOCAL CLIMATOLOGICAL DATA (WS FORM: F-6)

                                          STATION:   CORTEZ CO
                                          MONTH:     OCTOBER
                                          YEAR:      2014
                                          LATITUDE:   37 17 N
                                          LONGITUDE: 108 38 W

  TEMPERATURE IN F:       :PCPN:    SNOW:  WIND      :SUNSHINE: SKY     :PK WND
================================================================================
1   2   3   4   5  6A  6B    7    8   9   10  11  12  13   14  15   16   17  18
                                     12Z  AVG MX 2MIN
DY MAX MIN AVG DEP HDD CDD  WTR  SNW DPTH SPD SPD DIR MIN PSBL S-S WX    SPD DR
================================================================================

 1  64  39  52  -2  13   0    T    M    M  5.7 26 330   M    M   5 3      38 330
 2  63  37  50  -4  15   0 0.00    M    M  9.3 21 280   M    M   0        27 270
 3  71  32  52  -2  13   0 0.00    M    M  7.7 18 290   M    M   0        24 270
 4  73  33  53   0  12   0 0.00    M    M  6.8 21 280   M    M   0        26 270
 5  75  35  55   2  10   0 0.00    M    M  8.8 23 320   M    M   0        29 340
 6  76  36  56   4   9   0 0.00    M    M  7.6 17 290   M    M   0        21 290
 7  76  35  56   4   9   0 0.00    M    M  4.9 10 280   M    M   0        14 300
 8  75  45  60   8   5   0 0.00    M    M  4.3 17 210   M    M   2        23 210
 9  59  45  52   1  13   0 0.12    M    M  2.7  9 340   M    M   9 1      14 200
10  71  42  57   6   8   0 0.00    M    M  4.0 14 290   M    M   5        21 300
11  72  38  55   5  10   0 0.00    M    M  4.9 16 210   M    M   1        20 220
12  63  36  50   0  15   0 0.00    M    M 10.5 31 300   M    M   2        41 340
13  62  32  47  -3  18   0 0.00    M    M  9.2 22 310   M    M   0        32 310
14  68  26  47  -2  18   0 0.00    M    M  5.5 12 180   M    M   0        15 190
15  75  30  53   4  12   0 0.00    M    M  5.6 16 220   M    M   0        22 240
16  74  35  55   7  10   0 0.00    M    M  5.7 14 200   M    M   0        19 210
17  71  31  51   3  14   0    T    M    M  5.0 17 210   M    M   0        21 360
18  68  44  56   8   9   0    T    M    M  2.5 12 210   M    M   5        14 210
19  73  37  55   8  10   0 0.05    M    M  4.4 20  70   M    M   2 3      25 340
================================================================================
SM 1329  688       223   0  0.17    M    115.1          M       31
================================================================================
AV 69.9 36.2                               6.1 FASTST   M    M   2    MAX(MPH)
                                 MISC ---->  # 31 300               # 41  340
================================================================================
NOTES:
# LAST OF SEVERAL OCCURRENCES

COLUMN 17 PEAK WIND IN M.P.H.

PRELIMINARY LOCAL CLIMATOLOGICAL DATA (WS FORM: F-6) , PAGE 2

                                          STATION:  CORTEZ CO
                                          MONTH:    OCTOBER
                                          YEAR:     2014
                                          LATITUDE:   37 17 N
                                          LONGITUDE: 108 38 W

[TEMPERATURE DATA]      [PRECIPITATION DATA]       SYMBOLS USED IN COLUMN 16

AVERAGE MONTHLY: 53.1   TOTAL FOR MONTH:   0.17    1 = FOG OR MIST
DPTR FM NORMAL:   2.3   DPTR FM NORMAL:   -0.71    2 = FOG REDUCING VISIBILITY
HIGHEST:    76 ON  7, 6 GRTST 24HR  0.12 ON  9- 9      TO 1/4 MILE OR LESS
LOWEST:     26 ON 14                               3 = THUNDER
                        SNOW, ICE PELLETS, HAIL    4 = ICE PELLETS
                        TOTAL MONTH:    M          5 = HAIL
                        GRTST 24HR    M  ON   M    6 = FREEZING RAIN OR DRIZZLE
                        GRTST DEPTH:  M  ON   M    7 = DUSTSTORM OR SANDSTORM:
                                                       VSBY 1/2 MILE OR LESS
                                                   8 = SMOKE OR HAZE
[NO. OF DAYS WITH]      [WEATHER - DAYS WITH]      9 = BLOWING SNOW
                                                   X = TORNADO
MAX 32 OR BELOW:   0    0.01 INCH OR MORE:   2
MAX 90 OR ABOVE:   0    0.10 INCH OR MORE:   1
MIN 32 OR BELOW:   5    0.50 INCH OR MORE:   0
MIN  0 OR BELOW:   0    1.00 INCH OR MORE:   0

[HDD (BASE 65) ]
TOTAL THIS MO.   223    CLEAR  (SCALE 0-3)  15
DPTR FM NORMAL   -47    PTCLDY (SCALE 4-7)   3
TOTAL FM JUL 1   302    CLOUDY (SCALE 8-10)  1
DPTR FM NORMAL  -140

[CDD (BASE 65) ]
TOTAL THIS MO.     0
DPTR FM NORMAL     0    [PRESSURE DATA]
TOTAL FM JAN 1   537    HIGHEST SLP M ON M
DPTR FM NORMAL   111    LOWEST  SLP 29.57 ON 12

[REMARKS]
