000
CXUS54 KMRX 271000
CF6CHA
PRELIMINARY LOCAL CLIMATOLOGICAL DATA (WS FORM: F-6)

                                          STATION:   CHATTANOOGA  ASOS
                                          MONTH:     JUNE
                                          YEAR:      2017
                                          LATITUDE:   35  1 N
                                          LONGITUDE:  85 12 W

  TEMPERATURE IN F:       :PCPN:    SNOW:  WIND      :SUNSHINE: SKY     :PK WND
================================================================================
1   2   3   4   5  6A  6B    7    8   9   10  11  12  13   14  15   16   17  18
                                     12Z  AVG MX 2MIN
DY MAX MIN AVG DEP HDD CDD  WTR  SNW DPTH SPD SPD DIR MIN PSBL S-S WX    SPD DR
================================================================================

 1  85  62  74   1   0   9 0.00  0.0    0  0.9  8  30   M    M   6        11  50
 2  88  64  76   3   0  11 0.00  0.0    0  3.2 12  10   M    M   5        15  30
 3  88  64  76   2   0  11 0.00  0.0    0  3.8 13  10   M    M   5        17  10
 4  83  69  76   2   0  11 0.45  0.0    0  3.7 12  90   M    M   7 13     16 170
 5  81  69  75   1   0  10 0.83  0.0    0  3.3 16 220   M    M   9 13     21 230
 6  82  69  76   2   0  11 0.00  0.0    0  6.7 22  10   M    M   7        27  20
 7  82  64  73  -2   0   8 0.00  0.0    0 13.3 22  30   M    M   3        30  30
 8  81  60  71  -4   0   6    T  0.0    0  5.5 15 290   M    M   5        19 300
 9  85  58  72  -3   0   7 0.00  0.0    0  1.6 10 290   M    M   3        16  30
10  87  61  74  -1   0   9 0.00  0.0    0  3.1 12 200   M    M   3 1      16 220
11  87  64  76   0   0  11 0.00  0.0    0  4.3 15 100   M    M   5        19 100
12  93  74  84   8   0  19 0.00  0.0    0  3.3 20 130   M    M   6        24 130
13  91  70  81   5   0  16    T  0.0    0  1.9 13 300   M    M   4 3      16 290
14  91  71  81   5   0  16 0.19  0.0    0  2.4 21  20   M    M   5 13     25  10
15  93  67  80   3   0  15 0.08  0.0    0  3.2 30 320   M    M   5 138    36 340
16  87  64  76  -1   0  11 0.00  0.0    0  2.5  9  60   M    M   6 1      13  10
17  90  68  79   2   0  14 0.00  0.0    0  3.2 12 140   M    M   5 1      15 190
18  88  71  80   3   0  15 0.11  0.0    0  5.4 24 240   M    M   6        27 240
19  83  71  77   0   0  12 0.08  0.0    0  4.4 12 270   M    M   6 1      16 350
20  86  68  77  -1   0  12 0.00  0.0    0  3.7 10  10   M    M   7 1      14  20
21  84  69  77  -1   0  12 0.00  0.0    0  4.1 16 200   M    M   7 1      19 200
22  77  71  74  -4   0   9 1.23  0.0    0  3.2 12 140   M    M   8 1      17 190
23  89  74  82   4   0  17 0.12  0.0    0 10.9 28 180   M    M   7 1      41 190
24  89  70  80   2   0  15 0.00  0.0    0  6.7 16 330   M    M   8 1      19 330
25  82  63  73  -5   0   8 0.00  0.0    0  6.1 18 330   M    M   5        21 350
26  84  56  70  -9   0   5 0.00  0.0    0  2.8 13 320   M    M   4        16 320
================================================================================
SM 2236 1731         0 300  3.09     0.0 113.2          M      147
================================================================================
AV 86.0 66.6                               4.4 FASTST   M    M   6    MAX(MPH)
                                 MISC ---->  # 30 320               # 41  190
================================================================================
NOTES:
# LAST OF SEVERAL OCCURRENCES

COLUMN 17 PEAK WIND IN M.P.H.

PRELIMINARY LOCAL CLIMATOLOGICAL DATA (WS FORM: F-6) , PAGE 2

                                          STATION:  CHATTANOOGA  ASOS
                                          MONTH:    JUNE
                                          YEAR:     2017
                                          LATITUDE:   35  1 N
                                          LONGITUDE:  85 12 W

[TEMPERATURE DATA]      [PRECIPITATION DATA]       SYMBOLS USED IN COLUMN 16

AVERAGE MONTHLY: 76.3   TOTAL FOR MONTH:   3.09    1 = FOG OR MIST
DPTR FM NORMAL:   0.2   DPTR FM NORMAL:   -0.36    2 = FOG REDUCING VISIBILITY
HIGHEST:    93 ON 15,12 GRTST 24HR  1.23 ON 22-22      TO 1/4 MILE OR LESS
LOWEST:     56 ON 26                               3 = THUNDER
                        SNOW, ICE PELLETS, HAIL    4 = ICE PELLETS
                        TOTAL MONTH:   0.0 INCH    5 = HAIL
                        GRTST 24HR     0.0         6 = FREEZING RAIN OR DRIZZLE
                        GRTST DEPTH:   0           7 = DUSTSTORM OR SANDSTORM:
                                                       VSBY 1/2 MILE OR LESS
                                                   8 = SMOKE OR HAZE
[NO. OF DAYS WITH]      [WEATHER - DAYS WITH]      9 = BLOWING SNOW
                                                   X = TORNADO
MAX 32 OR BELOW:   0    0.01 INCH OR MORE:   8
MAX 90 OR ABOVE:   5    0.10 INCH OR MORE:   6
MIN 32 OR BELOW:   0    0.50 INCH OR MORE:   2
MIN  0 OR BELOW:   0    1.00 INCH OR MORE:   1

[HDD (BASE 65) ]
TOTAL THIS MO.     0    CLEAR  (SCALE 0-3)   3
DPTR FM NORMAL     0    PTCLDY (SCALE 4-7)  22
TOTAL FM JUL 1  2219    CLOUDY (SCALE 8-10)  1
DPTR FM NORMAL -1019

[CDD (BASE 65) ]
TOTAL THIS MO.   300
DPTR FM NORMAL    11    [PRESSURE DATA]
TOTAL FM JAN 1   626    HIGHEST SLP M ON M
DPTR FM NORMAL   141    LOWEST  SLP 29.73 ON  6

[REMARKS]
