000
CXUS52 KCHS 230715
CF6CHS
PRELIMINARY LOCAL CLIMATOLOGICAL DATA (WS FORM: F-6)

                                          STATION:   NORTH CHARLESTON SC
                                          MONTH:     MAY
                                          YEAR:      2015
                                          LATITUDE:   32 54 N
                                          LONGITUDE:  80  2 W

  TEMPERATURE IN F:       :PCPN:    SNOW:  WIND      :SUNSHINE: SKY     :PK WND
================================================================================
1   2   3   4   5  6A  6B    7    8   9   10  11  12  13   14  15   16   17  18
                                     12Z  AVG MX 2MIN
DY MAX MIN AVG DEP HDD CDD  WTR  SNW DPTH SPD SPD DIR MIN PSBL S-S WX    SPD DR
================================================================================

 1  71  52  62  -7   3   0 0.00  0.0    0 10.3 25 330   M    M   4        31 340
 2  79  48  64  -5   1   0 0.00  0.0    0  5.7 16  10   M    M   1        23  10
 3  81  55  68  -1   0   3 0.00  0.0    0  3.9 14 180   M    M   2 1      17 220
 4  80  57  69   0   0   4 0.00  0.0    0  5.6 18 160   M    M   3 1      22 160
 5  80  56  68  -2   0   3 0.00  0.0    0  7.2 16 110   M    M   4        22 110
 6  82  61  72   2   0   7 0.00  0.0    0  8.5 15  40   M    M   7        23  40
 7  69  62  66  -4   0   1 0.77  0.0    0 12.0 23 360   M    M   8 1      29 360
 8  83  65  74   4   0   9 0.01  0.0    0 13.3 25 360   M    M   5 1      32 360
 9  83  66  75   4   0  10 0.02  0.0    0 12.6 23 350   M    M   5        31 360
10  84  67  76   5   0  11 0.00  0.0    0 10.4 18 270   M    M   6        24 290
11  90  70  80   9   0  15 0.12  0.0    0  6.8 15 190   M    M   6 13     20 200
12  90  72  81   9   0  16    T  0.0    0  8.9 16 210   M    M   5 3      22 190
13  86  62  74   2   0   9 0.00  0.0    0  5.3 14 120   M    M   4        17 120
14  79  60  70  -2   0   5 0.00  0.0    0  9.3 20 110   M    M   6 12     25  80
15  80  64  72   0   0   7 0.00  0.0    0  7.1 16 150   M    M   6        22 110
16  82  60  71  -2   0   6 0.00  0.0    0  4.8 15 150   M    M   2 1      21 150
17  84  63  74   1   0   9 0.00  0.0    0  5.4 16 170   M    M   4 1      21 150
18  88  66  77   4   0  12 0.00  0.0    0  6.0 15 180   M    M   2 1      20 180
19  92  68  80   7   0  15 0.00  0.0    0  6.5 15 220   M    M   3        18 220
20  91  70  81   7   0  16 0.44  0.0    0  5.0 29 190   M    M   5 13     38 200
21  92  71  82   8   0  17 0.00  0.0    0  9.2 20 250   M    M   2        28 240
22  79  63  71  -3   0   6 0.00  0.0    0  8.8 20  60   M    M   4        29  60
================================================================================
SM 1825 1378         4 181  1.36     0.0 172.6          M       94
================================================================================
AV 83.0 62.6                               7.8 FASTST   M    M   4    MAX(MPH)
                                 MISC ---->  # 29 190               # 38  200
================================================================================
NOTES:
# LAST OF SEVERAL OCCURRENCES

COLUMN 17 PEAK WIND IN M.P.H.

PRELIMINARY LOCAL CLIMATOLOGICAL DATA (WS FORM: F-6) , PAGE 2

                                          STATION:  NORTH CHARLESTON SC
                                          MONTH:    MAY
                                          YEAR:     2015
                                          LATITUDE:   32 54 N
                                          LONGITUDE:  80  2 W

[TEMPERATURE DATA]      [PRECIPITATION DATA]       SYMBOLS USED IN COLUMN 16

AVERAGE MONTHLY: 72.8   TOTAL FOR MONTH:   1.36    1 = FOG OR MIST
DPTR FM NORMAL:   1.4   DPTR FM NORMAL:   -0.64    2 = FOG REDUCING VISIBILITY
HIGHEST:    92 ON 21,19 GRTST 24HR  0.77 ON  7- 7      TO 1/4 MILE OR LESS
LOWEST:     48 ON  2                               3 = THUNDER
                        SNOW, ICE PELLETS, HAIL    4 = ICE PELLETS
                        TOTAL MONTH:   0.0 INCH    5 = HAIL
                        GRTST 24HR     0.0         6 = FREEZING RAIN OR DRIZZLE
                        GRTST DEPTH:   0           7 = DUSTSTORM OR SANDSTORM:
                                                       VSBY 1/2 MILE OR LESS
                                                   8 = SMOKE OR HAZE
[NO. OF DAYS WITH]      [WEATHER - DAYS WITH]      9 = BLOWING SNOW
                                                   X = TORNADO
MAX 32 OR BELOW:   0    0.01 INCH OR MORE:   5
MAX 90 OR ABOVE:   5    0.10 INCH OR MORE:   3
MIN 32 OR BELOW:   0    0.50 INCH OR MORE:   1
MIN  0 OR BELOW:   0    1.00 INCH OR MORE:   0

[HDD (BASE 65) ]
TOTAL THIS MO.     4    CLEAR  (SCALE 0-3)   6
DPTR FM NORMAL    -4    PTCLDY (SCALE 4-7)  16
TOTAL FM JUL 1  1947    CLOUDY (SCALE 8-10)  0
DPTR FM NORMAL   -24

[CDD (BASE 65) ]
TOTAL THIS MO.   181
DPTR FM NORMAL    30    [PRESSURE DATA]
TOTAL FM JAN 1   345    HIGHEST SLP M ON M
DPTR FM NORMAL    76    LOWEST  SLP 29.77 ON  1

[REMARKS]
