000
CXUS52 KCHS 220715
CF6CHS
PRELIMINARY LOCAL CLIMATOLOGICAL DATA (WS FORM: F-6)

                                          STATION:   NORTH CHARLESTON SC
                                          MONTH:     OCTOBER
                                          YEAR:      2017
                                          LATITUDE:   32 54 N
                                          LONGITUDE:  80  2 W

  TEMPERATURE IN F:       :PCPN:    SNOW:  WIND      :SUNSHINE: SKY     :PK WND
================================================================================
1   2   3   4   5  6A  6B    7    8   9   10  11  12  13   14  15   16   17  18
                                     12Z  AVG MX 2MIN
DY MAX MIN AVG DEP HDD CDD  WTR  SNW DPTH SPD SPD DIR MIN PSBL S-S WX    SPD DR
================================================================================

 1  77  57  67  -5   0   2 0.00  0.0    0 12.9 20  50   M    M   2        25  40
 2  84  63  74   3   0   9 0.00  0.0    0 11.7 21 100   M    M   5        27 100
 3  84  64  74   3   0   9 0.00  0.0    0 11.7 22  70   M    M   4        28  70
 4  83  63  73   2   0   8 0.00  0.0    0 10.5 18  60   M    M   3        25  90
 5  85  66  76   6   0  11 0.00  0.0    0  9.4 17  90   M    M   3        25 100
 6  84  70  77   7   0  12    T  0.0    0  9.0 23 100   M    M   4 1      27 100
 7  89  74  82  12   0  17 0.15  0.0    0  7.3 16 130   M    M   6 1      19 140
 8  88  77  83  14   0  18 0.01  0.0    0 12.9 22 160   M    M   7 1      29 160
 9  85  76  81  12   0  16 1.28  0.0    0  8.7 17 180   M    M   8 13     23 210
10  88  75  82  13   0  17 0.19  0.0    0  5.3 15 180   M    M   7 1      18 170
11  87  72  80  12   0  15 0.00  0.0    0  5.3 14 160   M    M   4 1      17 200
12  87  71  79  11   0  14 0.00  0.0    0  3.5 13 170   M    M   4 1      16 140
13  81  70  76   8   0  11 0.00  0.0    0  8.9 16  40   M    M   6 1      23  70
14  81  64  73   6   0   8 0.00  0.0    0  6.9 13  20   M    M   1        18  20
15  86  63  75   8   0  10 0.00  0.0    0  3.8 10 160   M    M   1 1      12 150
16  86  59  73   6   0   8 0.05  0.0    0  9.8 25  20   M    M   6 128    31  30
17  69  52  61  -5   4   0 0.00  0.0    0 11.6 20  40   M    M   3        27  50
18  76  51  64  -2   1   0 0.00  0.0    0  9.1 15  40   M    M   1        23  30
19  81  55  68   2   0   3 0.00  0.0    0  6.3 14  70   M    M   1        18  60
20  81  54  68   2   0   3 0.00  0.0    0  4.1 12  40   M    M   0 1      15  30
21  82  53  68   3   0   3 0.00  0.0    0  5.5 13 120   M    M   4 1      17 120
================================================================================
SM 1744 1349         5 194  1.68     0.0 174.2          M       80
================================================================================
AV 83.1 64.2                               8.3 FASTST   M    M   4    MAX(MPH)
                                 MISC ---->  # 25  20               # 31   30
================================================================================
NOTES:
# LAST OF SEVERAL OCCURRENCES

COLUMN 17 PEAK WIND IN M.P.H.

PRELIMINARY LOCAL CLIMATOLOGICAL DATA (WS FORM: F-6) , PAGE 2

                                          STATION:  NORTH CHARLESTON SC
                                          MONTH:    OCTOBER
                                          YEAR:     2017
                                          LATITUDE:   32 54 N
                                          LONGITUDE:  80  2 W

[TEMPERATURE DATA]      [PRECIPITATION DATA]       SYMBOLS USED IN COLUMN 16

AVERAGE MONTHLY: 73.6   TOTAL FOR MONTH:   1.68    1 = FOG OR MIST
DPTR FM NORMAL:   5.3   DPTR FM NORMAL:   -1.12    2 = FOG REDUCING VISIBILITY
HIGHEST:    89 ON  7    GRTST 24HR  1.28 ON  9- 9      TO 1/4 MILE OR LESS
LOWEST:     51 ON 18                               3 = THUNDER
                        SNOW, ICE PELLETS, HAIL    4 = ICE PELLETS
                        TOTAL MONTH:   0.0 INCH    5 = HAIL
                        GRTST 24HR     0.0         6 = FREEZING RAIN OR DRIZZLE
                        GRTST DEPTH:   0           7 = DUSTSTORM OR SANDSTORM:
                                                       VSBY 1/2 MILE OR LESS
                                                   8 = SMOKE OR HAZE
[NO. OF DAYS WITH]      [WEATHER - DAYS WITH]      9 = BLOWING SNOW
                                                   X = TORNADO
MAX 32 OR BELOW:   0    0.01 INCH OR MORE:   5
MAX 90 OR ABOVE:   0    0.10 INCH OR MORE:   3
MIN 32 OR BELOW:   0    0.50 INCH OR MORE:   1
MIN  0 OR BELOW:   0    1.00 INCH OR MORE:   1

[HDD (BASE 65) ]
TOTAL THIS MO.     5    CLEAR  (SCALE 0-3)   8
DPTR FM NORMAL   -26    PTCLDY (SCALE 4-7)  13
TOTAL FM JUL 1     5    CLOUDY (SCALE 8-10)  0
DPTR FM NORMAL   -29

[CDD (BASE 65) ]
TOTAL THIS MO.   194
DPTR FM NORMAL    92    [PRESSURE DATA]
TOTAL FM JAN 1  2625    HIGHEST SLP M ON M
DPTR FM NORMAL   385    LOWEST  SLP 29.91 ON  8

[REMARKS]
