000
CXUS55 KDVN 281100
CF6CID
PRELIMINARY LOCAL CLIMATOLOGICAL DATA (WS FORM: F-6)

                                          STATION:   CEDAR RAPIDS IA
                                          MONTH:     JULY
                                          YEAR:      2015
                                          LATITUDE:   41 52 N
                                          LONGITUDE:  91 42 W

  TEMPERATURE IN F:       :PCPN:    SNOW:  WIND      :SUNSHINE: SKY     :PK WND
================================================================================
1   2   3   4   5  6A  6B    7    8   9   10  11  12  13   14  15   16   17  18
                                     12Z  AVG MX 2MIN
DY MAX MIN AVG DEP HDD CDD  WTR  SNW DPTH SPD SPD DIR MIN PSBL S-S WX    SPD DR
================================================================================

 1  73  59  66  -7   0   1    T    M    M  9.2 16  30   M    M   3        20  40
 2  71  55  63 -10   2   0 0.00    M    M  7.8 17  70   M    M   1 1      23  80
 3  77  54  66  -7   0   1 0.00    M    M  3.5 10  60   M    M   0        13  50
 4  79  55  67  -6   0   2 0.00    M    M  3.1  9 220   M    M   1 1      13 220
 5  83  61  72  -1   0   7 0.00    M    M  8.3 15 180   M    M   0 18     20 160
 6  80  64  72  -1   0   7 0.51    M    M 10.6 22 360   M    M   5 138    26 350
 7  72  58  65  -8   0   0 0.00    M    M  9.8 16 360   M    M   3 18     27  80
 8  69  56  63 -10   2   0 0.00    M    M  6.5 13 110   M    M   6        17 120
 9  76  53  65  -8   0   0 0.00    M    M  3.8 10 310   M    M   1 1      13 350
10  80  56  68  -5   0   3 0.00    M    M  3.5 12 120   M    M   1 1      16 120
11  80  64  72  -1   0   7 0.30    M    M  7.6 14 100   M    M   7 1      18 100
12  87  67  77   4   0  12 0.00    M    M  6.8 13 130   M    M   8 12     17 120
13  93  72  83  10   0  18 0.00    M    M  8.7 17 270   M    M   3 1      21 270
14  87  67  77   4   0  12 0.00    M    M  9.3 16 340   M    M   1        22 320
15  78  65  72  -1   0   7 0.08    M    M  6.5 12  90   M    M   6 1      14 110
16  79  65  72  -1   0   7 0.51    M    M  8.8 20 120   M    M   7 13     27 130
17  91  70  81   8   0  16 0.00    M    M  6.0 12 180   M    M   0        15 270
18  89  73  81   8   0  16    T    M    M  8.4 20 260   M    M   2        24 270
19  82  65  74   1   0   9 0.00    M    M  5.3 13 360   M    M   0        17 350
20  83  62  73   0   0   8 0.02    M    M  7.3 18 330   M    M   2 1      22 330
21  80  58  69  -4   0   4 0.00    M    M  5.3 12 350   M    M   0        17  50
22  80  56  68  -5   0   3 0.00    M    M  2.3 10 190   M    M   0        12 190
23  83  59  71  -2   0   6 0.00    M    M  3.8  9 130   M    M   1        12 150
24  82  63  73   0   0   8 0.13    M    M  6.7 23 150   M    M   3 13     34 150
25  89  67  78   5   0  13 0.00    M    M  5.1 12 330   M    M   2 1      15 320
26  83  70  77   4   0  12 1.68    M    M  7.3 37 270   M    M   3 13     45 280
27  83  67  75   2   0  10    T    M    M  4.9 12 110   M    M   2 18     15 110
================================================================================
SM 2189 1681         4 189  3.23    M    176.2          M       68
================================================================================
AV 81.1 62.3                               6.5 FASTST   M    M   3    MAX(MPH)
                                 MISC ---->  # 37 270               # 45  280
================================================================================
NOTES:
# LAST OF SEVERAL OCCURRENCES

COLUMN 17 PEAK WIND IN M.P.H.

PRELIMINARY LOCAL CLIMATOLOGICAL DATA (WS FORM: F-6) , PAGE 2

                                          STATION:  CEDAR RAPIDS IA
                                          MONTH:    JULY
                                          YEAR:     2015
                                          LATITUDE:   41 52 N
                                          LONGITUDE:  91 42 W

[TEMPERATURE DATA]      [PRECIPITATION DATA]       SYMBOLS USED IN COLUMN 16

AVERAGE MONTHLY: 71.7   TOTAL FOR MONTH:   3.23    1 = FOG OR MIST
DPTR FM NORMAL:  -1.3   DPTR FM NORMAL:   -0.71    2 = FOG REDUCING VISIBILITY
HIGHEST:    93 ON 13    GRTST 24HR  1.68 ON 26-26      TO 1/4 MILE OR LESS
LOWEST:     53 ON  9                               3 = THUNDER
                        SNOW, ICE PELLETS, HAIL    4 = ICE PELLETS
                        TOTAL MONTH:    M          5 = HAIL
                        GRTST 24HR    M  ON   M    6 = FREEZING RAIN OR DRIZZLE
                        GRTST DEPTH:  M  ON   M    7 = DUSTSTORM OR SANDSTORM:
                                                       VSBY 1/2 MILE OR LESS
                                                   8 = SMOKE OR HAZE
[NO. OF DAYS WITH]      [WEATHER - DAYS WITH]      9 = BLOWING SNOW
                                                   X = TORNADO
MAX 32 OR BELOW:   0    0.01 INCH OR MORE:   7
MAX 90 OR ABOVE:   2    0.10 INCH OR MORE:   5
MIN 32 OR BELOW:   0    0.50 INCH OR MORE:   3
MIN  0 OR BELOW:   0    1.00 INCH OR MORE:   1

[HDD (BASE 65) ]
TOTAL THIS MO.     4    CLEAR  (SCALE 0-3)  19
DPTR FM NORMAL     4    PTCLDY (SCALE 4-7)   8
TOTAL FM JUL 1     4    CLOUDY (SCALE 8-10)  0
DPTR FM NORMAL     4

[CDD (BASE 65) ]
TOTAL THIS MO.   189
DPTR FM NORMAL   -27    [PRESSURE DATA]
TOTAL FM JAN 1   384    HIGHEST SLP M ON M
DPTR FM NORMAL   -47    LOWEST  SLP 29.57 ON 13

[REMARKS]
