000
CXUS52 KGSP 300817
CF6CLT
PRELIMINARY LOCAL CLIMATOLOGICAL DATA (WS FORM: F-6)

                                          STATION:   CHARLOTTE NC
                                          MONTH:     OCTOBER
                                          YEAR:      2014
                                          LATITUDE:   35 12 N
                                          LONGITUDE:  80 57 W

  TEMPERATURE IN F:       :PCPN:    SNOW:  WIND      :SUNSHINE: SKY     :PK WND
================================================================================
1   2   3   4   5  6A  6B    7    8   9   10  11  12  13   14  15   16   17  18
                                     12Z  AVG MX 2MIN
DY MAX MIN AVG DEP HDD CDD  WTR  SNW DPTH SPD SPD DIR MIN PSBL S-S WX    SPD DR
================================================================================

 1  84  56  70   5   0   5 0.00  0.0    0  2.2 10 130   M    M   3 1      14 100
 2  85  59  72   7   0   7 0.00  0.0    0  4.0 10 210   M    M   2 18     20 170
 3  79  61  70   5   0   5 0.03  0.0    0  8.7 18 170   M    M   6 1      24 180
 4  67  43  55  -9  10   0 0.00  0.0    0  6.9 17 320   M    M   4        26 320
 5  65  38  52 -12  13   0 0.00  0.0    0  4.0 14 190   M    M   1        20 180
 6  76  47  62  -2   3   0 0.00  0.0    0  8.8 21 180   M    M   4        26 200
 7  80  53  67   4   0   2 0.00  0.0    0  7.5 20 180   M    M   7        26 180
 8  86  58  72   9   0   7 0.00  0.0    0  5.6 17 270   M    M   5        25 280
 9  80  52  66   4   0   1 0.00  0.0    0  4.7 12 190   M    M   7        15 170
10  84  60  72  10   0   7 0.00  0.0    0  7.1 17 200   M    M   6        23 190
11  87  68  78  16   0  13 0.08  0.0    0  7.4 21 220   M    M   7 138    26 210
12  68  58  63   1   2   0 0.02  0.0    0  7.4 16  60   M    M  10 1      23  70
13  72  59  66   5   0   1 0.04  0.0    0  5.4 17 150   M    M  10 128    22 140
14  82  64  73  12   0   8 0.45  0.0    0 15.2 25 170   M    M  10 1      33 170
15  73  58  66   6   0   1 0.24  0.0    0  7.4 14 220   M    M   7 1      21 220
16  71  50  61   1   4   0    T  0.0    0  4.6 10 280   M    M   5        16 210
17  74  44  59  -1   6   0 0.00  0.0    0  4.2 13 210   M    M   1 18     17 210
18  76  53  65   5   0   0 0.00  0.0    0  5.2 14 350   M    M   3 1      18 350
19  69  45  57  -2   8   0 0.00  0.0    0  3.6 14 350   M    M   2        21 340
20  71  46  59   0   6   0    T  0.0    0  3.9 14 180   M    M   5        18 220
21  75  47  61   2   4   0 0.00  0.0    0  4.9 16 300   M    M   3 1      20 300
22  68  44  56  -2   9   0 0.00  0.0    0  9.3 20 350   M    M   1        26 360
23  70  40  55  -3  10   0 0.00  0.0    0  5.5 16 350   M    M   1        20 330
24  69  39  54  -4  11   0 0.00  0.0    0  3.0  9 270   M    M   6        31  80
25  74  39  57   0   8   0 0.00  0.0    0  4.3  9 230   M    M   1        14 300
26  83  48  66   9   0   1 0.00  0.0    0  6.4 17 300   M    M   0        24 270
27  80  43  62   5   3   0 0.00  0.0    0  4.2 10 160   M    M   1        17 120
28  84  52  68  12   0   3 0.00  0.0    0  4.4 16 230   M    M   4 1      21 240
29  79  58  69  13   0   4 0.00  0.0    0  7.7 18 360   M    M   9        24 350
================================================================================
SM 2211 1482        97  65  0.86     0.0 173.5          M      131
================================================================================
AV 76.2 51.1                               6.0 FASTST   M    M   5    MAX(MPH)
                                 MISC ---->  # 25 170               # 33  170
================================================================================
NOTES:
# LAST OF SEVERAL OCCURRENCES

COLUMN 17 PEAK WIND IN M.P.H.

PRELIMINARY LOCAL CLIMATOLOGICAL DATA (WS FORM: F-6) , PAGE 2

                                          STATION:  CHARLOTTE NC
                                          MONTH:    OCTOBER
                                          YEAR:     2014
                                          LATITUDE:   35 12 N
                                          LONGITUDE:  80 57 W

[TEMPERATURE DATA]      [PRECIPITATION DATA]       SYMBOLS USED IN COLUMN 16

AVERAGE MONTHLY: 63.7   TOTAL FOR MONTH:   0.86    1 = FOG OR MIST
DPTR FM NORMAL:   3.1   DPTR FM NORMAL:   -2.34    2 = FOG REDUCING VISIBILITY
HIGHEST:    87 ON 11    GRTST 24HR  0.66 ON 14-15      TO 1/4 MILE OR LESS
LOWEST:     38 ON  5                               3 = THUNDER
                        SNOW, ICE PELLETS, HAIL    4 = ICE PELLETS
                        TOTAL MONTH:   0.0 INCH    5 = HAIL
                        GRTST 24HR     0.0         6 = FREEZING RAIN OR DRIZZLE
                        GRTST DEPTH:   0           7 = DUSTSTORM OR SANDSTORM:
                                                       VSBY 1/2 MILE OR LESS
                                                   8 = SMOKE OR HAZE
[NO. OF DAYS WITH]      [WEATHER - DAYS WITH]      9 = BLOWING SNOW
                                                   X = TORNADO
MAX 32 OR BELOW:   0    0.01 INCH OR MORE:   6
MAX 90 OR ABOVE:   0    0.10 INCH OR MORE:   2
MIN 32 OR BELOW:   0    0.50 INCH OR MORE:   0
MIN  0 OR BELOW:   0    1.00 INCH OR MORE:   0

[HDD (BASE 65) ]
TOTAL THIS MO.    97    CLEAR  (SCALE 0-3)  11
DPTR FM NORMAL   -68    PTCLDY (SCALE 4-7)  14
TOTAL FM JUL 1   109    CLOUDY (SCALE 8-10)  4
DPTR FM NORMAL   -79

[CDD (BASE 65) ]
TOTAL THIS MO.    65
DPTR FM NORMAL    26    [PRESSURE DATA]
TOTAL FM JAN 1  1653    HIGHEST SLP M ON M
DPTR FM NORMAL   139    LOWEST  SLP 29.73 ON 14

[REMARKS]
