000
CXUS53 KILX 300900
CF6CMI
PRELIMINARY LOCAL CLIMATOLOGICAL DATA (WS FORM: F-6)

                                          STATION:   CHAMPAIGN IL AIRPORT
                                          MONTH:     APRIL
                                          YEAR:      2017
                                          LATITUDE:   40  1 N
                                          LONGITUDE:  88 17 W

  TEMPERATURE IN F:       :PCPN:    SNOW:  WIND      :SUNSHINE: SKY     :PK WND
================================================================================
1   2   3   4   5  6A  6B    7    8   9   10  11  12  13   14  15   16   17  18
                                     12Z  AVG MX 2MIN
DY MAX MIN AVG DEP HDD CDD  WTR  SNW DPTH SPD SPD DIR MIN PSBL S-S WX    SPD DR
================================================================================

 1  58  35  47   0  18   0 0.00    M    M  7.1 15  40   M    M   1 18     20  60
 2  66  41  54   7  11   0 0.00    M    M  9.5 22 130   M    M   0 1      27 120
 3  67  51  59  12   6   0 0.37    M    M 13.5 23 270   M    M   9 13     28 270
 4  58  49  54   6  11   0 0.01    M    M 13.1 23 260   M    M  10 1      29 270
 5  53  40  47  -1  18   0 1.04    M    M 18.1 30 350   M    M   9 13     37 340
 6  52  38  45  -3  20   0 0.09    M    M 20.5 33 330   M    M   6        39 340
 7  57  31  44  -5  21   0 0.00    M    M 10.7 22 310   M    M   0        29 320
 8  69  33  51   2  14   0 0.00    M    M 14.3 25 170   M    M   0        32 160
 9  76  53  65  16   0   0 0.00    M    M 22.4 36 180   M    M   0        43 180
10  69  54  62  12   3   0 0.28    M    M 15.8 26 190   M    M   3 13     36 210
11  57  42  50   0  15   0 0.00    M    M  7.7 17 290   M    M   3        19 290
12  69  37  53   3  12   0 0.00    M    M  5.7 13 120   M    M   0        17 130
13  81  44  63  12   2   0 0.00    M    M  8.5 21 190   M    M   4        25 200
14  84  51  68  17   0   3 0.16    M    M 10.6 35 220   M    M   3 138    42 220
15  83  61  72  20   0   7 0.00    M    M 17.5 33 210   M    M   1        42 210
16  71  52  62  10   3   0 0.23    M    M 12.6 31 320   M    M   4 13     36 320
17  71  52  62  10   3   0    T    M    M  7.6 15 110   M    M   1        18 110
18  79  44  62   9   3   0 0.00    M    M 12.1 24 150   M    M   1        29 150
19  83  60  72  19   0   7 0.00    M    M 11.9 18 230   M    M   3 1      26 220
20  82  50  66  13   0   1    T    M    M 16.9 30 250   M    M   4 3      39 230
21  57  45  51  -3  14   0 0.00    M    M 12.7 22  30   M    M   1 8      30  30
22  63  43  53  -1  12   0 0.00    M    M 16.1 26  50   M    M   0        36  60
23  73  37  55   0  10   0 0.00    M    M 10.7 18  50   M    M   0        24  50
24  79  47  63   8   2   0 0.00    M    M 10.2 20 100   M    M   0        27  90
25  82  47  65  10   0   0 0.00    M    M 14.6 30 140   M    M   0        37 150
26  81  60  71  15   0   6 0.71    M    M 17.9 32 240   M    M   6 13     39 240
27  60  45  53  -3  12   0 0.16    M    0 15.6 37 180   M    M   9 1      44 180
28  56  47  52  -4  13   0 0.27    M    0 10.5 22 130   M    M   8 13     26 120
29  60  48  54  -3  11   0 1.39    M    M 15.8 38  70   M    M  10 123    47  70
================================================================================
SM 1996 1337       234  24  4.71    M    380.2          M       96
================================================================================
AV 68.8 46.1                              13.1 FASTST   M    M   3    MAX(MPH)
                                 MISC ---->  # 38  70               # 47   70
================================================================================
NOTES:
# LAST OF SEVERAL OCCURRENCES

COLUMN 17 PEAK WIND IN M.P.H.

PRELIMINARY LOCAL CLIMATOLOGICAL DATA (WS FORM: F-6) , PAGE 2

                                          STATION:  CHAMPAIGN IL AIRPORT
                                          MONTH:    APRIL
                                          YEAR:     2017
                                          LATITUDE:   40  1 N
                                          LONGITUDE:  88 17 W

[TEMPERATURE DATA]      [PRECIPITATION DATA]       SYMBOLS USED IN COLUMN 16

AVERAGE MONTHLY: 57.5   TOTAL FOR MONTH:   4.71    1 = FOG OR MIST
DPTR FM NORMAL:   5.8   DPTR FM NORMAL:    1.09    2 = FOG REDUCING VISIBILITY
HIGHEST:    84 ON 14    GRTST 24HR  1.39 ON 29-29      TO 1/4 MILE OR LESS
LOWEST:     31 ON  7                               3 = THUNDER
                        SNOW, ICE PELLETS, HAIL    4 = ICE PELLETS
                        TOTAL MONTH:    M          5 = HAIL
                        GRTST 24HR    M  ON   M    6 = FREEZING RAIN OR DRIZZLE
                        GRTST DEPTH:   0           7 = DUSTSTORM OR SANDSTORM:
                                                       VSBY 1/2 MILE OR LESS
                                                   8 = SMOKE OR HAZE
[NO. OF DAYS WITH]      [WEATHER - DAYS WITH]      9 = BLOWING SNOW
                                                   X = TORNADO
MAX 32 OR BELOW:   0    0.01 INCH OR MORE:  11
MAX 90 OR ABOVE:   0    0.10 INCH OR MORE:   9
MIN 32 OR BELOW:   1    0.50 INCH OR MORE:   3
MIN  0 OR BELOW:   0    1.00 INCH OR MORE:   2

[HDD (BASE 65) ]
TOTAL THIS MO.   234    CLEAR  (SCALE 0-3)  17
DPTR FM NORMAL  -166    PTCLDY (SCALE 4-7)   7
TOTAL FM JUL 1  4421    CLOUDY (SCALE 8-10)  5
DPTR FM NORMAL -1237

[CDD (BASE 65) ]
TOTAL THIS MO.    24
DPTR FM NORMAL    21    [PRESSURE DATA]
TOTAL FM JAN 1    24    HIGHEST SLP M ON M
DPTR FM NORMAL    20    LOWEST  SLP 29.32 ON  3

[REMARKS]
