000
CXUS53 KARX 230930
CF6CMY
PRELIMINARY LOCAL CLIMATOLOGICAL DATA (WS FORM: F-6)

                                          STATION:   SPARTA - FORT MCCOY WI
                                          MONTH:     SEPTEMBER
                                          YEAR:      2014
                                          LATITUDE:   43 58 N
                                          LONGITUDE:  90 44 W

  TEMPERATURE IN F:       :PCPN:    SNOW:  WIND      :SUNSHINE: SKY     :PK WND
================================================================================
1   2   3   4   5  6A  6B    7    8   9   10  11  12  13   14  15   16   17  18
                                     12Z  AVG MX 2MIN
DY MAX MIN AVG DEP HDD CDD  WTR  SNW DPTH SPD SPD DIR MIN PSBL S-S WX    SPD DR
================================================================================

 1  77  55  66   M   0   1 0.54  0.0    0  5.7 14 270   M    M   5        22 210
 2  78  51  65   M   0   0 0.00  0.0    0  3.6 10 280   M    M   1 1      17 270
 3  82  49  66   M   0   1 0.00  0.0    0  6.0 14 160   M    M   1        18 190
 4  81  72  77   M   0  12 0.04  0.0    0  8.6 25 180   M    M   8 3      32 180
 5  77  46  62   M   3   0 0.00  0.0    0  6.7 18 320   M    M   5        24 320
 6  75  41  58   M   7   0 0.00  0.0    0  3.3 13 280   M    M   3 12     17 270
 7  78  43  61   M   4   0 0.00  0.0    0  1.7  7 190   M    M   1 1       M  M
 8  73  44  59   M   6   0 0.14  0.0    0  4.8 14 180   M    M   2 13     18 160
 9  80  57  69   M   0   4 0.11  0.0    0  3.3  9 150   M    M   8 13      M  M
10  68  45  57   M   8   0 0.16  0.0    0  8.3 17 310   M    M  10 1      25 310
11  58  35  47   M  18   0 0.00  0.0    0  6.1 13 330   M    M   8        17 330
12  47  34  41   M  24   0 0.11  0.0    0  0.7  6 320   M    M   8 1       M  M
13  57  36  47   M  18   0 0.01  0.0    0  1.2  7 210   M    M   6 12      M  M
14  68  34  51   M  14   0 0.00  0.0    0  4.4 13 220   M    M   7        22 230
15  60  36  48   M  17   0 0.28  0.0    0  2.3  9 320   M    M   6         M  M
16  65  32  49   M  16   0 0.00  0.0    0  2.3  8 260   M    M   3 12      M  M
17  71  35  53   M  12   0 0.00  0.0    0  1.3  6 200   M    M   5 1       M  M
18  65  40  53   M  12   0 0.00  0.0    0  4.1  9 100   M    M   4 1       M  M
19  75  49  62   M   3   0 0.00  0.0    0 10.2 21 190   M    M   1        29 190
20  78  55  67   M   0   2 1.14  0.0    0  6.9 18 310   M    M   4 3      30 300
21  66  38  52   M  13   0 0.00  0.0    0  9.1 17 330   M    M   5        25 330
22  69  33  51   M  14   0 0.00  0.0    0  2.6 10 250   M    M   1         M  M
================================================================================
SM 1548  960       189  20  2.53     0.0 103.2          M      102
================================================================================
AV 70.4 43.6                               4.7 FASTST   M    M   5    MAX(MPH)
                                 MISC ---->    25   M                 32    M
================================================================================
NOTES:
# LAST OF SEVERAL OCCURRENCES

COLUMN 17 PEAK WIND IN M.P.H.

PRELIMINARY LOCAL CLIMATOLOGICAL DATA (WS FORM: F-6) , PAGE 2

                                          STATION:  SPARTA - FORT MCCOY WI
                                          MONTH:    SEPTEMBER
                                          YEAR:     2014
                                          LATITUDE:   43 58 N
                                          LONGITUDE:  90 44 W

[TEMPERATURE DATA]      [PRECIPITATION DATA]       SYMBOLS USED IN COLUMN 16

AVERAGE MONTHLY: 57.0   TOTAL FOR MONTH:   2.53    1 = FOG OR MIST
DPTR FM NORMAL:     M   DPTR FM NORMAL:       M    2 = FOG REDUCING VISIBILITY
HIGHEST:    82 ON  3    GRTST 24HR  1.14 ON 20-20      TO 1/4 MILE OR LESS
LOWEST:     32 ON 16                               3 = THUNDER
                        SNOW, ICE PELLETS, HAIL    4 = ICE PELLETS
                        TOTAL MONTH:   0.0 INCH    5 = HAIL
                        GRTST 24HR     0.0         6 = FREEZING RAIN OR DRIZZLE
                        GRTST DEPTH:   0           7 = DUSTSTORM OR SANDSTORM:
                                                       VSBY 1/2 MILE OR LESS
                                                   8 = SMOKE OR HAZE
[NO. OF DAYS WITH]      [WEATHER - DAYS WITH]      9 = BLOWING SNOW
                                                   X = TORNADO
MAX 32 OR BELOW:   0    0.01 INCH OR MORE:   9
MAX 90 OR ABOVE:   0    0.10 INCH OR MORE:   7
MIN 32 OR BELOW:   1    0.50 INCH OR MORE:   2
MIN  0 OR BELOW:   0    1.00 INCH OR MORE:   1

[HDD (BASE 65) ]
TOTAL THIS MO.   189    CLEAR  (SCALE 0-3)   8
DPTR FM NORMAL     M    PTCLDY (SCALE 4-7)  11
TOTAL FM JUL 1   250    CLOUDY (SCALE 8-10)  3
DPTR FM NORMAL     M

[CDD (BASE 65) ]
TOTAL THIS MO.    20
DPTR FM NORMAL     M    [PRESSURE DATA]
TOTAL FM JAN 1   393    HIGHEST SLP M ON M
DPTR FM NORMAL     M    LOWEST  SLP M ON M

[REMARKS]
