000
CXUS53 KARX 180930
CF6CMY
PRELIMINARY LOCAL CLIMATOLOGICAL DATA (WS FORM: F-6)

                                          STATION:   SPARTA - FORT MCCOY WI
                                          MONTH:     DECEMBER
                                          YEAR:      2017
                                          LATITUDE:   43 58 N
                                          LONGITUDE:  90 44 W

  TEMPERATURE IN F:       :PCPN:    SNOW:  WIND      :SUNSHINE: SKY     :PK WND
================================================================================
1   2   3   4   5  6A  6B    7    8   9   10  11  12  13   14  15   16   17  18
                                     12Z  AVG MX 2MIN
DY MAX MIN AVG DEP HDD CDD  WTR  SNW DPTH SPD SPD DIR MIN PSBL S-S WX    SPD DR
================================================================================

 1  50  16  33   M  32   0 0.00  0.0    0  3.0 10 180   M    M   2         M  M
 2  48  19  34   M  31   0 0.00  0.0    0  0.8  6 270   M    M   0         M  M
 3  55  17  36   M  29   0 0.00  0.0    0  3.7 10 160   M    M   3        17 140
 4  60  35  48   M  17   0 0.38  0.0    0 12.8 20 180   M    M  10 3      28 180
 5  35  20  28   M  37   0    M    M    0 15.6 22 260   M    M   6        33 270
 6  28  16  22   M  43   0    T    T    T 11.1 20 270   M    M   4        24 270
 7  22  13  18   M  47   0    T    T    T  8.3 14 310   M    M   3        17 310
 8  32  17  25   M  40   0    M    M    0  4.8  8 270   M    M   9         M  M
 9  28   9  19   M  46   0    M    M    1  8.3 15 350   M    M   8        23 320
10  28  17  23   M  42   0 0.00  0.0    M  3.3 13 310   M    M   9        17 300
11  32  19  26   M  39   0    M    M    M  5.8 17 330   M    M   8        27 330
12  24   9  17   M  48   0    T    T    M  5.8 13 310   M    M   7        20 320
13  28  11  20   M  45   0    M    M    M  7.8 16 340   M    M   8        25 330
14  27  -3  12   M  53   0 0.00  0.0    M  2.4 12 300   M    M   6        17 300
15  30  21  26   M  39   0    M    M    M  4.9 12 280   M    M  10         M  M
16  29  24  27   M  38   0 0.00  0.0    M  7.0 13  80   M    M   9 1      17  80
17  31  26  29   M  36   0    M    M    M  2.5  8 100   M    M  10 1       M  M
================================================================================
SM  587  286       662   0  0.38    T    107.9          M      112
================================================================================
AV 34.5 16.8                               6.3 FASTST   M    M   7    MAX(MPH)
                                 MISC ---->  # 22 260               # 33  270
================================================================================
NOTES:
# LAST OF SEVERAL OCCURRENCES

COLUMN 17 PEAK WIND IN M.P.H.

PRELIMINARY LOCAL CLIMATOLOGICAL DATA (WS FORM: F-6) , PAGE 2

                                          STATION:  SPARTA - FORT MCCOY WI
                                          MONTH:    DECEMBER
                                          YEAR:     2017
                                          LATITUDE:   43 58 N
                                          LONGITUDE:  90 44 W

[TEMPERATURE DATA]      [PRECIPITATION DATA]       SYMBOLS USED IN COLUMN 16

AVERAGE MONTHLY: 25.7   TOTAL FOR MONTH:   0.38    1 = FOG OR MIST
DPTR FM NORMAL:     M   DPTR FM NORMAL:       M    2 = FOG REDUCING VISIBILITY
HIGHEST:    60 ON  4    GRTST 24HR  0.38 ON  4- 4      TO 1/4 MILE OR LESS
LOWEST:     -3 ON 14                               3 = THUNDER
                        SNOW, ICE PELLETS, HAIL    4 = ICE PELLETS
                        TOTAL MONTH:    T          5 = HAIL
                        GRTST 24HR    T  ON 12-12  6 = FREEZING RAIN OR DRIZZLE
                        GRTST DEPTH:   1 ON  9     7 = DUSTSTORM OR SANDSTORM:
                                                       VSBY 1/2 MILE OR LESS
                                                   8 = SMOKE OR HAZE
[NO. OF DAYS WITH]      [WEATHER - DAYS WITH]      9 = BLOWING SNOW
                                                   X = TORNADO
MAX 32 OR BELOW:  12    0.01 INCH OR MORE:   1
MAX 90 OR ABOVE:   0    0.10 INCH OR MORE:   1
MIN 32 OR BELOW:  16    0.50 INCH OR MORE:   0
MIN  0 OR BELOW:   1    1.00 INCH OR MORE:   0

[HDD (BASE 65) ]
TOTAL THIS MO.   662    CLEAR  (SCALE 0-3)   4
DPTR FM NORMAL     M    PTCLDY (SCALE 4-7)   5
TOTAL FM JUL 1  2374    CLOUDY (SCALE 8-10)  8
DPTR FM NORMAL     M

[CDD (BASE 65) ]
TOTAL THIS MO.     0
DPTR FM NORMAL     M    [PRESSURE DATA]
TOTAL FM JAN 1   345    HIGHEST SLP M ON M
DPTR FM NORMAL     M    LOWEST  SLP M ON M

[REMARKS]
