000
CXUS53 KTOP 220820
CF6CNK
PRELIMINARY LOCAL CLIMATOLOGICAL DATA (WS FORM: F-6)

                                          STATION:   Concordia KS
                                          MONTH:     MAY
                                          YEAR:      2015
                                          LATITUDE:   39 32 N
                                          LONGITUDE:  97 39 W

  TEMPERATURE IN F:       :PCPN:    SNOW:  WIND      :SUNSHINE: SKY     :PK WND
================================================================================
1   2   3   4   5  6A  6B    7    8   9   10  11  12  13   14  15   16   17  18
                                     12Z  AVG MX 2MIN
DY MAX MIN AVG DEP HDD CDD  WTR  SNW DPTH SPD SPD DIR MIN PSBL S-S WX    SPD DR
================================================================================

 1  75  51  63   5   2   0 0.00  0.0    0 12.2 23 200   M    M   4        31 200
 2  84  59  72  13   0   7 0.00  0.0    0 17.9 28 200   M    M   3        36 200
 3  89  61  75  16   0  10    T  0.0    0 14.7 25 190   M    M   0        33 180
 4  75  60  68   9   0   3 0.30  0.0    0  8.3 18 190   M    M   4 13     24 180
 5  77  58  68   8   0   3 0.24  0.0    0 13.5 25 150   M    M   5 1      32 140
 6  71  60  66   6   0   1 0.24  0.0    0 22.5 41 140   M    M   8 138    52 140
 7  80  59  70  10   0   5 0.02  0.0    0 13.7 32 180   M    M   4 13     46 190
 8  67  53  60   0   5   0 0.00  0.0    0  9.6 16  50   M    M   9        22 350
 9  70  54  62   1   3   0 0.01  0.0    0 12.8 22 140   M    M   9 3      29 130
10  66  44  55  -6  10   0 0.23  0.0    0 15.0 26 270   M    M   4 13     32 270
11  62  38  50 -12  15   0 0.00  0.0    0 15.3 28 300   M    M   2        34 270
12  71  39  55  -7  10   0 0.00  0.0    0 10.7 20 160   M    M   0        27 160
13  69  45  57  -5   8   0 0.63  0.0    0 14.3 25 130   M    M   5 1      30 160
14  73  56  65   3   0   0 0.29  0.0    0  8.2 17 140   M    M   7 1      22 120
15  77  59  68   5   0   3 0.08  0.0    0  9.6 22 150   M    M   4 13     27 150
16  71  55  63   0   2   0 0.44  0.0    0 15.8 32 190   M    M   7 13     40 180
17  81  55  68   5   0   3 0.00  0.0    0 12.9 23 260   M    M   4        29 260
18  66  50  58  -6   7   0 0.00  0.0    0 12.4 24 350   M    M   0        32 350
19  53  44  49 -15  16   0 0.37  0.0    0 10.7 23  60   M    M   4 1      31  60
20  55  45  50 -14  15   0 0.03  0.0    0  9.9 18  10   M    M   9 1      23  10
21  67  39  53 -12  12   0 0.00  0.0    0  5.2 12 220   M    M   0 1      15 330
================================================================================
SM 1499 1084       105  35  2.88     0.0 265.2          M       92
================================================================================
AV 71.4 51.6                              12.6 FASTST   M    M   4    MAX(MPH)
                                 MISC ---->  # 41 140               # 52  140
================================================================================
NOTES:
# LAST OF SEVERAL OCCURRENCES

COLUMN 17 PEAK WIND IN M.P.H.

PRELIMINARY LOCAL CLIMATOLOGICAL DATA (WS FORM: F-6) , PAGE 2

                                          STATION:  Concordia KS
                                          MONTH:    MAY
                                          YEAR:     2015
                                          LATITUDE:   39 32 N
                                          LONGITUDE:  97 39 W

[TEMPERATURE DATA]      [PRECIPITATION DATA]       SYMBOLS USED IN COLUMN 16

AVERAGE MONTHLY: 61.5   TOTAL FOR MONTH:   2.88    1 = FOG OR MIST
DPTR FM NORMAL:   0.0   DPTR FM NORMAL:    0.15    2 = FOG REDUCING VISIBILITY
HIGHEST:    89 ON  3    GRTST 24HR  0.92 ON 13-14      TO 1/4 MILE OR LESS
LOWEST:     38 ON 11                               3 = THUNDER
                        SNOW, ICE PELLETS, HAIL    4 = ICE PELLETS
                        TOTAL MONTH:   0.0 INCH    5 = HAIL
                        GRTST 24HR     0.0         6 = FREEZING RAIN OR DRIZZLE
                        GRTST DEPTH:   0           7 = DUSTSTORM OR SANDSTORM:
                                                       VSBY 1/2 MILE OR LESS
                                                   8 = SMOKE OR HAZE
[NO. OF DAYS WITH]      [WEATHER - DAYS WITH]      9 = BLOWING SNOW
                                                   X = TORNADO
MAX 32 OR BELOW:   0    0.01 INCH OR MORE:  12
MAX 90 OR ABOVE:   0    0.10 INCH OR MORE:   8
MIN 32 OR BELOW:   0    0.50 INCH OR MORE:   1
MIN  0 OR BELOW:   0    1.00 INCH OR MORE:   0

[HDD (BASE 65) ]
TOTAL THIS MO.   105    CLEAR  (SCALE 0-3)   6
DPTR FM NORMAL    -3    PTCLDY (SCALE 4-7)  11
TOTAL FM JUL 1  5148    CLOUDY (SCALE 8-10)  4
DPTR FM NORMAL  -224

[CDD (BASE 65) ]
TOTAL THIS MO.    35
DPTR FM NORMAL     1    [PRESSURE DATA]
TOTAL FM JAN 1    43    HIGHEST SLP M ON M
DPTR FM NORMAL    -8    LOWEST  SLP 29.64 ON 16

[REMARKS]
