000
CXUS56 KSGX 221445
CF6CNO
PRELIMINARY LOCAL CLIMATOLOGICAL DATA (WS FORM: F-6)

                                          STATION:   CHINO AIRPORT CA
                                          MONTH:     OCTOBER
                                          YEAR:      2014
                                          LATITUDE:   33 58 N
                                          LONGITUDE: 117 38 W

  TEMPERATURE IN F:       :PCPN:    SNOW:  WIND      :SUNSHINE: SKY     :PK WND
================================================================================
1   2   3   4   5  6A  6B    7    8   9   10  11  12  13   14  15   16   17  18
                                     12Z  AVG MX 2MIN
DY MAX MIN AVG DEP HDD CDD  WTR  SNW DPTH SPD SPD DIR MIN PSBL S-S WX    SPD DR
================================================================================

 1  90  55  73   3   0   8 0.00  0.0    0  4.1 17 230   M    M   0 18     20 240
 2  98  54  76   7   0  11 0.00  0.0    0  5.8 18  90   M    M   0 18     24 120
 3 101  52  77   8   0  12 0.00  0.0    0  3.0 10 290   M    M   3 8       M  M
 4 104  53  79  10   0  14 0.00  0.0    0  4.2 15 240   M    M   2 8      20 240
 5 101  55  78   9   0  13 0.00  0.0    0  4.0 16 260   M    M   1 8      20 280
 6  98  53  76   8   0  11 0.00  0.0    0  3.7 17 230   M    M   2 8      20 240
 7  96  58  77   9   0  12 0.00  0.0    0  3.4 15 230   M    M   2 8      32  30
 8  93  56  75   7   0  10 0.00  0.0    0  5.8 17 240   M    M   1 18     23 260
 9  84  60  72   4   0   7 0.00  0.0    0  4.6 16 250   M    M   3 18     19 230
10  86  55  71   3   0   6 0.00  0.0    0  3.7 16 230   M    M   3 128    19 230
11  91  56  74   7   0   9 0.00  0.0    0  4.7 16 240   M    M   2 128    19 240
12  86  55  71   4   0   6 0.00  0.0    0  4.6 17 250   M    M   2 128    21 280
13  89  53  71   4   0   6 0.00  0.0    0  4.4 15 260   M    M   1 128    20 270
14  82  58  70   3   0   5 0.00  0.0    0  6.7 17 240   M    M   5 128    20 240
15  80  57  69   2   0   4 0.00  0.0    0  4.4 16 250   M    M   5 8      22 220
16  80  56  68   2   0   3 0.00  0.0    0  3.7 16 250   M    M   3 18     18 250
17  79  54  67   1   0   2 0.00  0.0    0  4.2 17 240   M    M   4 18     20 250
18  80  57  69   3   0   4 0.00  0.0    0  4.1 15 240   M    M   3 18     18 220
19  82  54  68   2   0   3 0.00  0.0    0  3.6 15 270   M    M   1 18     19 260
20  82  56  69   3   0   4 0.00  0.0    0  4.2 14 230   M    M   3 128    17 240
21  84  56  70   5   0   5 0.00  0.0    0  3.1 14 240   M    M   4 18     18 260
================================================================================
SM 1866 1163         0 155  0.00     0.0  90.0          M       50
================================================================================
AV 88.9 55.4                               4.3 FASTST   M    M   2    MAX(MPH)
                                 MISC ---->  # 18  90               # 32   30
================================================================================
NOTES:
# LAST OF SEVERAL OCCURRENCES

COLUMN 17 PEAK WIND IN M.P.H.

PRELIMINARY LOCAL CLIMATOLOGICAL DATA (WS FORM: F-6) , PAGE 2

                                          STATION:  CHINO AIRPORT CA
                                          MONTH:    OCTOBER
                                          YEAR:     2014
                                          LATITUDE:   33 58 N
                                          LONGITUDE: 117 38 W

[TEMPERATURE DATA]      [PRECIPITATION DATA]       SYMBOLS USED IN COLUMN 16

AVERAGE MONTHLY: 72.1   TOTAL FOR MONTH:   0.00    1 = FOG OR MIST
DPTR FM NORMAL:   4.7   DPTR FM NORMAL:   -0.42    2 = FOG REDUCING VISIBILITY
HIGHEST:   104 ON  4    GRTST 24HR  0.00 ON 21-21      TO 1/4 MILE OR LESS
LOWEST:     52 ON  3                               3 = THUNDER
                        SNOW, ICE PELLETS, HAIL    4 = ICE PELLETS
                        TOTAL MONTH:   0.0 INCH    5 = HAIL
                        GRTST 24HR     0.0         6 = FREEZING RAIN OR DRIZZLE
                        GRTST DEPTH:   0           7 = DUSTSTORM OR SANDSTORM:
                                                       VSBY 1/2 MILE OR LESS
                                                   8 = SMOKE OR HAZE
[NO. OF DAYS WITH]      [WEATHER - DAYS WITH]      9 = BLOWING SNOW
                                                   X = TORNADO
MAX 32 OR BELOW:   0    0.01 INCH OR MORE:   0
MAX 90 OR ABOVE:   9    0.10 INCH OR MORE:   0
MIN 32 OR BELOW:   0    0.50 INCH OR MORE:   0
MIN  0 OR BELOW:   0    1.00 INCH OR MORE:   0

[HDD (BASE 65) ]
TOTAL THIS MO.     0    CLEAR  (SCALE 0-3)  16
DPTR FM NORMAL   -25    PTCLDY (SCALE 4-7)   5
TOTAL FM JUL 1     0    CLOUDY (SCALE 8-10)  0
DPTR FM NORMAL   -29

[CDD (BASE 65) ]
TOTAL THIS MO.   155
DPTR FM NORMAL    81    [PRESSURE DATA]
TOTAL FM JAN 1  1792    HIGHEST SLP M ON M
DPTR FM NORMAL   481    LOWEST  SLP 29.70 ON  1

[REMARKS]
