000
CXUS53 KICT 310800
CF6CNU
PRELIMINARY LOCAL CLIMATOLOGICAL DATA (WS FORM: F-6)

                                          STATION:   CHANUTE KS
                                          MONTH:     JANUARY
                                          YEAR:      2015
                                          LATITUDE:   37 40 N
                                          LONGITUDE:  95 29 W

  TEMPERATURE IN F:       :PCPN:    SNOW:  WIND      :SUNSHINE: SKY     :PK WND
================================================================================
1   2   3   4   5  6A  6B    7    8   9   10  11  12  13   14  15   16   17  18
                                     12Z  AVG MX 2MIN
DY MAX MIN AVG DEP HDD CDD  WTR  SNW DPTH SPD SPD DIR MIN PSBL S-S WX    SPD DR
================================================================================

 1  31  17  24  -8  41   0 0.01    M    M  7.4 15 200   M    M   8 16     18 200
 2  34  28  31  -1  34   0 0.01    M    M  3.9 10 160   M    M  10 1      13 160
 3  39  27  33   1  32   0 0.18    M    M  6.1 28 310   M    M  10 1      35 320
 4  26  11  19 -13  46   0    T    M    M 15.0 29 310   M    M   4 1      36 320
 5  34  10  22 -10  43   0 0.00    M    M  8.3 20 160   M    M   0        23 150
 6  32  22  27  -5  38   0 0.00    M    M  9.2 21 340   M    M   1        28 340
 7  25   2  14 -18  51   0    T    M    M 13.8 25 340   M    M   3        34 350
 8  34   2  18 -14  47   0 0.00    M    M 14.0 30 190   M    M   2        37 180
 9  28   7  18 -14  47   0 0.00    M    M 10.3 24 340   M    M   3        32 350
10  40   6  23  -9  42   0 0.00    M    M 12.4 24 190   M    M   1        29 190
11  35  26  31  -1  34   0    T    M    M  7.4 21 170   M    M   8 18     23 170
12  35  19  27  -5  38   0 0.00    M    M 12.4 22  20   M    M   5 1      29 360
13  33  11  22 -10  43   0 0.00    M    M  7.4 15  30   M    M   2        19  40
14  39  23  31  -1  34   0 0.00    M    M  3.1 10 200   M    M   9        13 200
15  55  20  38   6  27   0 0.00    M    M  6.3 16 300   M    M   0        21 290
16  61  24  43  11  22   0 0.00    M    M 10.3 21 190   M    M   0        25 200
17  61  34  48  16  17   0 0.00    M    M 12.6 30 320   M    M   0        39 320
18  65  28  47  15  18   0 0.00    M    M  9.4 28 230   M    M   0        33 220
19  69  27  48  16  17   0 0.00    M    M  5.6 16 240   M    M   0        20 300
20  53  30  42  10  23   0    T    M    M  6.4 15 330   M    M   4 1      21 340
21  52  26  39   6  26   0 0.00    M    M  6.6 15 340   M    M   2 12     25 340
22  45  21  33   0  32   0 0.00    M    M  6.9 15  20   M    M   1        20 350
23  48  16  32  -1  33   0 0.00    M    M  5.7 14 250   M    M   0 1      17 250
24  63  28  46  13  19   0    T    M    M  9.5 21 250   M    M   2        27 260
25  51  30  41   8  24   0 0.00  0.0    M 16.1 32 340   M    M   9        42 320
26  67  21  44  11  21   0 0.00  0.0    M  8.1 18 230   M    M   0 1      23 220
27  63  27  45  12  20   0 0.00  0.0    M  6.3 14 170   M    M   0        16 160
28  75  40  58  25   7   0 0.00  0.0    M 14.1 28 180   M    M   0        35 180
29  59  24  42   9  23   0 0.00    M    M 14.0 30 340   M    M   4        38 340
30  44  19  32  -2  33   0 0.00    M    M  2.9  8  90   M    M   1 1      13 140
================================================================================
SM 1396  626       932   0  0.20     0.0 271.5          M       89
================================================================================
AV 46.5 20.9                               9.1 FASTST   M    M   3    MAX(MPH)
                                 MISC ---->  # 32 340               # 42  320
================================================================================
NOTES:
# LAST OF SEVERAL OCCURRENCES

COLUMN 17 PEAK WIND IN M.P.H.

PRELIMINARY LOCAL CLIMATOLOGICAL DATA (WS FORM: F-6) , PAGE 2

                                          STATION:  CHANUTE KS
                                          MONTH:    JANUARY
                                          YEAR:     2015
                                          LATITUDE:   37 40 N
                                          LONGITUDE:  95 29 W

[TEMPERATURE DATA]      [PRECIPITATION DATA]       SYMBOLS USED IN COLUMN 16

AVERAGE MONTHLY: 33.7   TOTAL FOR MONTH:   0.20    1 = FOG OR MIST
DPTR FM NORMAL:   1.3   DPTR FM NORMAL:   -1.01    2 = FOG REDUCING VISIBILITY
HIGHEST:    75 ON 28    GRTST 24HR  0.19 ON  2- 3      TO 1/4 MILE OR LESS
LOWEST:      2 ON  8, 7                            3 = THUNDER
                        SNOW, ICE PELLETS, HAIL    4 = ICE PELLETS
                        TOTAL MONTH:   0.0 INCH    5 = HAIL
                        GRTST 24HR     0.0         6 = FREEZING RAIN OR DRIZZLE
                        GRTST DEPTH:  M  ON   M    7 = DUSTSTORM OR SANDSTORM:
                                                       VSBY 1/2 MILE OR LESS
                                                   8 = SMOKE OR HAZE
[NO. OF DAYS WITH]      [WEATHER - DAYS WITH]      9 = BLOWING SNOW
                                                   X = TORNADO
MAX 32 OR BELOW:   5    0.01 INCH OR MORE:   3
MAX 90 OR ABOVE:   0    0.10 INCH OR MORE:   1
MIN 32 OR BELOW:  28    0.50 INCH OR MORE:   0
MIN  0 OR BELOW:   0    1.00 INCH OR MORE:   0

[HDD (BASE 65) ]
TOTAL THIS MO.   932    CLEAR  (SCALE 0-3)  19
DPTR FM NORMAL   -47    PTCLDY (SCALE 4-7)   6
TOTAL FM JUL 1  2709    CLOUDY (SCALE 8-10)  5
DPTR FM NORMAL   -63

[CDD (BASE 65) ]
TOTAL THIS MO.     0
DPTR FM NORMAL     0    [PRESSURE DATA]
TOTAL FM JAN 1     0    HIGHEST SLP M ON M
DPTR FM NORMAL     0    LOWEST  SLP 29.77 ON 28

[REMARKS]
