000
CXUS53 KICT 250800
CF6CNU
PRELIMINARY LOCAL CLIMATOLOGICAL DATA (WS FORM: F-6)

                                          STATION:   CHANUTE KS
                                          MONTH:     MARCH
                                          YEAR:      2017
                                          LATITUDE:   37 40 N
                                          LONGITUDE:  95 29 W

  TEMPERATURE IN F:       :PCPN:    SNOW:  WIND      :SUNSHINE: SKY     :PK WND
================================================================================
1   2   3   4   5  6A  6B    7    8   9   10  11  12  13   14  15   16   17  18
                                     12Z  AVG MX 2MIN
DY MAX MIN AVG DEP HDD CDD  WTR  SNW DPTH SPD SPD DIR MIN PSBL S-S WX    SPD DR
================================================================================

 1  57  28  43   1  22   0 0.00    M    M 12.2 25 320   M    M   0        32 310
 2  62  23  43   1  22   0 0.00    M    M  9.3 29 310   M    M   1        40 310
 3  67  31  49   6  16   0 0.00    M    M 12.2 25 200   M    M   0        34 180
 4  70  45  58  15   7   0 0.00    M    M 19.3 30 190   M    M   3        36 190
 5  63  53  58  14   7   0 0.00    M    M 23.0 31 170   M    M  10 1      40 200
 6  78  49  64  20   1   0 0.23    M    M 24.7 39 190   M    M   7 13     53 190
 7  63  30  47   3  18   0 0.00    M    M 11.9 26 280   M    M   0        35 280
 8  72  31  52   8  13   0 0.00    M    M  9.9 26 190   M    M   0        35 170
 9  78  42  60  15   5   0 0.03    M    M 10.7 23  20   M    M   1 3      30  30
10  50  32  41  -4  24   0    T    M    M 12.5 21  40   M    M   3        29  40
11  41  31  36 -10  29   0 0.00    M    M 12.0 18  20   M    M   9        25  20
12  46  30  38  -8  27   0    T    M    M  7.7 21 190   M    M   8        25 170
13  42  26  34 -12  31   0    T    M    M 14.5 31 320   M    M   6        41 320
14  35  21  28 -18  37   0    T    M    M  7.2 14  30   M    M   7        17  40
15  46  19  33 -14  32   0 0.00  0.0    0  7.4 15 160   M    M   5        19 140
16  70  33  52   5  13   0 0.00  0.0    0 15.5 25 180   M    M   0        31 190
17  77  53  65  17   0   0    T  0.0    M  8.4 26 190   M    M   5 1      35 190
18  70  44  57   9   8   0 0.00    M    M  7.2 14  50   M    M   1        17  40
19  87  54  71  23   0   6 0.00  0.0    0 15.5 30 180   M    M   1        35 180
20  87  60  74  26   0   9 0.00  0.0    0  9.1 17  50   M    M   0 1      22 220
21  68  53  61  12   4   0 0.00  0.0    0 15.7 25  60   M    M   5        37  60
22  59  46  53   4  12   0 0.00  0.0    0 14.1 21 100   M    M   8        27 100
23  79  54  67  18   0   2 0.00    M    M 19.2 31 170   M    M   4        40 170
24  70  53  62  12   3   0 0.10    M    M 17.3 33 180   M    M   6 1      42 180
================================================================================
SM 1537  941       331  17  0.36     0.0 316.5          M       90
================================================================================
AV 64.0 39.2                              13.2 FASTST   M    M   4    MAX(MPH)
                                 MISC ---->  # 39 190               # 53  190
================================================================================
NOTES:
# LAST OF SEVERAL OCCURRENCES

COLUMN 17 PEAK WIND IN M.P.H.

PRELIMINARY LOCAL CLIMATOLOGICAL DATA (WS FORM: F-6) , PAGE 2

                                          STATION:  CHANUTE KS
                                          MONTH:    MARCH
                                          YEAR:     2017
                                          LATITUDE:   37 40 N
                                          LONGITUDE:  95 29 W

[TEMPERATURE DATA]      [PRECIPITATION DATA]       SYMBOLS USED IN COLUMN 16

AVERAGE MONTHLY: 51.6   TOTAL FOR MONTH:   0.36    1 = FOG OR MIST
DPTR FM NORMAL:   5.7   DPTR FM NORMAL:   -1.92    2 = FOG REDUCING VISIBILITY
HIGHEST:    87 ON 20,19 GRTST 24HR  0.23 ON  6- 6      TO 1/4 MILE OR LESS
LOWEST:     19 ON 15                               3 = THUNDER
                        SNOW, ICE PELLETS, HAIL    4 = ICE PELLETS
                        TOTAL MONTH:   0.0 INCH    5 = HAIL
                        GRTST 24HR     0.0         6 = FREEZING RAIN OR DRIZZLE
                        GRTST DEPTH:   0           7 = DUSTSTORM OR SANDSTORM:
                                                       VSBY 1/2 MILE OR LESS
                                                   8 = SMOKE OR HAZE
[NO. OF DAYS WITH]      [WEATHER - DAYS WITH]      9 = BLOWING SNOW
                                                   X = TORNADO
MAX 32 OR BELOW:   0    0.01 INCH OR MORE:   3
MAX 90 OR ABOVE:   0    0.10 INCH OR MORE:   2
MIN 32 OR BELOW:  11    0.50 INCH OR MORE:   0
MIN  0 OR BELOW:   0    1.00 INCH OR MORE:   0

[HDD (BASE 65) ]
TOTAL THIS MO.   331    CLEAR  (SCALE 0-3)  12
DPTR FM NORMAL  -128    PTCLDY (SCALE 4-7)   8
TOTAL FM JUL 1  3099    CLOUDY (SCALE 8-10)  4
DPTR FM NORMAL  -932

[CDD (BASE 65) ]
TOTAL THIS MO.    17
DPTR FM NORMAL    17    [PRESSURE DATA]
TOTAL FM JAN 1    20    HIGHEST SLP M ON M
DPTR FM NORMAL    20    LOWEST  SLP 29.39 ON  6

[REMARKS]
