000
CXUS55 KRIW 230945
CF6COD
PRELIMINARY LOCAL CLIMATOLOGICAL DATA (WS FORM: F-6)

                                          STATION:   CODY WY
                                          MONTH:     NOVEMBER
                                          YEAR:      2017
                                          LATITUDE:   44 31 N
                                          LONGITUDE: 109  1 W

  TEMPERATURE IN F:       :PCPN:    SNOW:  WIND      :SUNSHINE: SKY     :PK WND
================================================================================
1   2   3   4   5  6A  6B    7    8   9   10  11  12  13   14  15   16   17  18
                                     12Z  AVG MX 2MIN
DY MAX MIN AVG DEP HDD CDD  WTR  SNW DPTH SPD SPD DIR MIN PSBL S-S WX    SPD DR
================================================================================

 1  48  25  37  -5  28   0 0.01    M    M 10.7 24 250   M    M   7 1      44 250
 2  33  24  29 -12  36   0    T    M    M  2.5  7 170   M    M   9 1       M  M
 3  34  20  27 -14  38   0 0.00    M    M  4.5 13  10   M    M   9 12     21  10
 4  29  13  21 -19  44   0    T    M    M  6.4 13  20   M    M   8 12      M  M
 5  35   6  21 -19  44   0 0.00    M    M  3.2  7  40   M    M   2 12      M  M
 6  18   3  11 -29  54   0    T    M    M  6.8 15  20   M    M   7 12      M  M
 7  31  -2  15 -24  50   0 0.01    M    M  3.5 23 220   M    M   0 1      32 210
 8  36  10  23 -16  42   0 0.00  0.0    M  4.0 12 220   M    M   2         M  M
 9  38  20  29  -9  36   0 0.15    M    M  3.7  7  40   M    M   3         M  M
10  49  30  40   2  25   0 0.03    M    M  8.7 16 260   M    M   0        38 270
11  41  28  35  -2  30   0 0.06    M    M  5.6 13  20   M    M   3 1       M  M
12  45  27  36  -1  29   0 0.00  0.0    M  7.0 15 220   M    M   0         M  M
13  55  24  40   4  25   0 0.00  0.0    M  6.4 12 220   M    M   0         M  M
14  50  28  39   3  26   0    T    M    M  8.2 21  20   M    M   3        32 260
15  46  26  36   1  29   0 0.00  0.0    M  8.5 14 160   M    M   0         M  M
16  55  36  46  11  19   0    T    M    M 12.7 24 230   M    M   1        35 220
17  39  27  33  -1  32   0 0.09    M    M  6.6 10 270   M    M   4 12     22 270
18  42  30  36   2  29   0 0.01    M    0 15.5 31 220   M    M   0        43 260
19  50  24  37   4  28   0 0.00    M    M  9.9 22 260   M    M   0        35 220
20  52  37  45  12  20   0 0.00    M    M 11.6 23 260   M    M   0        44 250
21  53  25  39   7  26   0 0.00    M    M  6.3 14 140   M    M   4        16 140
22  60  53  57  25   8   0 0.00    M    M 15.1 23 250   M    M   1        43 240
================================================================================
SM  939  514       698   0  0.36     0.0 167.4          M       63
================================================================================
AV 42.7 23.4                               7.6 FASTST   M    M   3    MAX(MPH)
                                 MISC ---->  # 31 220               # 44  250
================================================================================
NOTES:
# LAST OF SEVERAL OCCURRENCES

COLUMN 17 PEAK WIND IN M.P.H.

PRELIMINARY LOCAL CLIMATOLOGICAL DATA (WS FORM: F-6) , PAGE 2

                                          STATION:  CODY WY
                                          MONTH:    NOVEMBER
                                          YEAR:     2017
                                          LATITUDE:   44 31 N
                                          LONGITUDE: 109  1 W

[TEMPERATURE DATA]      [PRECIPITATION DATA]       SYMBOLS USED IN COLUMN 16

AVERAGE MONTHLY: 33.0   TOTAL FOR MONTH:   0.36    1 = FOG OR MIST
DPTR FM NORMAL:  -3.9   DPTR FM NORMAL:   -0.02    2 = FOG REDUCING VISIBILITY
HIGHEST:    60 ON 22    GRTST 24HR  0.15 ON  9- 9      TO 1/4 MILE OR LESS
LOWEST:     -2 ON  7                               3 = THUNDER
                        SNOW, ICE PELLETS, HAIL    4 = ICE PELLETS
                        TOTAL MONTH:   0.0 INCH    5 = HAIL
                        GRTST 24HR     0.0         6 = FREEZING RAIN OR DRIZZLE
                        GRTST DEPTH:   0           7 = DUSTSTORM OR SANDSTORM:
                                                       VSBY 1/2 MILE OR LESS
                                                   8 = SMOKE OR HAZE
[NO. OF DAYS WITH]      [WEATHER - DAYS WITH]      9 = BLOWING SNOW
                                                   X = TORNADO
MAX 32 OR BELOW:   3    0.01 INCH OR MORE:   7
MAX 90 OR ABOVE:   0    0.10 INCH OR MORE:   1
MIN 32 OR BELOW:  19    0.50 INCH OR MORE:   0
MIN  0 OR BELOW:   1    1.00 INCH OR MORE:   0

[HDD (BASE 65) ]
TOTAL THIS MO.   698    CLEAR  (SCALE 0-3)  14
DPTR FM NORMAL     M    PTCLDY (SCALE 4-7)   6
TOTAL FM JUL 1  1655    CLOUDY (SCALE 8-10)  2
DPTR FM NORMAL     M

[CDD (BASE 65) ]
TOTAL THIS MO.     0
DPTR FM NORMAL     0    [PRESSURE DATA]
TOTAL FM JAN 1   485    HIGHEST SLP M ON M
DPTR FM NORMAL   485    LOWEST  SLP M ON M

[REMARKS]
