000
CXUS51 KGYX 250900
CF6CON
PRELIMINARY LOCAL CLIMATOLOGICAL DATA (WS FORM: F-6)

                                          STATION:   CONCORD NH
                                          MONTH:     MARCH
                                          YEAR:      2017
                                          LATITUDE:   43 12 N
                                          LONGITUDE:  71 30 W

  TEMPERATURE IN F:       :PCPN:    SNOW:  WIND      :SUNSHINE: SKY     :PK WND
================================================================================
1   2   3   4   5  6A  6B    7    8   9   10  11  12  13   14  15   16   17  18
                                     12Z  AVG MX 2MIN
DY MAX MIN AVG DEP HDD CDD  WTR  SNW DPTH SPD SPD DIR MIN PSBL S-S WX    SPD DR
================================================================================

 1  64  37  51  23  14   0 0.04    M    8  6.2 24 200   M    M   6 12     31 220
 2  59  25  42  14  23   0    T    M    8 17.5 33 280   M    M   3        45 270
 3  35  14  25  -4  40   0 0.01    M    8 11.9 26 320   M    M   3 18     35 320
 4  15   6  11 -18  54   0    T    M    8 17.5 32 300   M    M   2 8      43 310
 5  29   6  18 -11  47   0 0.00  0.0    8 15.4 28 310   M    M   0        36 340
 6  43   2  23  -7  42   0 0.00  0.0    8  2.3  9 330   M    M   1        11 330
 7  39  31  35   5  30   0 0.02  0.0    7  4.7  8 150   M    M  10 12      M  M
 8  56  32  44  14  21   0 0.02  0.0    7  5.6 23 250   M    M   7 12     36 250
 9  46  32  39   8  26   0 0.00  0.0    7 17.8 35 290   M    M   2        46 270
10  33  18  26  -5  39   0 0.01  0.3    7  5.6 24 330   M    M   8 18     31 340
11  18   4  11 -20  54   0 0.00  0.0    7 17.8 31 300   M    M   6 8      41 300
12  23   4  14 -18  51   0 0.00  0.0    7 16.5 25 290   M    M   0        33 310
13  33   9  21 -11  44   0 0.00  0.0    6  8.5 22 310   M    M   0        33 310
14  28  22  25  -7  40   0 1.56 15.6    6 12.6 31  40   M    M  10 12     41  40
15  28  16  22 -11  43   0    T    T   17 12.0 22 290   M    M   6 8      29 280
16  31  18  25  -8  40   0 0.00  0.0    0 13.8 25 300   M    M   5        31 290
17  38  14  26  -7  39   0 0.00  0.0   15  7.8 20 300   M    M   1        25 320
18  37   4  21 -13  44   0 0.00  0.0   14  3.9 14 140   M    M   0        18 140
19  41  21  31  -3  34   0 0.00  0.0   13  6.2 17  50   M    M   6        24  30
20  51  12  32  -2  33   0 0.00  0.0   12  5.0 17 310   M    M   0        20 300
21  53  28  41   6  24   0    T  0.0   10  3.0 17 290   M    M   8        22 290
22  36  15  26  -9  39   0 0.00  0.0    9 20.0 33 310   M    M   2        50 300
23  35  14  25 -11  40   0 0.00  0.0    9 13.0 25 300   M    M   0        35 310
24  34  24  29  -7  36   0 0.17  0.3    9  3.6 17 170   M    M   8 1      24 170
================================================================================
SM  905  408       897   0  1.83    16.2 248.2          M       94
================================================================================
AV 37.7 17.0                              10.3 FASTST   M    M   4    MAX(MPH)
                                 MISC ---->  # 35 290               # 50  300
================================================================================
NOTES:
# LAST OF SEVERAL OCCURRENCES

COLUMN 17 PEAK WIND IN M.P.H.

PRELIMINARY LOCAL CLIMATOLOGICAL DATA (WS FORM: F-6) , PAGE 2

                                          STATION:  CONCORD NH
                                          MONTH:    MARCH
                                          YEAR:     2017
                                          LATITUDE:   43 12 N
                                          LONGITUDE:  71 30 W

[TEMPERATURE DATA]      [PRECIPITATION DATA]       SYMBOLS USED IN COLUMN 16

AVERAGE MONTHLY: 27.4   TOTAL FOR MONTH:   1.83    1 = FOG OR MIST
DPTR FM NORMAL:  -4.5   DPTR FM NORMAL:   -0.67    2 = FOG REDUCING VISIBILITY
HIGHEST:    64 ON  1    GRTST 24HR  1.56 ON 14-14      TO 1/4 MILE OR LESS
LOWEST:      2 ON  6                               3 = THUNDER
                        SNOW, ICE PELLETS, HAIL    4 = ICE PELLETS
                        TOTAL MONTH:  16.2 INCHES  5 = HAIL
                        GRTST 24HR  15.6 ON 14-14  6 = FREEZING RAIN OR DRIZZLE
                        GRTST DEPTH:  17 ON 15     7 = DUSTSTORM OR SANDSTORM:
                                                       VSBY 1/2 MILE OR LESS
                                                   8 = SMOKE OR HAZE
[NO. OF DAYS WITH]      [WEATHER - DAYS WITH]      9 = BLOWING SNOW
                                                   X = TORNADO
MAX 32 OR BELOW:   7    0.01 INCH OR MORE:   7
MAX 90 OR ABOVE:   0    0.10 INCH OR MORE:   2
MIN 32 OR BELOW:  23    0.50 INCH OR MORE:   1
MIN  0 OR BELOW:   0    1.00 INCH OR MORE:   1

[HDD (BASE 65) ]
TOTAL THIS MO.   897    CLEAR  (SCALE 0-3)  12
DPTR FM NORMAL   102    PTCLDY (SCALE 4-7)   9
TOTAL FM JUL 1  5395    CLOUDY (SCALE 8-10)  3
DPTR FM NORMAL  -660

[CDD (BASE 65) ]
TOTAL THIS MO.     0
DPTR FM NORMAL     0    [PRESSURE DATA]
TOTAL FM JAN 1     0    HIGHEST SLP M ON M
DPTR FM NORMAL     0    LOWEST  SLP 29.05 ON 14

[REMARKS]
