000
CXUS51 KGYX 241000
CF6CON
PRELIMINARY LOCAL CLIMATOLOGICAL DATA (WS FORM: F-6)

                                          STATION:   CONCORD NH
                                          MONTH:     FEBRUARY
                                          YEAR:      2018
                                          LATITUDE:   43 12 N
                                          LONGITUDE:  71 30 W

  TEMPERATURE IN F:       :PCPN:    SNOW:  WIND      :SUNSHINE: SKY     :PK WND
================================================================================
1   2   3   4   5  6A  6B    7    8   9   10  11  12  13   14  15   16   17  18
                                     12Z  AVG MX 2MIN
DY MAX MIN AVG DEP HDD CDD  WTR  SNW DPTH SPD SPD DIR MIN PSBL S-S WX    SPD DR
================================================================================

 1  36  26  31  10  34   0 0.24  1.4    7  3.8 15 210   M    M   7 18     21 200
 2  33   5  19  -3  46   0 0.18  1.3    9 15.1 30 310   M    M   6 1689   39 300
 3  24  -4  10 -12  55   0 0.00  0.0    9  5.4 15 260   M    M   2        21 260
 4  40  19  30   8  35   0 0.28  0.0    9  7.7 15 180   M    M  10 18     19 170
 5  39  19  29   7  36   0 0.12  0.0    7 11.2 33 310   M    M   4 1      42 320
 6  33  16  25   3  40   0 0.00  0.0    7  5.6 15 270   M    M   6        20 240
 7  28  12  20  -2  45   0 0.88  6.8    7  4.1 21 310   M    M   6 126    25 310
 8  27  11  19  -4  46   0 0.00  0.0   14  8.7 23 320   M    M   3 8      31 320
 9  27  -3  12 -11  53   0    T    T   13  3.5 12 220   M    M   4 18     15 250
10  43  25  34  11  31   0 0.20  0.0   13  4.6 12 150   M    M   9 12     15 150
11  37  33  35  12  30   0 0.65  0.0   11  2.1  8  70   M    M  10 12     10  80
12  41  26  34  10  31   0 0.00  0.0   10  7.7 22 310   M    M   5 12     29 320
13  30  16  23  -1  42   0 0.00  0.0   10  5.4 15 300   M    M   0        20 360
14  44  23  34  10  31   0 0.00  0.0   10  5.1 15 280   M    M   4 1      21 280
15  49  23  36  12  29   0 0.00  0.0   10  2.8 10 180   M    M   2 12     14 150
16  46  28  37  12  28   0 0.06  0.0    9  7.4 25 310   M    M   7 12     32 310
17  34  20  27   2  38   0 0.09  1.1    8  7.4 25 320   M    M   2 18     34 330
18  40  20  30   5  35   0 0.22  4.9   14  7.7 23 310   M    M   5 1      29 340
19  46  12  29   4  36   0 0.11  0.0   11  4.9 16 160   M    M   4 1      20 160
20  63  37  50  24  15   0 0.03    M    0  2.4  9 200   M    M   7 12     14 120
21  74  33  54  28  11   0 0.00  0.0    7  6.1 23 300   M    M   7 12     30 340
22  43  23  33   7  32   0 0.09  1.7    5  6.0 18 330   M    M   9 128    25 320
23  38  18  28   2  37   0 0.14  1.7    5  3.6 13 140   M    M   6 128    19 140
================================================================================
SM  915  438       816   0  3.29    18.9 138.3          M      125
================================================================================
AV 39.8 19.0                               6.0 FASTST   M    M   5    MAX(MPH)
                                 MISC ---->  # 33 310               # 42  320
================================================================================
NOTES:
# LAST OF SEVERAL OCCURRENCES

COLUMN 17 PEAK WIND IN M.P.H.

PRELIMINARY LOCAL CLIMATOLOGICAL DATA (WS FORM: F-6) , PAGE 2

                                          STATION:  CONCORD NH
                                          MONTH:    FEBRUARY
                                          YEAR:     2018
                                          LATITUDE:   43 12 N
                                          LONGITUDE:  71 30 W

[TEMPERATURE DATA]      [PRECIPITATION DATA]       SYMBOLS USED IN COLUMN 16

AVERAGE MONTHLY: 29.4   TOTAL FOR MONTH:   3.29    1 = FOG OR MIST
DPTR FM NORMAL:   5.7   DPTR FM NORMAL:    1.17    2 = FOG REDUCING VISIBILITY
HIGHEST:    74 ON 21    GRTST 24HR  0.88 ON  7- 7      TO 1/4 MILE OR LESS
LOWEST:     -4 ON  3                               3 = THUNDER
                        SNOW, ICE PELLETS, HAIL    4 = ICE PELLETS
                        TOTAL MONTH:  18.9 INCHES  5 = HAIL
                        GRTST 24HR   6.8 ON  7- 7  6 = FREEZING RAIN OR DRIZZLE
                        GRTST DEPTH:  14 ON 18, 8  7 = DUSTSTORM OR SANDSTORM:
                                                       VSBY 1/2 MILE OR LESS
                                                   8 = SMOKE OR HAZE
[NO. OF DAYS WITH]      [WEATHER - DAYS WITH]      9 = BLOWING SNOW
                                                   X = TORNADO
MAX 32 OR BELOW:   5    0.01 INCH OR MORE:  14
MAX 90 OR ABOVE:   0    0.10 INCH OR MORE:  10
MIN 32 OR BELOW:  20    0.50 INCH OR MORE:   2
MIN  0 OR BELOW:   2    1.00 INCH OR MORE:   0

[HDD (BASE 65) ]
TOTAL THIS MO.   816    CLEAR  (SCALE 0-3)   5
DPTR FM NORMAL  -133    PTCLDY (SCALE 4-7)  14
TOTAL FM JUL 1  4662    CLOUDY (SCALE 8-10)  4
DPTR FM NORMAL  -409

[CDD (BASE 65) ]
TOTAL THIS MO.     0
DPTR FM NORMAL     0    [PRESSURE DATA]
TOTAL FM JAN 1     0    HIGHEST SLP M ON M
DPTR FM NORMAL     0    LOWEST  SLP 29.50 ON  5

[REMARKS]
