000
CXUS51 KGYX 271100
CF6CON
PRELIMINARY LOCAL CLIMATOLOGICAL DATA (WS FORM: F-6)

                                          STATION:   CONCORD NH
                                          MONTH:     JANUARY
                                          YEAR:      2015
                                          LATITUDE:   43 12 N
                                          LONGITUDE:  71 30 W

  TEMPERATURE IN F:       :PCPN:    SNOW:  WIND      :SUNSHINE: SKY     :PK WND
================================================================================
1   2   3   4   5  6A  6B    7    8   9   10  11  12  13   14  15   16   17  18
                                     12Z  AVG MX 2MIN
DY MAX MIN AVG DEP HDD CDD  WTR  SNW DPTH SPD SPD DIR MIN PSBL S-S WX    SPD DR
================================================================================

 1  31   9  20  -2  45   0 0.00  0.0    T  6.9 17 230   M    M   0        24 240
 2  36  17  27   5  38   0    T    T    T  8.6 25 300   M    M   4 8      33 300
 3  26  10  18  -3  47   0 0.63  3.5    T  2.7  9 110   M    M   4 126    12 360
 4  38  26  32  11  33   0 0.58  0.0    3  4.3 12  20   M    M  10 126    16  20
 5  40  11  26   5  39   0    T    T    3 15.8 29 290   M    M   4 8      46 290
 6  15   1   8 -13  57   0 0.01  0.0    3  3.2 15 280   M    M   4 18     25 300
 7  22  -4   9 -12  56   0    T    T    3  9.7 28 310   M    M   5 18     36 330
 8  17  -9   4 -17  61   0 0.00  0.0    3  7.4 23 310   M    M   0        30 310
 9  27  11  19  -1  46   0 0.14  1.4    3  9.0 20 250   M    M   6 128    29 230
10  21  -2  10 -10  55   0 0.00  0.0    5  5.8 16 260   M    M   0        22 250
11  22  -8   7 -13  58   0 0.00  0.0    5  2.0  9 190   M    M   5        12 160
12  32  20  26   6  39   0 0.05  0.5    5  3.1 20 320   M    M  10 18     29 350
13  30  -6  12  -8  53   0 0.00  0.0    5 10.0 25 310   M    M   1        35 310
14  20 -10   5 -15  60   0    T    M    5  1.3  8 330   M    M   7 18     10 330
15  29  15  22   2  43   0    T  0.0    5  4.0  9 310   M    M   9 8      12 320
16  34   9  22   2  43   0    T    M    5 12.5 32 300   M    M   3 8      41 320
17  20   2  11  -9  54   0 0.00  0.0    5  9.3 22 310   M    M   1        33 310
18  47  15  31  11  34   0 0.74  0.0    5  4.0 16 180   M    M   8 168    24 140
19  40  32  36  16  29   0 0.04  0.0    0  8.0 20 290   M    M   7 1      27 280
20  33  20  27   7  38   0 0.00  0.0    4 13.8 22 300   M    M   2        30 280
21  32  13  23   3  42   0 0.00  0.0    3  3.9 20 320   M    M   1 8      26 320
22  36  15  26   6  39   0 0.00  0.0    3  2.9 12 320   M    M   5        17 280
23  34  12  23   3  42   0 0.00  0.0    4  4.3 14 220   M    M   0        17 230
24  32  17  25   5  40   0 0.26  4.3    3  3.2  9 290   M    M   7 1      12 280
25  35   8  22   2  43   0 0.02  0.2    7 10.4 24 310   M    M   4 18     32 320
26  21  -2  10 -11  55   0    T    T    7  7.2 23  30   M    M   3 8      28  20
================================================================================
SM  770  222      1189   0  2.47     9.9 173.3          M      110
================================================================================
AV 29.6  8.5                               6.7 FASTST   M    M   4    MAX(MPH)
                                 MISC ---->  # 32 300               # 46  290
================================================================================
NOTES:
# LAST OF SEVERAL OCCURRENCES

COLUMN 17 PEAK WIND IN M.P.H.

PRELIMINARY LOCAL CLIMATOLOGICAL DATA (WS FORM: F-6) , PAGE 2

                                          STATION:  CONCORD NH
                                          MONTH:    JANUARY
                                          YEAR:     2015
                                          LATITUDE:   43 12 N
                                          LONGITUDE:  71 30 W

[TEMPERATURE DATA]      [PRECIPITATION DATA]       SYMBOLS USED IN COLUMN 16

AVERAGE MONTHLY: 19.1   TOTAL FOR MONTH:   2.47    1 = FOG OR MIST
DPTR FM NORMAL:  -1.3   DPTR FM NORMAL:    0.20    2 = FOG REDUCING VISIBILITY
HIGHEST:    47 ON 18    GRTST 24HR  1.20 ON  3- 4      TO 1/4 MILE OR LESS
LOWEST:    -10 ON 14                               3 = THUNDER
                        SNOW, ICE PELLETS, HAIL    4 = ICE PELLETS
                        TOTAL MONTH:   9.9 INCHES  5 = HAIL
                        GRTST 24HR   4.3 ON   M    6 = FREEZING RAIN OR DRIZZLE
                        GRTST DEPTH:   7 ON 26,25  7 = DUSTSTORM OR SANDSTORM:
                                                       VSBY 1/2 MILE OR LESS
                                                   8 = SMOKE OR HAZE
[NO. OF DAYS WITH]      [WEATHER - DAYS WITH]      9 = BLOWING SNOW
                                                   X = TORNADO
MAX 32 OR BELOW:  16    0.01 INCH OR MORE:   9
MAX 90 OR ABOVE:   0    0.10 INCH OR MORE:   5
MIN 32 OR BELOW:  26    0.50 INCH OR MORE:   3
MIN  0 OR BELOW:   7    1.00 INCH OR MORE:   0

[HDD (BASE 65) ]
TOTAL THIS MO.  1189    CLEAR  (SCALE 0-3)   9
DPTR FM NORMAL    31    PTCLDY (SCALE 4-7)  14
TOTAL FM JUL 1  3729    CLOUDY (SCALE 8-10)  3
DPTR FM NORMAL  -175

[CDD (BASE 65) ]
TOTAL THIS MO.     0
DPTR FM NORMAL     0    [PRESSURE DATA]
TOTAL FM JAN 1     0    HIGHEST SLP M ON M
DPTR FM NORMAL     0    LOWEST  SLP 29.23 ON 24

[REMARKS]
