000
CXUS51 KGYX 271000
CF6CON
PRELIMINARY LOCAL CLIMATOLOGICAL DATA (WS FORM: F-6)

                                          STATION:   CONCORD NH
                                          MONTH:     JULY
                                          YEAR:      2015
                                          LATITUDE:   43 12 N
                                          LONGITUDE:  71 30 W

  TEMPERATURE IN F:       :PCPN:    SNOW:  WIND      :SUNSHINE: SKY     :PK WND
================================================================================
1   2   3   4   5  6A  6B    7    8   9   10  11  12  13   14  15   16   17  18
                                     12Z  AVG MX 2MIN
DY MAX MIN AVG DEP HDD CDD  WTR  SNW DPTH SPD SPD DIR MIN PSBL S-S WX    SPD DR
================================================================================

 1  76  61  69   0   0   4 1.24  0.0    0  4.2 13 210   M    M   6 13     18 110
 2  79  56  68  -1   0   3 0.00  0.0    0  6.9 15 300   M    M   2        23 290
 3  80  50  65  -4   0   0 0.00  0.0    0  3.9 15 300   M    M   0        22 270
 4  70  51  61  -8   4   0 0.07  0.0    0  2.0  7 300   M    M   3 12      9 320
 5  85  52  69   0   0   4 0.00  0.0    0  3.3 13 290   M    M   4 12     17 280
 6  86  58  72   3   0   7 0.00  0.0    0  2.5 12 190   M    M   2 1      18 230
 7  85  61  73   3   0   8 0.01  0.0    0  5.4 17 190   M    M   6 1      22 190
 8  82  59  71   1   0   6 0.09  0.0    0  6.9 18 320   M    M   2 18     25 310
 9  76  57  67  -3   0   2 0.06  0.0    0  3.3  9 160   M    M   4 1      12 170
10  84  59  72   2   0   7 0.03  0.0    0  6.3 18 320   M    M   4 1      24 320
11  88  54  71   1   0   6 0.00  0.0    0  4.6 12 290   M    M   1        17 320
12  92  60  76   6   0  11 0.00  0.0    0  3.8 13 270   M    M   1 1      23 290
13  84  64  74   4   0   9 0.00  0.0    0  3.6 13 160   M    M   0 1      17 140
14  79  59  69  -1   0   4 0.04  0.0    0  3.8 14 150   M    M   7 12     18 120
15  82  55  69  -1   0   4 0.00  0.0    0  7.7 20 320   M    M   5 12     26 320
16  78  48  63  -7   2   0 0.00  0.0    0  3.3 13 280   M    M   0 18     17 300
17  79  48  64  -6   1   0 0.00  0.0    0  4.2 10 180   M    M   1        14 220
18  79  63  71   1   0   6 0.35  0.0    0  6.0 10 160   M    M   8 1      15 160
19  92  67  80  10   0  15    T  0.0    0  4.9 16 300   M    M   3 123    23 200
20  91  67  79   9   0  14 0.00  0.0    0  4.7 16 260   M    M   1 1      24 260
21  89  61  75   5   0  10 0.00  0.0    0  4.3 17 180   M    M   1        22 180
22  81  60  71   1   0   6 0.04  0.0    0  7.6 30 310   M    M   3        40 300
23  81  53  67  -3   0   2 0.00  0.0    0  6.1 18 330   M    M   3        24 330
24  80  54  67  -3   0   2 0.01  0.0    0  3.6 14 340   M    M   5 3      18 330
25  75  53  64  -6   1   0 0.00  0.0    0  4.5 13 140   M    M   6 12     17 110
26  79  60  70   0   0   5 0.01  0.0    0  3.8 10 160   M    M   9 1      13 170
================================================================================
SM 2132 1490         8 135  1.95     0.0 121.2          M       87
================================================================================
AV 82.0 57.3                               4.7 FASTST   M    M   3    MAX(MPH)
                                 MISC ---->  # 30 310               # 40  300
================================================================================
NOTES:
# LAST OF SEVERAL OCCURRENCES

COLUMN 17 PEAK WIND IN M.P.H.

PRELIMINARY LOCAL CLIMATOLOGICAL DATA (WS FORM: F-6) , PAGE 2

                                          STATION:  CONCORD NH
                                          MONTH:    JULY
                                          YEAR:     2015
                                          LATITUDE:   43 12 N
                                          LONGITUDE:  71 30 W

[TEMPERATURE DATA]      [PRECIPITATION DATA]       SYMBOLS USED IN COLUMN 16

AVERAGE MONTHLY: 69.7   TOTAL FOR MONTH:   1.95    1 = FOG OR MIST
DPTR FM NORMAL:  -0.1   DPTR FM NORMAL:   -1.17    2 = FOG REDUCING VISIBILITY
HIGHEST:    92 ON 19,12 GRTST 24HR  1.24 ON  1- 1      TO 1/4 MILE OR LESS
LOWEST:     48 ON 17,16                            3 = THUNDER
                        SNOW, ICE PELLETS, HAIL    4 = ICE PELLETS
                        TOTAL MONTH:   0.0 INCH    5 = HAIL
                        GRTST 24HR     0.0         6 = FREEZING RAIN OR DRIZZLE
                        GRTST DEPTH:   0           7 = DUSTSTORM OR SANDSTORM:
                                                       VSBY 1/2 MILE OR LESS
                                                   8 = SMOKE OR HAZE
[NO. OF DAYS WITH]      [WEATHER - DAYS WITH]      9 = BLOWING SNOW
                                                   X = TORNADO
MAX 32 OR BELOW:   0    0.01 INCH OR MORE:  11
MAX 90 OR ABOVE:   3    0.10 INCH OR MORE:   2
MIN 32 OR BELOW:   0    0.50 INCH OR MORE:   1
MIN  0 OR BELOW:   0    1.00 INCH OR MORE:   1

[HDD (BASE 65) ]
TOTAL THIS MO.     8    CLEAR  (SCALE 0-3)  13
DPTR FM NORMAL    -5    PTCLDY (SCALE 4-7)  12
TOTAL FM JUL 1     8    CLOUDY (SCALE 8-10)  1
DPTR FM NORMAL    -5

[CDD (BASE 65) ]
TOTAL THIS MO.   135
DPTR FM NORMAL   -11    [PRESSURE DATA]
TOTAL FM JAN 1   266    HIGHEST SLP M ON M
DPTR FM NORMAL    18    LOWEST  SLP 29.53 ON 21

[REMARKS]
