000
CXUS55 KPUB 281159
CF6COS
PRELIMINARY LOCAL CLIMATOLOGICAL DATA (WS FORM: F-6)

                                          STATION:   COLORADO SPRINGS CO
                                          MONTH:     DECEMBER
                                          YEAR:      2014
                                          LATITUDE:   38 49 N
                                          LONGITUDE: 104 43 W

  TEMPERATURE IN F:       :PCPN:    SNOW:  WIND      :SUNSHINE: SKY     :PK WND
================================================================================
1   2   3   4   5  6A  6B    7    8   9   10  11  12  13   14  15   16   17  18
                                     12Z  AVG MX 2MIN
DY MAX MIN AVG DEP HDD CDD  WTR  SNW DPTH SPD SPD DIR MIN PSBL S-S WX    SPD DR
================================================================================

 1  30  15  23  -9  42   0 0.02    T    0  8.3 15 160   M    M   6 18     18 150
 2  58  24  41   9  24   0 0.00  0.0    0  5.6 17 200   M    M   5        18 160
 3  47  22  35   4  30   0 0.00  0.0    0 10.0 23 160   M    M   7        26 160
 4  51  22  37   6  28   0 0.00  0.0    0  6.3 16 150   M    M   8        18 150
 5  58  30  44  13  21   0 0.00  0.0    0  7.7 15  60   M    M   3        21  10
 6  42  29  36   6  29   0 0.00  0.0    0  6.7 14 360   M    M   9        14 360
 7  58  27  43  13  22   0 0.00  0.0    0  6.9 13 340   M    M   2        14 340
 8  57  25  41  11  24   0 0.00  0.0    0  5.6 13  40   M    M   5        21  90
 9  55  22  39   9  26   0 0.00  0.0    0  4.9 15  30   M    M   4        16  30
10  60  26  43  13  22   0 0.00  0.0    0  6.8 14 160   M    M   3        17 160
11  61  26  44  14  21   0 0.00  0.0    0  5.7 14  30   M    M   2        14  30
12  60  26  43  13  22   0 0.00  0.0    0  6.8 14 150   M    M   5        15 150
13  56  29  43  14  22   0 0.00  0.0    0  5.1 13  10   M    M   5        14  20
14  43  30  37   8  28   0 0.01    T    0 20.6 36 340   M    M   8 14     44 340
15  46  19  33   4  32   0 0.00  0.0    0  5.8 22  20   M    M   3 1      26  10
16  35  17  26  -3  39   0 0.00  0.0    0  4.7  9  10   M    M   5        12 170
17  42  19  31   2  34   0 0.01  0.3    0  4.1 15 150   M    M   9 1      16 150
18  42  24  33   4  32   0    T    T    T  6.0 15 150   M    M   7 12     19 130
19  44  18  31   2  34   0 0.00  0.0    0  5.6 13 340   M    M   5 1      16 330
20  52  21  37   8  28   0 0.00  0.0    0  5.3 13 160   M    M   6        16 150
21  52  23  38   9  27   0 0.02    T    0 11.0 32 300   M    M   7 1      39 300
22  38  25  32   3  33   0 0.03  0.1    0 10.2 22  10   M    M   9 18     26  10
23  33  15  24  -5  41   0    T  0.2    T 16.9 41 340   M    M   3        53 340
24  42  10  26  -3  39   0 0.00  0.0    0  5.2 13 150   M    M   4        14  50
25  56  22  39  10  26   0    T    T    0 14.4 32 340   M    M   4        41 280
26  24  14  19 -11  46   0 0.01  0.8    0 10.2 23 330   M    M  10 1      29 320
27  28   5  17 -13  48   0    T  0.5    1  5.7 15 170   M    M   3 1      19 200
================================================================================
SM 1270  585       820   0  0.10     1.9 212.1          M      147
================================================================================
AV 47.0 21.7                               7.9 FASTST   M    M   5    MAX(MPH)
                                 MISC ---->  # 41 340               # 53  340
================================================================================
NOTES:
# LAST OF SEVERAL OCCURRENCES

COLUMN 17 PEAK WIND IN M.P.H.

PRELIMINARY LOCAL CLIMATOLOGICAL DATA (WS FORM: F-6) , PAGE 2

                                          STATION:  COLORADO SPRINGS CO
                                          MONTH:    DECEMBER
                                          YEAR:     2014
                                          LATITUDE:   38 49 N
                                          LONGITUDE: 104 43 W

[TEMPERATURE DATA]      [PRECIPITATION DATA]       SYMBOLS USED IN COLUMN 16

AVERAGE MONTHLY: 34.4   TOTAL FOR MONTH:   0.10    1 = FOG OR MIST
DPTR FM NORMAL:   4.6   DPTR FM NORMAL:   -0.21    2 = FOG REDUCING VISIBILITY
HIGHEST:    61 ON 11    GRTST 24HR  0.04 ON 21-22      TO 1/4 MILE OR LESS
LOWEST:      5 ON 27                               3 = THUNDER
                        SNOW, ICE PELLETS, HAIL    4 = ICE PELLETS
                        TOTAL MONTH:   1.9 INCHES  5 = HAIL
                        GRTST 24HR   0.8 ON   M    6 = FREEZING RAIN OR DRIZZLE
                        GRTST DEPTH:   1 ON 27     7 = DUSTSTORM OR SANDSTORM:
                                                       VSBY 1/2 MILE OR LESS
                                                   8 = SMOKE OR HAZE
[NO. OF DAYS WITH]      [WEATHER - DAYS WITH]      9 = BLOWING SNOW
                                                   X = TORNADO
MAX 32 OR BELOW:   3    0.01 INCH OR MORE:   6
MAX 90 OR ABOVE:   0    0.10 INCH OR MORE:   0
MIN 32 OR BELOW:  27    0.50 INCH OR MORE:   0
MIN  0 OR BELOW:   0    1.00 INCH OR MORE:   0

[HDD (BASE 65) ]
TOTAL THIS MO.   820    CLEAR  (SCALE 0-3)   5
DPTR FM NORMAL  -133    PTCLDY (SCALE 4-7)  16
TOTAL FM JUL 1  2145    CLOUDY (SCALE 8-10)  6
DPTR FM NORMAL  -289

[CDD (BASE 65) ]
TOTAL THIS MO.     0
DPTR FM NORMAL     0    [PRESSURE DATA]
TOTAL FM JAN 1   487    HIGHEST SLP M ON M
DPTR FM NORMAL    32    LOWEST  SLP 29.58 ON 22

[REMARKS]
