000
CXUS55 KPUB 191159
CF6COS
PRELIMINARY LOCAL CLIMATOLOGICAL DATA (WS FORM: F-6)

                                          STATION:   COLORADO SPRINGS CO
                                          MONTH:     JANUARY
                                          YEAR:      2017
                                          LATITUDE:   38 49 N
                                          LONGITUDE: 104 43 W

  TEMPERATURE IN F:       :PCPN:    SNOW:  WIND      :SUNSHINE: SKY     :PK WND
================================================================================
1   2   3   4   5  6A  6B    7    8   9   10  11  12  13   14  15   16   17  18
                                     12Z  AVG MX 2MIN
DY MAX MIN AVG DEP HDD CDD  WTR  SNW DPTH SPD SPD DIR MIN PSBL S-S WX    SPD DR
================================================================================

 1  50  16  33   3  32   0 0.00  0.0    0  6.8 18 300   M    M   6        24 300
 2  52  20  36   6  29   0 0.00  0.0    0  9.9 28 270   M    M   5        35 270
 3  22   8  15 -15  50   0 0.02  0.3    0  6.5 16 140   M    M   8 12     19 140
 4  28   7  18 -12  47   0    T    T    T  6.7 25 350   M    M   6 18     32 350
 5   8   1   5 -25  60   0 0.17  3.1    1  6.8 16 340   M    M  10 18     19 360
 6  19  -7   6 -24  59   0 0.00  0.0    2  3.3 12  10   M    M   4 1      12  20
 7  29   0  15 -15  50   0 0.00  0.0    2  6.6 15  30   M    M   6        15  30
 8  47  11  29  -1  36   0 0.00  0.0    1  5.3 14  40   M    M   6        17 220
 9  60  31  46  16  19   0 0.00  0.0    1 29.9 64 260   M    M   7        80 270
10  52  34  43  13  22   0    T  0.0    0 20.7 45 260   M    M   5        58 310
11  57  32  45  15  20   0 0.00  0.0    0 21.8 41 290   M    M   5        53 290
12  48  18  33   2  32   0 0.00  0.0    0 11.1 25 130   M    M   7 1      30 130
13  41  17  29  -2  36   0 0.00  0.0    0  4.0  9 160   M    M   8 1      14  90
14  48  22  35   4  30   0 0.00  0.0    0  6.1 15 150   M    M   7 18     16 150
15  37  24  31   0  34   0 0.04  0.5    0  5.2 18 330   M    M  10 128    23 330
16  34  28  31   0  34   0 0.01  0.8    1 18.2 36 330   M    M  10 1      44 330
17  45  22  34   3  31   0 0.00  0.0    T  4.6 12  20   M    M   6 12     15 230
18  55  22  39   8  26   0 0.00  0.0    0  7.8 17 180   M    M   4        20 190
================================================================================
SM  732  306       647   0  0.24     4.7 181.3          M      120
================================================================================
AV 40.7 17.0                              10.1 FASTST   M    M   7    MAX(MPH)
                                 MISC ---->  # 64 260               # 80  270
================================================================================
NOTES:
# LAST OF SEVERAL OCCURRENCES

COLUMN 17 PEAK WIND IN M.P.H.

PRELIMINARY LOCAL CLIMATOLOGICAL DATA (WS FORM: F-6) , PAGE 2

                                          STATION:  COLORADO SPRINGS CO
                                          MONTH:    JANUARY
                                          YEAR:     2017
                                          LATITUDE:   38 49 N
                                          LONGITUDE: 104 43 W

[TEMPERATURE DATA]      [PRECIPITATION DATA]       SYMBOLS USED IN COLUMN 16

AVERAGE MONTHLY: 28.8   TOTAL FOR MONTH:   0.24    1 = FOG OR MIST
DPTR FM NORMAL:  -1.6   DPTR FM NORMAL:    0.07    2 = FOG REDUCING VISIBILITY
HIGHEST:    60 ON  9    GRTST 24HR  0.17 ON  5- 5      TO 1/4 MILE OR LESS
LOWEST:     -7 ON  6                               3 = THUNDER
                        SNOW, ICE PELLETS, HAIL    4 = ICE PELLETS
                        TOTAL MONTH:   4.7 INCHES  5 = HAIL
                        GRTST 24HR   3.1 ON   M    6 = FREEZING RAIN OR DRIZZLE
                        GRTST DEPTH:   2 ON  7, 6  7 = DUSTSTORM OR SANDSTORM:
                                                       VSBY 1/2 MILE OR LESS
                                                   8 = SMOKE OR HAZE
[NO. OF DAYS WITH]      [WEATHER - DAYS WITH]      9 = BLOWING SNOW
                                                   X = TORNADO
MAX 32 OR BELOW:   5    0.01 INCH OR MORE:   4
MAX 90 OR ABOVE:   0    0.10 INCH OR MORE:   1
MIN 32 OR BELOW:  17    0.50 INCH OR MORE:   0
MIN  0 OR BELOW:   2    1.00 INCH OR MORE:   0

[HDD (BASE 65) ]
TOTAL THIS MO.   647    CLEAR  (SCALE 0-3)   0
DPTR FM NORMAL    25    PTCLDY (SCALE 4-7)  14
TOTAL FM JUL 1  2650    CLOUDY (SCALE 8-10)  4
DPTR FM NORMAL  -544

[CDD (BASE 65) ]
TOTAL THIS MO.     0
DPTR FM NORMAL     0    [PRESSURE DATA]
TOTAL FM JAN 1     0    HIGHEST SLP M ON M
DPTR FM NORMAL     0    LOWEST  SLP 29.45 ON  5

[REMARKS]
