000
CXUS54 KCRP 291300
CF6COT
PRELIMINARY LOCAL CLIMATOLOGICAL DATA (WS FORM: F-6)

                                          STATION:   COTULLA
                                          MONTH:     SEPTEMBER
                                          YEAR:      2016
                                          LATITUDE:   28 27 N
                                          LONGITUDE:  99 13 W

  TEMPERATURE IN F:       :PCPN:    SNOW:  WIND      :SUNSHINE: SKY     :PK WND
================================================================================
1   2   3   4   5  6A  6B    7    8   9   10  11  12  13   14  15   16   17  18
                                     12Z  AVG MX 2MIN
DY MAX MIN AVG DEP HDD CDD  WTR  SNW DPTH SPD SPD DIR MIN PSBL S-S WX    SPD DR
================================================================================

 1  99  76  88   3   0  23 0.00  0.0    0  4.8 13 140   M    M   2        16  30
 2  97  78  88   4   0  23 0.00  0.0    0  6.3 20 350   M    M   2        25 360
 3  97  75  86   2   0  21 0.00  0.0    0  5.1 15 120   M    M   3 18     18 120
 4  97  75  86   2   0  21    T  0.0    0  8.5 29 150   M    M   4 128    42 150
 5  97  74  86   2   0  21 0.00  0.0    0 12.8 23 140   M    M   4        31 140
 6  98  79  89   6   0  24 0.00  0.0    0 12.7 24 130   M    M   2        29 120
 7 100  79  90   7   0  25 0.00  0.0    0 10.6 17 140   M    M   2 1      26 150
 8 100  76  88   5   0  23 0.00  0.0    0 10.8 18 140   M    M   1 1      23 140
 9 100  75  88   6   0  23 0.00  0.0    0 10.1 18 150   M    M   1        23 140
10  97  76  87   5   0  22 0.12  0.0    0  6.2 22  20   M    M   2 3      29  20
11  96  72  84   2   0  19    T  0.0    0  5.0 10  50   M    M   1        16 120
12  98  74  86   4   0  21 0.00  0.0    0  8.3 17 130   M    M   1        21 130
13  97  77  87   6   0  22 0.00  0.0    0  6.2 14 100   M    M   3        18 110
14  97  77  87   6   0  22    T  0.0    0  7.1 16 110   M    M   3        21  70
15  97  75  86   5   0  21 0.00  0.0    0  6.5 14 130   M    M   2        19 130
16  98  75  87   7   0  22 0.00  0.0    0  5.4 12 110   M    M   2        16 110
17 102  77  90  10   0  25 0.00  0.0    0  7.1 14 110   M    M   1        18 110
18 103  78  91  11   0  26 0.00  0.0    0  5.8 14 150   M    M   1 1      17 150
19 103  78  91  11   0  26 0.00  0.0    0  7.5 17 140   M    M   1        22 150
20 100  76  88   9   0  23 0.00  0.0    0  6.2 13 110   M    M   1        17 130
21  98  75  87   8   0  22 0.00  0.0    0  5.9 15 120   M    M   2        22 120
22  96  70  83   4   0  18 0.00  0.0    0  5.0 13 150   M    M   1        16 130
23 100  76  88  10   0  23    T  0.0    0 12.6 25 140   M    M   2        32 130
24 101  77  89  11   0  24 0.00  0.0    0 13.4 23 130   M    M   2        30 130
25  94  74  84   6   0  19 1.02  0.0    0  9.8 22 360   M    M   5 13     25 360
26  86  69  78   0   0  13 0.09  0.0    0  8.3 20  50   M    M   9        26  40
27  82  69  76  -2   0  11 0.01  0.0    0  4.7 10 330   M    M  10        15 360
28  92  69  81   4   0  16 0.00  0.0    0  2.3  9 340   M    M   2 1      11 340
================================================================================
SM 2722 2101         0 599  1.24     0.0 215.0          M       72
================================================================================
AV 97.2 75.0                               7.7 FASTST   M    M   3    MAX(MPH)
                                 MISC ---->  # 29 150               # 42  150
================================================================================
NOTES:
# LAST OF SEVERAL OCCURRENCES

COLUMN 17 PEAK WIND IN M.P.H.

PRELIMINARY LOCAL CLIMATOLOGICAL DATA (WS FORM: F-6) , PAGE 2

                                          STATION:  COTULLA
                                          MONTH:    SEPTEMBER
                                          YEAR:     2016
                                          LATITUDE:   28 27 N
                                          LONGITUDE:  99 13 W

[TEMPERATURE DATA]      [PRECIPITATION DATA]       SYMBOLS USED IN COLUMN 16

AVERAGE MONTHLY: 86.1   TOTAL FOR MONTH:   1.24    1 = FOG OR MIST
DPTR FM NORMAL:   5.2   DPTR FM NORMAL:   -2.03    2 = FOG REDUCING VISIBILITY
HIGHEST:   103 ON 19,18 GRTST 24HR  1.09 ON 25-26      TO 1/4 MILE OR LESS
LOWEST:     69 ON 28,27                            3 = THUNDER
                        SNOW, ICE PELLETS, HAIL    4 = ICE PELLETS
                        TOTAL MONTH:   0.0 INCH    5 = HAIL
                        GRTST 24HR     0.0         6 = FREEZING RAIN OR DRIZZLE
                        GRTST DEPTH:   0           7 = DUSTSTORM OR SANDSTORM:
                                                       VSBY 1/2 MILE OR LESS
                                                   8 = SMOKE OR HAZE
[NO. OF DAYS WITH]      [WEATHER - DAYS WITH]      9 = BLOWING SNOW
                                                   X = TORNADO
MAX 32 OR BELOW:   0    0.01 INCH OR MORE:   4
MAX 90 OR ABOVE:  26    0.10 INCH OR MORE:   2
MIN 32 OR BELOW:   0    0.50 INCH OR MORE:   1
MIN  0 OR BELOW:   0    1.00 INCH OR MORE:   1

[HDD (BASE 65) ]
TOTAL THIS MO.     0    CLEAR  (SCALE 0-3)  23
DPTR FM NORMAL     0    PTCLDY (SCALE 4-7)   3
TOTAL FM JUL 1     0    CLOUDY (SCALE 8-10)  2
DPTR FM NORMAL     0

[CDD (BASE 65) ]
TOTAL THIS MO.   599
DPTR FM NORMAL   153    [PRESSURE DATA]
TOTAL FM JAN 1  3800    HIGHEST SLP M ON M
DPTR FM NORMAL   518    LOWEST  SLP 29.77 ON 24

[REMARKS]
