000
CXUS54 KCRP 261300
CF6COT
PRELIMINARY LOCAL CLIMATOLOGICAL DATA (WS FORM: F-6)

                                          STATION:   COTULLA
                                          MONTH:     JULY
                                          YEAR:      2016
                                          LATITUDE:   28 27 N
                                          LONGITUDE:  99 13 W

  TEMPERATURE IN F:       :PCPN:    SNOW:  WIND      :SUNSHINE: SKY     :PK WND
================================================================================
1   2   3   4   5  6A  6B    7    8   9   10  11  12  13   14  15   16   17  18
                                     12Z  AVG MX 2MIN
DY MAX MIN AVG DEP HDD CDD  WTR  SNW DPTH SPD SPD DIR MIN PSBL S-S WX    SPD DR
================================================================================

 1 103  76  90   4   0  25 0.00  0.0    0  9.3 25 130   M    M   1        32 130
 2 103  77  90   4   0  25 0.00  0.0    0 13.1 24 140   M    M   1        29 130
 3 106  79  93   7   0  28 0.00  0.0    0 12.1 24 140   M    M   2        30 130
 4 109  80  95   9   0  30 0.00  0.0    0 11.8 21 130   M    M   0        30 150
 5 106  79  93   7   0  28 0.00  0.0    0 12.8 23 130   M    M   0        29 140
 6 105  79  92   6   0  27 0.00  0.0    0 13.8 23 150   M    M   0        30 140
 7 106  78  92   6   0  27 0.00  0.0    0 14.6 26 130   M    M   0        34 130
 8 105  79  92   6   0  27    T  0.0    0 15.0 29 130   M    M   1        34 150
 9 106  79  93   7   0  28 0.00  0.0    0 12.9 28 140   M    M   2        34 130
10 103  81  92   6   0  27 0.00  0.0    0 12.6 23 150   M    M   1        29 150
11 106  81  94   8   0  29 0.00  0.0    0 14.3 24 140   M    M   0        30 140
12 105  78  92   6   0  27 0.00  0.0    0 14.6 29 140   M    M   2        36 140
13 105  79  92   6   0  27 0.00  0.0    0 12.7 25 150   M    M   1        35 130
14 107  78  93   7   0  28 0.00  0.0    0 12.7 25 130   M    M   0        33 150
15 107  79  93   7   0  28 0.00  0.0    0 12.6 28 140   M    M   0        35 140
16 104  75  90   4   0  25 0.00  0.0    0 13.0 26 130   M    M   1        33 130
17 103  76  90   4   0  25 0.00  0.0    0 11.5 24 140   M    M   1        30 140
18 103  78  91   5   0  26 0.00  0.0    0 11.4 25 130   M    M   1        32 140
19 102  77  90   4   0  25 0.00  0.0    0 11.7 25 110   M    M   2        35 110
20 103  78  91   5   0  26 0.00  0.0    0  9.7 25 150   M    M   2        31 150
21 103  75  89   3   0  24 0.00  0.0    0  9.2 22 150   M    M   1        27 140
22 103  77  90   4   0  25 0.00  0.0    0  9.3 22 150   M    M   1        28 140
23 105  77  91   5   0  26 0.00  0.0    0  9.8 24 150   M    M   1        31 140
24 105  78  92   6   0  27 0.00  0.0    0 11.7 25 130   M    M   1        31 130
25 104  74  89   3   0  24 0.58  0.0    0 11.1 33  70   M    M   2 13     42  60
================================================================================
SM 2617 1947         0 664  0.58     0.0 303.3          M       24
================================================================================
AV104.7 77.9                              12.1 FASTST   M    M   1    MAX(MPH)
                                 MISC ---->  # 33  70               # 42   60
================================================================================
NOTES:
# LAST OF SEVERAL OCCURRENCES

COLUMN 17 PEAK WIND IN M.P.H.

PRELIMINARY LOCAL CLIMATOLOGICAL DATA (WS FORM: F-6) , PAGE 2

                                          STATION:  COTULLA
                                          MONTH:    JULY
                                          YEAR:     2016
                                          LATITUDE:   28 27 N
                                          LONGITUDE:  99 13 W

[TEMPERATURE DATA]      [PRECIPITATION DATA]       SYMBOLS USED IN COLUMN 16

AVERAGE MONTHLY: 91.3   TOTAL FOR MONTH:   0.58    1 = FOG OR MIST
DPTR FM NORMAL:   5.3   DPTR FM NORMAL:   -2.02    2 = FOG REDUCING VISIBILITY
HIGHEST:   109 ON  4    GRTST 24HR  0.58 ON 25-25      TO 1/4 MILE OR LESS
LOWEST:     74 ON 25                               3 = THUNDER
                        SNOW, ICE PELLETS, HAIL    4 = ICE PELLETS
                        TOTAL MONTH:   0.0 INCH    5 = HAIL
                        GRTST 24HR     0.0         6 = FREEZING RAIN OR DRIZZLE
                        GRTST DEPTH:   0           7 = DUSTSTORM OR SANDSTORM:
                                                       VSBY 1/2 MILE OR LESS
                                                   8 = SMOKE OR HAZE
[NO. OF DAYS WITH]      [WEATHER - DAYS WITH]      9 = BLOWING SNOW
                                                   X = TORNADO
MAX 32 OR BELOW:   0    0.01 INCH OR MORE:   1
MAX 90 OR ABOVE:  25    0.10 INCH OR MORE:   1
MIN 32 OR BELOW:   0    0.50 INCH OR MORE:   1
MIN  0 OR BELOW:   0    1.00 INCH OR MORE:   0

[HDD (BASE 65) ]
TOTAL THIS MO.     0    CLEAR  (SCALE 0-3)  25
DPTR FM NORMAL     0    PTCLDY (SCALE 4-7)   0
TOTAL FM JUL 1     0    CLOUDY (SCALE 8-10)  0
DPTR FM NORMAL     0

[CDD (BASE 65) ]
TOTAL THIS MO.   664
DPTR FM NORMAL   138    [PRESSURE DATA]
TOTAL FM JAN 1  2382    HIGHEST SLP M ON M
DPTR FM NORMAL   356    LOWEST  SLP 29.74 ON 11

[REMARKS]
