000
CXUS54 KCRP 251300
CF6COT
PRELIMINARY LOCAL CLIMATOLOGICAL DATA (WS FORM: F-6)

                                          STATION:   COTULLA
                                          MONTH:     SEPTEMBER
                                          YEAR:      2017
                                          LATITUDE:   28 27 N
                                          LONGITUDE:  99 13 W

  TEMPERATURE IN F:       :PCPN:    SNOW:  WIND      :SUNSHINE: SKY     :PK WND
================================================================================
1   2   3   4   5  6A  6B    7    8   9   10  11  12  13   14  15   16   17  18
                                     12Z  AVG MX 2MIN
DY MAX MIN AVG DEP HDD CDD  WTR  SNW DPTH SPD SPD DIR MIN PSBL S-S WX    SPD DR
================================================================================

 1 101  74  88   3   0  23 0.00  0.0    0  8.6 18 130   M    M   1 1      22  80
 2  97  73  85   1   0  20 0.00  0.0    0  7.2 13 110   M    M   1        16 110
 3  97  74  86   2   0  21 0.00  0.0    0  6.8 16 140   M    M   1        22 150
 4  98  72  85   1   0  20 0.00  0.0    0  7.3 20 130   M    M   3 1      24 110
 5  96  75  86   2   0  21 0.00  0.0    M  3.5 16 150   M    M   1        21 150
 6  93  72  83   0   0  18 0.00  0.0    0  8.3 17  60   M    M   2        25  40
 7  92  63  78  -5   0  13 0.00  0.0    0  7.4 15  70   M    M   0        21  60
 8  92  63  78  -5   0  13 0.00  0.0    0  7.6 16 120   M    M   0        20 120
 9  93  67  80  -2   0  15 0.00  0.0    0  8.1 15  50   M    M   1        19  80
10  93  63  78  -4   0  13 0.00  0.0    0  6.9 15  80   M    M   0        21  80
11  92  64  78  -4   0  13 0.00  0.0    0  6.9 18  20   M    M   0        25  20
12  98  62  80  -2   0  15 0.00  0.0    0  4.0 14 330   M    M   0        21  60
13 102  65  84   3   0  19 0.00  0.0    0  6.9 17 140   M    M   0 8      22 140
14 103  72  88   7   0  23 0.00  0.0    0 12.3 20 130   M    M   0        28 130
15 101  73  87   6   0  22 0.00  0.0    0 11.3 24 130   M    M   1 8      30 120
16  98  74  86   6   0  21 0.00  0.0    0  8.4 18 130   M    M   2        23 130
17  99  72  86   6   0  21 0.00  0.0    0  8.4 21 130   M    M   2 1      27 140
18 101  77  89   9   0  24 0.00  0.0    0  9.7 22 130   M    M   3        27 130
19 101  77  89   9   0  24 0.06  0.0    0  9.3 33 140   M    M   1 138    38 140
20 103  77  90  11   0  25 0.00  0.0    0 10.9 24 140   M    M   1        31 140
21  99  79  89  10   0  24 0.00  0.0    0 11.5 28 130   M    M   3        35 140
22  97  78  88   9   0  23 0.00  0.0    0 10.5 14 140   M    M   3        31 150
23  98  75  87   9   0  22 0.00  0.0    M 12.0 25 130   M    M   5        32 130
24  98  75  87   9   0  22 0.20  0.0    0 11.2 23 120   M    M   5 1      28 120
================================================================================
SM 2342 1716         0 475  0.26     0.0 205.0          M       36
================================================================================
AV 97.6 71.5                               8.5 FASTST   M    M   2    MAX(MPH)
                                 MISC ---->  # 33 140               # 38  140
================================================================================
NOTES:
# LAST OF SEVERAL OCCURRENCES

COLUMN 17 PEAK WIND IN M.P.H.

PRELIMINARY LOCAL CLIMATOLOGICAL DATA (WS FORM: F-6) , PAGE 2

                                          STATION:  COTULLA
                                          MONTH:    SEPTEMBER
                                          YEAR:     2017
                                          LATITUDE:   28 27 N
                                          LONGITUDE:  99 13 W

[TEMPERATURE DATA]      [PRECIPITATION DATA]       SYMBOLS USED IN COLUMN 16

AVERAGE MONTHLY: 84.5   TOTAL FOR MONTH:   0.26    1 = FOG OR MIST
DPTR FM NORMAL:   3.1   DPTR FM NORMAL:   -2.72    2 = FOG REDUCING VISIBILITY
HIGHEST:   103 ON 20,14 GRTST 24HR  0.20 ON 24-24      TO 1/4 MILE OR LESS
LOWEST:     62 ON 12                               3 = THUNDER
                        SNOW, ICE PELLETS, HAIL    4 = ICE PELLETS
                        TOTAL MONTH:   0.0 INCH    5 = HAIL
                        GRTST 24HR     0.0         6 = FREEZING RAIN OR DRIZZLE
                        GRTST DEPTH:   0           7 = DUSTSTORM OR SANDSTORM:
                                                       VSBY 1/2 MILE OR LESS
                                                   8 = SMOKE OR HAZE
[NO. OF DAYS WITH]      [WEATHER - DAYS WITH]      9 = BLOWING SNOW
                                                   X = TORNADO
MAX 32 OR BELOW:   0    0.01 INCH OR MORE:   2
MAX 90 OR ABOVE:  24    0.10 INCH OR MORE:   1
MIN 32 OR BELOW:   0    0.50 INCH OR MORE:   0
MIN  0 OR BELOW:   0    1.00 INCH OR MORE:   0

[HDD (BASE 65) ]
TOTAL THIS MO.     0    CLEAR  (SCALE 0-3)  21
DPTR FM NORMAL     0    PTCLDY (SCALE 4-7)   3
TOTAL FM JUL 1     0    CLOUDY (SCALE 8-10)  0
DPTR FM NORMAL     0

[CDD (BASE 65) ]
TOTAL THIS MO.   475
DPTR FM NORMAL    80    [PRESSURE DATA]
TOTAL FM JAN 1  3820    HIGHEST SLP M ON M
DPTR FM NORMAL   589    LOWEST  SLP 29.74 ON 13

[REMARKS]
