000
CXUS53 KLSX 291600
CF6COU
PRELIMINARY LOCAL CLIMATOLOGICAL DATA (WS FORM: F-6)

                                          STATION:   COLUMBIA ASOS
                                          MONTH:     JULY
                                          YEAR:      2014
                                          LATITUDE:   38 49 N
                                          LONGITUDE:  92 13 W

  TEMPERATURE IN F:       :PCPN:    SNOW:  WIND      :SUNSHINE: SKY     :PK WND
================================================================================
1   2   3   4   5  6A  6B    7    8   9   10  11  12  13   14  15   16   17  18
                                     12Z  AVG MX 2MIN
DY MAX MIN AVG DEP HDD CDD  WTR  SNW DPTH SPD SPD DIR MIN PSBL S-S WX    SPD DR
================================================================================

 1  83  69  76  -1   0  11 0.07  0.0    0  8.7 18 270   M    M   3 13     23 270
 2  75  58  67 -10   0   2 0.00  0.0    0 12.1 22 300   M    M   4 8      28 310
 3  80  54  67 -10   0   2 0.00  0.0    0  6.8 15 350   M    M   0        25 340
 4  81  56  69  -8   0   4 0.00  0.0    0  4.6 10 140   M    M   2        13 130
 5  79  61  70  -7   0   5    T  0.0    0  9.8 22 180   M    M   3 3      27 190
 6  87  69  78   1   0  13 0.00  0.0    0 11.2 21 220   M    M   2        26 210
 7  93  67  80   3   0  15 0.59  0.0    0 10.1 46 310   M    M   2 13     58 320
 8  83  66  75  -2   0  10 0.49  0.0    0  9.9 21 160   M    M   3 13     27 180
 9  84  61  73  -4   0   8 0.00  0.0    0  6.9 15 340   M    M   1        18 330
10  82  61  72  -5   0   7 0.00  0.0    0  6.1 12 100   M    M   1 8      16 110
11  89  64  77   0   0  12 0.00  0.0    0  8.3 17 190   M    M   1        21 190
12  91  76  84   7   0  19    T  0.0    0 10.0 17 200   M    M   2 8      22 210
13  87  70  79   1   0  14 0.30  0.0    0  6.1 17 320   M    M   3 1238   22 320
14  85  60  73  -5   0   8 0.01  0.0    0  8.6 28 330   M    M   5 123    35 330
15  74  55  65 -13   0   0 0.00  0.0    0  8.1 17 320   M    M   3        21 320
16  76  56  66 -12   0   1 0.00  0.0    0  4.0 10 340   M    M   3        14 340
17  79  54  67 -11   0   2 0.00  0.0    0  3.9  9 150   M    M   1        12 130
18  80  59  70  -8   0   5 0.00  0.0    0  6.2 14 110   M    M   2        20 140
19  81  58  70  -8   0   5 0.00  0.0    0  3.8  8 180   M    M   1        11  70
20  83  62  73  -5   0   8 0.00  0.0    0  6.3 12 170   M    M   3        15 230
21  89  64  77  -1   0  12 0.00  0.0    0  8.1 14 170   M    M   0        18 190
22  94  68  81   3   0  16 0.00  0.0    0  7.4 17 210   M    M   0 18     20 220
23  88  64  76  -2   0  11 0.00  0.0    0 10.3 20  20   M    M   2 1      24  20
24  82  59  71  -7   0   6 0.00  0.0    0  7.0 13  70   M    M   0        16  70
25  89  62  76  -1   0  11 0.00  0.0    0 11.9 23 170   M    M   0        29 170
26  95  72  84   7   0  19    T  0.0    0  8.4 23 280   M    M   3        32 280
27  91  67  79   2   0  14 0.00  0.0    0 12.7 24 310   M    M   2        32 300
28  81  60  71  -6   0   6 0.00  0.0    0  9.7 20  20   M    M   2        23  10
================================================================================
SM 2361 1752         0 246  1.46     0.0 227.0          M       54
================================================================================
AV 84.3 62.6                               8.1 FASTST   M    M   2    MAX(MPH)
                                 MISC ---->  # 46 310               # 58  320
================================================================================
NOTES:
# LAST OF SEVERAL OCCURRENCES

COLUMN 17 PEAK WIND IN M.P.H.

PRELIMINARY LOCAL CLIMATOLOGICAL DATA (WS FORM: F-6) , PAGE 2

                                          STATION:  COLUMBIA ASOS
                                          MONTH:    JULY
                                          YEAR:     2014
                                          LATITUDE:   38 49 N
                                          LONGITUDE:  92 13 W

[TEMPERATURE DATA]      [PRECIPITATION DATA]       SYMBOLS USED IN COLUMN 16

AVERAGE MONTHLY: 73.4   TOTAL FOR MONTH:   1.46    1 = FOG OR MIST
DPTR FM NORMAL:  -4.0   DPTR FM NORMAL:   -2.53    2 = FOG REDUCING VISIBILITY
HIGHEST:    95 ON 26    GRTST 24HR  1.08 ON  7- 8      TO 1/4 MILE OR LESS
LOWEST:     54 ON 17, 3                            3 = THUNDER
                        SNOW, ICE PELLETS, HAIL    4 = ICE PELLETS
                        TOTAL MONTH:   0.0 INCH    5 = HAIL
                        GRTST 24HR     0.0         6 = FREEZING RAIN OR DRIZZLE
                        GRTST DEPTH:   0           7 = DUSTSTORM OR SANDSTORM:
                                                       VSBY 1/2 MILE OR LESS
                                                   8 = SMOKE OR HAZE
[NO. OF DAYS WITH]      [WEATHER - DAYS WITH]      9 = BLOWING SNOW
                                                   X = TORNADO
MAX 32 OR BELOW:   0    0.01 INCH OR MORE:   5
MAX 90 OR ABOVE:   5    0.10 INCH OR MORE:   3
MIN 32 OR BELOW:   0    0.50 INCH OR MORE:   1
MIN  0 OR BELOW:   0    1.00 INCH OR MORE:   0

[HDD (BASE 65) ]
TOTAL THIS MO.     0    CLEAR  (SCALE 0-3)  24
DPTR FM NORMAL     0    PTCLDY (SCALE 4-7)   4
TOTAL FM JUL 1     0    CLOUDY (SCALE 8-10)  0
DPTR FM NORMAL     0

[CDD (BASE 65) ]
TOTAL THIS MO.   246
DPTR FM NORMAL   -96    [PRESSURE DATA]
TOTAL FM JAN 1   693    HIGHEST SLP M ON M
DPTR FM NORMAL     0    LOWEST  SLP 29.67 ON  7

[REMARKS]
